{"id":688,"date":"2017-09-20T12:26:18","date_gmt":"2017-09-20T12:26:18","guid":{"rendered":"https:\/\/demo.mekshq.com\/pinhole\/dc\/?page_id=688"},"modified":"2017-09-20T12:26:18","modified_gmt":"2017-09-20T12:26:18","slug":"two-galleries-on-the-same-page","status":"publish","type":"page","link":"https:\/\/foto.praha-19.ys-beta.cz\/index.php\/two-galleries-on-the-same-page\/","title":{"rendered":"Two galleries on the same page"},"content":{"rendered":"\n\t\t\t\t\n<p>This is an example to see how you can combine any number of galleries with text or any custom content you may want. There is a gallery embedded&nbsp;below, then another paragraph of text, then another gallery, etc&#8230;<\/p>\n\n\n<p class=\"text-center\">Due to licencing rules and technical limitations, demo images are not included in galleries. You just need to <a href=\"\">edit this page<\/a> and add some of your own images to the existing gallery. While on the page edit screen, make sure the content editor is set to visual mode and just click the gallery icon\/button.<\/p>\n\n\n<p>Collaboratively enable market positioning e-commerce for resource-leveling channels. Synergistically grow one-to-one niches after state of the art growth strategies. Conveniently conceptualize customer directed opportunities whereas resource-leveling partnerships. Energistically productivate collaborative systems rather than standardized outsourcing. Continually supply functional best practices whereas cost effective growth strategies.<\/p>\n\n\n<p class=\"text-center\">Due to licencing rules and technical limitations, demo images are not included in galleries. You just need to <a href=\"\">edit this page<\/a> and add some of your own images to the existing gallery. While on the page edit screen, make sure the content editor is set to visual mode and just click the gallery icon\/button.<\/p>\t\t","protected":false},"excerpt":{"rendered":"<p>This is an example to see how you can combine any number of galleries with text or any custom content you may want. There is a gallery embedded&nbsp;below, then another paragraph of text, then another gallery, etc&#8230; Collaboratively enable market positioning e-commerce for resource-leveling channels. Synergistically grow one-to-one niches after state of the art growth [&hellip;]<\/p>\n","protected":false},"author":2,"featured_media":0,"parent":0,"menu_order":0,"comment_status":"closed","ping_status":"closed","template":"","meta":{"footnotes":""},"class_list":["post-688","page","type-page","status-publish","hentry"],"yoast_head":"<!-- This site is optimized with the Yoast SEO plugin v27.2 - https:\/\/yoast.com\/product\/yoast-seo-wordpress\/ -->\n<title>Two galleries on the same page - Fotogalerie - Praha 19<\/title>\n<meta name=\"robots\" content=\"noindex, follow, max-snippet:-1, max-image-preview:large, max-video-preview:-1\" \/>\n<meta property=\"og:locale\" content=\"cs_CZ\" \/>\n<meta property=\"og:type\" content=\"article\" \/>\n<meta property=\"og:title\" content=\"Two galleries on the same page - Fotogalerie - Praha 19\" \/>\n<meta property=\"og:description\" content=\"This is an example to see how you can combine any number of galleries with text or any custom content you may want. There is a gallery embedded&nbsp;below, then another paragraph of text, then another gallery, etc&#8230; Collaboratively enable market positioning e-commerce for resource-leveling channels. Synergistically grow one-to-one niches after state of the art growth [&hellip;]\" \/>\n<meta property=\"og:url\" content=\"https:\/\/foto.praha-19.ys-beta.cz\/index.php\/two-galleries-on-the-same-page\/\" \/>\n<meta property=\"og:site_name\" content=\"Fotogalerie - Praha 19\" \/>\n<meta property=\"og:image\" content=\"https:\/\/demo.mekshq.com\/pinhole\/dc\/wp-content\/uploads\/2017\/08\/pinhole_adventure_22.jpg\" \/>\n<meta name=\"twitter:card\" content=\"summary_large_image\" \/>\n<script type=\"application\/ld+json\" class=\"yoast-schema-graph\">{\"@context\":\"https:\/\/schema.org\",\"@graph\":[{\"@type\":\"WebPage\",\"@id\":\"https:\/\/foto.praha-19.ys-beta.cz\/index.php\/two-galleries-on-the-same-page\/\",\"url\":\"https:\/\/foto.praha-19.ys-beta.cz\/index.php\/two-galleries-on-the-same-page\/\",\"name\":\"Two galleries on the same page - Fotogalerie - Praha 19\",\"isPartOf\":{\"@id\":\"https:\/\/foto.praha-19.ys-beta.cz\/#website\"},\"primaryImageOfPage\":{\"@id\":\"https:\/\/foto.praha-19.ys-beta.cz\/index.php\/two-galleries-on-the-same-page\/#primaryimage\"},\"image\":{\"@id\":\"https:\/\/foto.praha-19.ys-beta.cz\/index.php\/two-galleries-on-the-same-page\/#primaryimage\"},\"thumbnailUrl\":\"https:\/\/demo.mekshq.com\/pinhole\/dc\/wp-content\/uploads\/2017\/08\/pinhole_adventure_22.jpg\",\"datePublished\":\"2017-09-20T12:26:18+00:00\",\"breadcrumb\":{\"@id\":\"https:\/\/foto.praha-19.ys-beta.cz\/index.php\/two-galleries-on-the-same-page\/#breadcrumb\"},\"inLanguage\":\"cs\",\"potentialAction\":[{\"@type\":\"ReadAction\",\"target\":[\"https:\/\/foto.praha-19.ys-beta.cz\/index.php\/two-galleries-on-the-same-page\/\"]}]},{\"@type\":\"ImageObject\",\"inLanguage\":\"cs\",\"@id\":\"https:\/\/foto.praha-19.ys-beta.cz\/index.php\/two-galleries-on-the-same-page\/#primaryimage\",\"url\":\"https:\/\/demo.mekshq.com\/pinhole\/dc\/wp-content\/uploads\/2017\/08\/pinhole_adventure_22.jpg\",\"contentUrl\":\"https:\/\/demo.mekshq.com\/pinhole\/dc\/wp-content\/uploads\/2017\/08\/pinhole_adventure_22.jpg\"},{\"@type\":\"BreadcrumbList\",\"@id\":\"https:\/\/foto.praha-19.ys-beta.cz\/index.php\/two-galleries-on-the-same-page\/#breadcrumb\",\"itemListElement\":[{\"@type\":\"ListItem\",\"position\":1,\"name\":\"Home\",\"item\":\"https:\/\/foto.praha-19.ys-beta.cz\/\"},{\"@type\":\"ListItem\",\"position\":2,\"name\":\"Two galleries on the same page\"}]},{\"@type\":\"WebSite\",\"@id\":\"https:\/\/foto.praha-19.ys-beta.cz\/#website\",\"url\":\"https:\/\/foto.praha-19.ys-beta.cz\/\",\"name\":\"Fotogalerie - Praha 19\",\"description\":\"Fotogalerie m\u011bstsk\u00e9 \u010d\u00e1sti Praha 19\",\"potentialAction\":[{\"@type\":\"SearchAction\",\"target\":{\"@type\":\"EntryPoint\",\"urlTemplate\":\"https:\/\/foto.praha-19.ys-beta.cz\/?s={search_term_string}\"},\"query-input\":{\"@type\":\"PropertyValueSpecification\",\"valueRequired\":true,\"valueName\":\"search_term_string\"}}],\"inLanguage\":\"cs\"}]}<\/script>\n<!-- \/ Yoast SEO plugin. -->","yoast_head_json":{"title":"Two galleries on the same page - Fotogalerie - Praha 19","robots":{"index":"noindex","follow":"follow","max-snippet":"max-snippet:-1","max-image-preview":"max-image-preview:large","max-video-preview":"max-video-preview:-1"},"og_locale":"cs_CZ","og_type":"article","og_title":"Two galleries on the same page - Fotogalerie - Praha 19","og_description":"This is an example to see how you can combine any number of galleries with text or any custom content you may want. There is a gallery embedded&nbsp;below, then another paragraph of text, then another gallery, etc&#8230; Collaboratively enable market positioning e-commerce for resource-leveling channels. Synergistically grow one-to-one niches after state of the art growth [&hellip;]","og_url":"https:\/\/foto.praha-19.ys-beta.cz\/index.php\/two-galleries-on-the-same-page\/","og_site_name":"Fotogalerie - Praha 19","og_image":[{"url":"https:\/\/demo.mekshq.com\/pinhole\/dc\/wp-content\/uploads\/2017\/08\/pinhole_adventure_22.jpg","type":"","width":"","height":""}],"twitter_card":"summary_large_image","schema":{"@context":"https:\/\/schema.org","@graph":[{"@type":"WebPage","@id":"https:\/\/foto.praha-19.ys-beta.cz\/index.php\/two-galleries-on-the-same-page\/","url":"https:\/\/foto.praha-19.ys-beta.cz\/index.php\/two-galleries-on-the-same-page\/","name":"Two galleries on the same page - Fotogalerie - Praha 19","isPartOf":{"@id":"https:\/\/foto.praha-19.ys-beta.cz\/#website"},"primaryImageOfPage":{"@id":"https:\/\/foto.praha-19.ys-beta.cz\/index.php\/two-galleries-on-the-same-page\/#primaryimage"},"image":{"@id":"https:\/\/foto.praha-19.ys-beta.cz\/index.php\/two-galleries-on-the-same-page\/#primaryimage"},"thumbnailUrl":"https:\/\/demo.mekshq.com\/pinhole\/dc\/wp-content\/uploads\/2017\/08\/pinhole_adventure_22.jpg","datePublished":"2017-09-20T12:26:18+00:00","breadcrumb":{"@id":"https:\/\/foto.praha-19.ys-beta.cz\/index.php\/two-galleries-on-the-same-page\/#breadcrumb"},"inLanguage":"cs","potentialAction":[{"@type":"ReadAction","target":["https:\/\/foto.praha-19.ys-beta.cz\/index.php\/two-galleries-on-the-same-page\/"]}]},{"@type":"ImageObject","inLanguage":"cs","@id":"https:\/\/foto.praha-19.ys-beta.cz\/index.php\/two-galleries-on-the-same-page\/#primaryimage","url":"https:\/\/demo.mekshq.com\/pinhole\/dc\/wp-content\/uploads\/2017\/08\/pinhole_adventure_22.jpg","contentUrl":"https:\/\/demo.mekshq.com\/pinhole\/dc\/wp-content\/uploads\/2017\/08\/pinhole_adventure_22.jpg"},{"@type":"BreadcrumbList","@id":"https:\/\/foto.praha-19.ys-beta.cz\/index.php\/two-galleries-on-the-same-page\/#breadcrumb","itemListElement":[{"@type":"ListItem","position":1,"name":"Home","item":"https:\/\/foto.praha-19.ys-beta.cz\/"},{"@type":"ListItem","position":2,"name":"Two galleries on the same page"}]},{"@type":"WebSite","@id":"https:\/\/foto.praha-19.ys-beta.cz\/#website","url":"https:\/\/foto.praha-19.ys-beta.cz\/","name":"Fotogalerie - Praha 19","description":"Fotogalerie m\u011bstsk\u00e9 \u010d\u00e1sti Praha 19","potentialAction":[{"@type":"SearchAction","target":{"@type":"EntryPoint","urlTemplate":"https:\/\/foto.praha-19.ys-beta.cz\/?s={search_term_string}"},"query-input":{"@type":"PropertyValueSpecification","valueRequired":true,"valueName":"search_term_string"}}],"inLanguage":"cs"}]}},"_links":{"self":[{"href":"https:\/\/foto.praha-19.ys-beta.cz\/index.php\/wp-json\/wp\/v2\/pages\/688","targetHints":{"allow":["GET"]}}],"collection":[{"href":"https:\/\/foto.praha-19.ys-beta.cz\/index.php\/wp-json\/wp\/v2\/pages"}],"about":[{"href":"https:\/\/foto.praha-19.ys-beta.cz\/index.php\/wp-json\/wp\/v2\/types\/page"}],"author":[{"embeddable":true,"href":"https:\/\/foto.praha-19.ys-beta.cz\/index.php\/wp-json\/wp\/v2\/users\/2"}],"replies":[{"embeddable":true,"href":"https:\/\/foto.praha-19.ys-beta.cz\/index.php\/wp-json\/wp\/v2\/comments?post=688"}],"version-history":[{"count":0,"href":"https:\/\/foto.praha-19.ys-beta.cz\/index.php\/wp-json\/wp\/v2\/pages\/688\/revisions"}],"wp:attachment":[{"href":"https:\/\/foto.praha-19.ys-beta.cz\/index.php\/wp-json\/wp\/v2\/media?parent=688"}],"curies":[{"name":"wp","href":"https:\/\/api.w.org\/{rel}","templated":true}]}}