{"id":456,"date":"2017-09-05T12:31:08","date_gmt":"2017-09-05T12:31:08","guid":{"rendered":"https:\/\/demo.mekshq.com\/pinhole\/dc\/?page_id=456"},"modified":"2024-03-04T18:01:14","modified_gmt":"2024-03-04T16:01:14","slug":"home-1","status":"publish","type":"page","link":"https:\/\/foto.praha-19.ys-beta.cz\/index.php\/home-1\/","title":{"rendered":"Fotogalerie \u00daM\u010c PRAHA 19"},"content":{"rendered":"\n<p class=\"has-large-font-size\">V\u00e1\u017een\u00ed kbel\u00e1ci, v\u00e1\u017een\u00e9 kbela\u010dky , v\u00e1\u017een\u00e1 kbel\u00e1\u010data i v\u00e1\u017een\u00ed mimokbel\u0161t\u00ed,<\/p>\n\n\n\n<p class=\"has-large-font-size\">v pr\u016fb\u011bhu \u010dasu se lid\u00e9 sna\u017eili zaznamenat ud\u00e1losti v grafick\u00e9 podob\u011b u\u017e od prav\u011bku. Z prav\u011bk\u00fdch maleb pot\u00e9 postupn\u011b p\u0159ech\u00e1zeli k dokonalej\u0161\u00edm technik\u00e1m, a\u017e se lidstvo postupn\u011b dostalo k tvorb\u011b fotorealistick\u00fdch obraz\u016f. V sou\u010dasn\u00e9 dob\u011b ale vyu\u017e\u00edv\u00e1me k z\u00e1znamu ud\u00e1lost\u00ed a zachycen\u00ed okam\u017eik\u016f fotografii, nebo\u0165 jej\u00ed po\u0159\u00edzen\u00ed, oproti t\u0159eba kresb\u011b nebo malb\u011b, netrv\u00e1 dlouho, a p\u0159itom dosahuje vysok\u00e9 kvality, nevynech\u00e1v\u00e1 jedin\u00fd detail, a proto lze \u0159\u00edci, \u017ee jedna fotografie b\u00fdv\u00e1 vhodn\u011bj\u0161\u00ed v\u00edce ne\u017e tis\u00edce slov.<\/p>\n\n\n\n<p class=\"has-large-font-size\">Vytvo\u0159en\u00edm t\u00e9to fotogalerie jsme se sna\u017eili o zachycen\u00ed \u010dasu ve Kbel\u00edch pomoc\u00ed fotografi\u00ed Michala Marela. Fotografie jsou rozt\u0159\u00edd\u011bny do alb dle roku focen\u00ed a tak m\u016f\u017eete sami pozorovat zm\u011bny v \u010dase, kter\u00e9 se ve Kbel\u00edch ud\u00e1ly, a\u0165 u\u017e jde o nov\u00e9 stavby, \u010di st\u00e1rnouc\u00ed a rostouc\u00ed kbel\u00e1\u010data.<\/p>\n\n\n\n<pre class=\"wp-block-verse has-text-align-center has-large-font-size\">\"Nech\u0165 se v\u00e1m na\u0161e nov\u00e1 kbelsk\u00e1 fotogalerie l\u00edb\u00ed\"<\/pre>\n\n\n\n<figure class=\"wp-block-table is-style-stripes has-large-font-size\"><table><tbody><tr><td><a href=\"https:\/\/nekazanka.hyperlink.cz\/\"><\/a><\/td><td>Odkazy na dal\u0161\u00ed kbelsk\u00e9 fotografy<\/td><\/tr><tr><td><a href=\"http:\/\/marel.praha19.cz\/2019\/fotogalerie_2022\/fotogalerie_2022.html\"><\/a><\/td><td><a href=\"https:\/\/nekazanka.hyperlink.cz\/\"><strong>1. \u010desk\u00fd klub fotograf\u016f amat\u00e9r\u016f Nek\u00e1zanka<\/strong><\/a><\/td><\/tr><tr><td><a href=\"http:\/\/petrvana.cz\/index.php?album=kbely\"><\/a><\/td><td><strong><a href=\"http:\/\/petrvana.cz\/index.php?album=kbely\">Fotogalerie Petra V\u00e1\u0148i<\/a><\/strong><\/td><\/tr><tr><td><a href=\"https:\/\/ibraun.rajce.idnes.cz\/\"><\/a><\/td><td><a href=\"https:\/\/ibraun.rajce.idnes.cz\/\"><strong>Fotogalerie Ivy Braunspergerov\u00e9<\/strong><\/a><\/td><\/tr><tr><td><a href=\"https:\/\/jbraun.rajce.idnes.cz\/\"><\/a><\/td><td><strong><a href=\"https:\/\/jbraun.rajce.idnes.cz\/\">Fotogalerie Jany Braunspergerov\u00e9<\/a><\/strong><\/td><\/tr><\/tbody><\/table><\/figure>\n","protected":false},"excerpt":{"rendered":"<p>V\u00e1\u017een\u00ed kbel\u00e1ci, v\u00e1\u017een\u00e9 kbela\u010dky , v\u00e1\u017een\u00e1 kbel\u00e1\u010data i v\u00e1\u017een\u00ed mimokbel\u0161t\u00ed, v pr\u016fb\u011bhu \u010dasu se lid\u00e9 sna\u017eili zaznamenat ud\u00e1losti v grafick\u00e9 podob\u011b u\u017e od prav\u011bku. Z prav\u011bk\u00fdch maleb pot\u00e9 postupn\u011b p\u0159ech\u00e1zeli k dokonalej\u0161\u00edm technik\u00e1m, a\u017e se lidstvo postupn\u011b dostalo k tvorb\u011b fotorealistick\u00fdch obraz\u016f. V sou\u010dasn\u00e9 dob\u011b ale vyu\u017e\u00edv\u00e1me k z\u00e1znamu ud\u00e1lost\u00ed a zachycen\u00ed okam\u017eik\u016f fotografii, nebo\u0165 [&hellip;]<\/p>\n","protected":false},"author":2,"featured_media":0,"parent":0,"menu_order":0,"comment_status":"closed","ping_status":"closed","template":"","meta":{"footnotes":""},"class_list":["post-456","page","type-page","status-publish","hentry"],"yoast_head":"<!-- This site is optimized with the Yoast SEO plugin v27.2 - https:\/\/yoast.com\/product\/yoast-seo-wordpress\/ -->\n<title>Fotogalerie \u00daM\u010c PRAHA 19 - Fotogalerie - Praha 19<\/title>\n<meta name=\"robots\" content=\"noindex, follow, max-snippet:-1, max-image-preview:large, max-video-preview:-1\" \/>\n<meta property=\"og:locale\" content=\"cs_CZ\" \/>\n<meta property=\"og:type\" content=\"article\" \/>\n<meta property=\"og:title\" content=\"Fotogalerie \u00daM\u010c PRAHA 19 - Fotogalerie - Praha 19\" \/>\n<meta property=\"og:description\" content=\"V\u00e1\u017een\u00ed kbel\u00e1ci, v\u00e1\u017een\u00e9 kbela\u010dky , v\u00e1\u017een\u00e1 kbel\u00e1\u010data i v\u00e1\u017een\u00ed mimokbel\u0161t\u00ed, v pr\u016fb\u011bhu \u010dasu se lid\u00e9 sna\u017eili zaznamenat ud\u00e1losti v grafick\u00e9 podob\u011b u\u017e od prav\u011bku. Z prav\u011bk\u00fdch maleb pot\u00e9 postupn\u011b p\u0159ech\u00e1zeli k dokonalej\u0161\u00edm technik\u00e1m, a\u017e se lidstvo postupn\u011b dostalo k tvorb\u011b fotorealistick\u00fdch obraz\u016f. V sou\u010dasn\u00e9 dob\u011b ale vyu\u017e\u00edv\u00e1me k z\u00e1znamu ud\u00e1lost\u00ed a zachycen\u00ed okam\u017eik\u016f fotografii, nebo\u0165 [&hellip;]\" \/>\n<meta property=\"og:url\" content=\"https:\/\/foto.praha-19.ys-beta.cz\/index.php\/home-1\/\" \/>\n<meta property=\"og:site_name\" content=\"Fotogalerie - Praha 19\" \/>\n<meta property=\"article:modified_time\" content=\"2024-03-04T16:01:14+00:00\" \/>\n<meta name=\"twitter:card\" content=\"summary_large_image\" \/>\n<meta name=\"twitter:label1\" content=\"Est. reading time\" \/>\n\t<meta name=\"twitter:data1\" content=\"1 minuta\" \/>\n<script type=\"application\/ld+json\" class=\"yoast-schema-graph\">{\"@context\":\"https:\/\/schema.org\",\"@graph\":[{\"@type\":\"WebPage\",\"@id\":\"https:\/\/foto.praha-19.ys-beta.cz\/index.php\/home-1\/\",\"url\":\"https:\/\/foto.praha-19.ys-beta.cz\/index.php\/home-1\/\",\"name\":\"Fotogalerie \u00daM\u010c PRAHA 19 - Fotogalerie - Praha 19\",\"isPartOf\":{\"@id\":\"https:\/\/foto.praha-19.ys-beta.cz\/#website\"},\"datePublished\":\"2017-09-05T12:31:08+00:00\",\"dateModified\":\"2024-03-04T16:01:14+00:00\",\"breadcrumb\":{\"@id\":\"https:\/\/foto.praha-19.ys-beta.cz\/index.php\/home-1\/#breadcrumb\"},\"inLanguage\":\"cs\",\"potentialAction\":[{\"@type\":\"ReadAction\",\"target\":[\"https:\/\/foto.praha-19.ys-beta.cz\/index.php\/home-1\/\"]}]},{\"@type\":\"BreadcrumbList\",\"@id\":\"https:\/\/foto.praha-19.ys-beta.cz\/index.php\/home-1\/#breadcrumb\",\"itemListElement\":[{\"@type\":\"ListItem\",\"position\":1,\"name\":\"Home\",\"item\":\"https:\/\/foto.praha-19.ys-beta.cz\/\"},{\"@type\":\"ListItem\",\"position\":2,\"name\":\"Fotogalerie \u00daM\u010c PRAHA 19\"}]},{\"@type\":\"WebSite\",\"@id\":\"https:\/\/foto.praha-19.ys-beta.cz\/#website\",\"url\":\"https:\/\/foto.praha-19.ys-beta.cz\/\",\"name\":\"Fotogalerie - Praha 19\",\"description\":\"Fotogalerie m\u011bstsk\u00e9 \u010d\u00e1sti Praha 19\",\"potentialAction\":[{\"@type\":\"SearchAction\",\"target\":{\"@type\":\"EntryPoint\",\"urlTemplate\":\"https:\/\/foto.praha-19.ys-beta.cz\/?s={search_term_string}\"},\"query-input\":{\"@type\":\"PropertyValueSpecification\",\"valueRequired\":true,\"valueName\":\"search_term_string\"}}],\"inLanguage\":\"cs\"}]}<\/script>\n<!-- \/ Yoast SEO plugin. -->","yoast_head_json":{"title":"Fotogalerie \u00daM\u010c PRAHA 19 - Fotogalerie - Praha 19","robots":{"index":"noindex","follow":"follow","max-snippet":"max-snippet:-1","max-image-preview":"max-image-preview:large","max-video-preview":"max-video-preview:-1"},"og_locale":"cs_CZ","og_type":"article","og_title":"Fotogalerie \u00daM\u010c PRAHA 19 - Fotogalerie - Praha 19","og_description":"V\u00e1\u017een\u00ed kbel\u00e1ci, v\u00e1\u017een\u00e9 kbela\u010dky , v\u00e1\u017een\u00e1 kbel\u00e1\u010data i v\u00e1\u017een\u00ed mimokbel\u0161t\u00ed, v pr\u016fb\u011bhu \u010dasu se lid\u00e9 sna\u017eili zaznamenat ud\u00e1losti v grafick\u00e9 podob\u011b u\u017e od prav\u011bku. Z prav\u011bk\u00fdch maleb pot\u00e9 postupn\u011b p\u0159ech\u00e1zeli k dokonalej\u0161\u00edm technik\u00e1m, a\u017e se lidstvo postupn\u011b dostalo k tvorb\u011b fotorealistick\u00fdch obraz\u016f. V sou\u010dasn\u00e9 dob\u011b ale vyu\u017e\u00edv\u00e1me k z\u00e1znamu ud\u00e1lost\u00ed a zachycen\u00ed okam\u017eik\u016f fotografii, nebo\u0165 [&hellip;]","og_url":"https:\/\/foto.praha-19.ys-beta.cz\/index.php\/home-1\/","og_site_name":"Fotogalerie - Praha 19","article_modified_time":"2024-03-04T16:01:14+00:00","twitter_card":"summary_large_image","twitter_misc":{"Est. reading time":"1 minuta"},"schema":{"@context":"https:\/\/schema.org","@graph":[{"@type":"WebPage","@id":"https:\/\/foto.praha-19.ys-beta.cz\/index.php\/home-1\/","url":"https:\/\/foto.praha-19.ys-beta.cz\/index.php\/home-1\/","name":"Fotogalerie \u00daM\u010c PRAHA 19 - Fotogalerie - Praha 19","isPartOf":{"@id":"https:\/\/foto.praha-19.ys-beta.cz\/#website"},"datePublished":"2017-09-05T12:31:08+00:00","dateModified":"2024-03-04T16:01:14+00:00","breadcrumb":{"@id":"https:\/\/foto.praha-19.ys-beta.cz\/index.php\/home-1\/#breadcrumb"},"inLanguage":"cs","potentialAction":[{"@type":"ReadAction","target":["https:\/\/foto.praha-19.ys-beta.cz\/index.php\/home-1\/"]}]},{"@type":"BreadcrumbList","@id":"https:\/\/foto.praha-19.ys-beta.cz\/index.php\/home-1\/#breadcrumb","itemListElement":[{"@type":"ListItem","position":1,"name":"Home","item":"https:\/\/foto.praha-19.ys-beta.cz\/"},{"@type":"ListItem","position":2,"name":"Fotogalerie \u00daM\u010c PRAHA 19"}]},{"@type":"WebSite","@id":"https:\/\/foto.praha-19.ys-beta.cz\/#website","url":"https:\/\/foto.praha-19.ys-beta.cz\/","name":"Fotogalerie - Praha 19","description":"Fotogalerie m\u011bstsk\u00e9 \u010d\u00e1sti Praha 19","potentialAction":[{"@type":"SearchAction","target":{"@type":"EntryPoint","urlTemplate":"https:\/\/foto.praha-19.ys-beta.cz\/?s={search_term_string}"},"query-input":{"@type":"PropertyValueSpecification","valueRequired":true,"valueName":"search_term_string"}}],"inLanguage":"cs"}]}},"_links":{"self":[{"href":"https:\/\/foto.praha-19.ys-beta.cz\/index.php\/wp-json\/wp\/v2\/pages\/456","targetHints":{"allow":["GET"]}}],"collection":[{"href":"https:\/\/foto.praha-19.ys-beta.cz\/index.php\/wp-json\/wp\/v2\/pages"}],"about":[{"href":"https:\/\/foto.praha-19.ys-beta.cz\/index.php\/wp-json\/wp\/v2\/types\/page"}],"author":[{"embeddable":true,"href":"https:\/\/foto.praha-19.ys-beta.cz\/index.php\/wp-json\/wp\/v2\/users\/2"}],"replies":[{"embeddable":true,"href":"https:\/\/foto.praha-19.ys-beta.cz\/index.php\/wp-json\/wp\/v2\/comments?post=456"}],"version-history":[{"count":5,"href":"https:\/\/foto.praha-19.ys-beta.cz\/index.php\/wp-json\/wp\/v2\/pages\/456\/revisions"}],"predecessor-version":[{"id":3347,"href":"https:\/\/foto.praha-19.ys-beta.cz\/index.php\/wp-json\/wp\/v2\/pages\/456\/revisions\/3347"}],"wp:attachment":[{"href":"https:\/\/foto.praha-19.ys-beta.cz\/index.php\/wp-json\/wp\/v2\/media?parent=456"}],"curies":[{"name":"wp","href":"https:\/\/api.w.org\/{rel}","templated":true}]}}

Fotogalerie ÚMČ PRAHA 19

<p class="has-large-font-size">Vážení kbeláci, vážené kbelačky , vážená kbeláčata i vážení mimokbelští,</p>



<p class="has-large-font-size">v průběhu času se lidé snažili zaznamenat události v grafické podobě už od pravěku. Z pravěkých maleb poté postupně přecházeli k dokonalejším technikám, až se lidstvo postupně dostalo k tvorbě fotorealistických obrazů. V současné době ale využíváme k záznamu událostí a zachycení okamžiků fotografii, neboť její pořízení, oproti třeba kresbě nebo malbě, netrvá dlouho, a přitom dosahuje vysoké kvality, nevynechává jediný detail, a proto lze říci, že jedna fotografie bývá vhodnější více než tisíce slov.</p>



<p class="has-large-font-size">Vytvořením této fotogalerie jsme se snažili o zachycení času ve Kbelích pomocí fotografií Michala Marela. Fotografie jsou roztříděny do alb dle roku focení a tak můžete sami pozorovat změny v čase, které se ve Kbelích udály, ať už jde o nové stavby, či stárnoucí a rostoucí kbeláčata.</p>



<pre class="wp-block-verse has-text-align-center has-large-font-size">"Nechť se vám naše nová kbelská fotogalerie líbí"</pre>



<figure class="wp-block-table is-style-stripes has-large-font-size"><table><tbody><tr><td><a href="https://nekazanka.hyperlink.cz/"></a></td><td>Odkazy na další kbelské fotografy</td></tr><tr><td><a href="http://marel.praha19.cz/2019/fotogalerie_2022/fotogalerie_2022.html"></a></td><td><a href="https://nekazanka.hyperlink.cz/"><strong>1. český klub fotografů amatérů Nekázanka</strong></a></td></tr><tr><td><a href="http://petrvana.cz/index.php?album=kbely"></a></td><td><strong><a href="http://petrvana.cz/index.php?album=kbely">Fotogalerie Petra Váňi</a></strong></td></tr><tr><td><a href="https://ibraun.rajce.idnes.cz/"></a></td><td><a href="https://ibraun.rajce.idnes.cz/"><strong>Fotogalerie Ivy Braunspergerové</strong></a></td></tr><tr><td><a href="https://jbraun.rajce.idnes.cz/"></a></td><td><strong><a href="https://jbraun.rajce.idnes.cz/">Fotogalerie Jany Braunspergerové</a></strong></td></tr></tbody></table></figure>

<p>Vážení kbeláci, vážené kbelačky , vážená kbeláčata i vážení mimokbelští, v průběhu času se lidé snažili zaznamenat události v grafické podobě už od pravěku. Z pravěkých maleb poté postupně přecházeli k dokonalejším technikám, až se lidstvo postupně dostalo k tvorbě fotorealistických obrazů. V současné době ale využíváme k záznamu událostí a zachycení okamžiků fotografii, neboť [&hellip;]</p>

<!-- This site is optimized with the Yoast SEO plugin v27.2 - https://yoast.com/product/yoast-seo-wordpress/ -->
<title>Fotogalerie ÚMČ PRAHA 19 - Fotogalerie - Praha 19</title>
<meta name="robots" content="noindex, follow, max-snippet:-1, max-image-preview:large, max-video-preview:-1" />
<meta property="og:locale" content="cs_CZ" />
<meta property="og:type" content="article" />
<meta property="og:title" content="Fotogalerie ÚMČ PRAHA 19 - Fotogalerie - Praha 19" />
<meta property="og:description" content="Vážení kbeláci, vážené kbelačky , vážená kbeláčata i vážení mimokbelští, v průběhu času se lidé snažili zaznamenat události v grafické podobě už od pravěku. Z pravěkých maleb poté postupně přecházeli k dokonalejším technikám, až se lidstvo postupně dostalo k tvorbě fotorealistických obrazů. V současné době ale využíváme k záznamu událostí a zachycení okamžiků fotografii, neboť [&hellip;]" />
<meta property="og:url" content="https://foto.praha-19.ys-beta.cz/index.php/home-1/" />
<meta property="og:site_name" content="Fotogalerie - Praha 19" />
<meta property="article:modified_time" content="2024-03-04T16:01:14+00:00" />
<meta name="twitter:card" content="summary_large_image" />
<meta name="twitter:label1" content="Est. reading time" />
	<meta name="twitter:data1" content="1 minuta" />
<script type="application/ld+json" class="yoast-schema-graph">{"@context":"https://schema.org","@graph":[{"@type":"WebPage","@id":"https://foto.praha-19.ys-beta.cz/index.php/home-1/","url":"https://foto.praha-19.ys-beta.cz/index.php/home-1/","name":"Fotogalerie ÚMČ PRAHA 19 - Fotogalerie - Praha 19","isPartOf":{"@id":"https://foto.praha-19.ys-beta.cz/#website"},"datePublished":"2017-09-05T12:31:08+00:00","dateModified":"2024-03-04T16:01:14+00:00","breadcrumb":{"@id":"https://foto.praha-19.ys-beta.cz/index.php/home-1/#breadcrumb"},"inLanguage":"cs","potentialAction":[{"@type":"ReadAction","target":["https://foto.praha-19.ys-beta.cz/index.php/home-1/"]}]},{"@type":"BreadcrumbList","@id":"https://foto.praha-19.ys-beta.cz/index.php/home-1/#breadcrumb","itemListElement":[{"@type":"ListItem","position":1,"name":"Home","item":"https://foto.praha-19.ys-beta.cz/"},{"@type":"ListItem","position":2,"name":"Fotogalerie ÚMČ PRAHA 19"}]},{"@type":"WebSite","@id":"https://foto.praha-19.ys-beta.cz/#website","url":"https://foto.praha-19.ys-beta.cz/","name":"Fotogalerie - Praha 19","description":"Fotogalerie městské části Praha 19","potentialAction":[{"@type":"SearchAction","target":{"@type":"EntryPoint","urlTemplate":"https://foto.praha-19.ys-beta.cz/?s={search_term_string}"},"query-input":{"@type":"PropertyValueSpecification","valueRequired":true,"valueName":"search_term_string"}}],"inLanguage":"cs"}]}</script>
<!-- / Yoast SEO plugin. -->

Fotogalerie ÚMČ PRAHA 19 - Fotogalerie - Praha 19

Vážení kbeláci, vážené kbelačky , vážená kbeláčata i vážení mimokbelští, v průběhu času se lidé snažili zaznamenat události v grafické podobě už od pravěku. Z pravěkých maleb poté postupně přecházeli k dokonalejším technikám, až se lidstvo postupně dostalo k tvorbě fotorealistických obrazů. V současné době ale využíváme k záznamu událostí a zachycení okamžiků fotografii, neboť [&hellip;]

Fotogalerie městské části Praha 19
