{"id":1079,"date":"2022-11-07T17:45:47","date_gmt":"2022-11-07T15:45:47","guid":{"rendered":"https:\/\/foto.praha-19.ys-beta.cz\/?page_id=1079"},"modified":"2024-02-27T09:33:56","modified_gmt":"2024-02-27T07:33:56","slug":"studna-barborka","status":"publish","type":"page","link":"https:\/\/foto.praha-19.ys-beta.cz\/index.php\/nase-projekty\/studna-barborka\/","title":{"rendered":"Studna Barborka"},"content":{"rendered":"\n<p class=\"has-large-font-size\">Jist\u011b si \u0159ada z v\u00e1s pov\u0161imla ter\u00e9nn\u00edch a stavebn\u00edch prac\u00ed ve svahu u rybn\u00edka. Pam\u011btn\u00edci v\u011bd\u00ed, \u017ee v tomto m\u00edst\u011b kdysi st\u00e1val kbelsk\u00fd pivovar. Ten v roce 1758 nechal ve Kbel\u00edch nad rybn\u00edkem postavit hrab\u011b Prokop Vojt\u011bch \u010cern\u00edn. A v dob\u011b nejv\u011bt\u0161\u00ed sl\u00e1vy m\u011bl pivovar rekordn\u00ed v\u00fdstav 11 800 hl. piva. \u010cern\u00ednov\u00e9 provozovali pivovar do roku 1923 a jejich posledn\u00edm sl\u00e1dkem byl pan Josef Barborka. A odtud asi poch\u00e1z\u00ed i samotn\u00fd n\u00e1zev studny.<br>V t\u00e9m\u017ee roce pak z\u00edsk\u00e1v\u00e1 pivovar nov\u00fd majitel a je p\u0159ejmenov\u00e1n na Dru\u017estevn\u00ed pivovar Kbely u Prahy. Pivovar byl v provozu do roku 1930. V roce 1931 byla v pivovaru povolena st\u00e1\u010d\u00edrna piva. V \u00fanoru roku 1941 koupila obec od stavebn\u00edho a pivovarsk\u00e9ho dru\u017estva v Praze pozemky rybn\u00edka i s pivovarem a strojovnou. V roce 1944 slou\u017eily pivovarsk\u00e9 sklepy jako protileteck\u00fd kryt. Ve dvo\u0159e pivovaru fungovala tak\u00e9 obecn\u00ed \u00fa\u0159adovna a to a\u017e do roku 1947, kdy byla otev\u0159ena nov\u00e1 budova tehdej\u0161\u00edho n\u00e1rodn\u00edho v\u00fdboru, dne\u0161n\u00ed radnice.<br>Va\u0159en\u00ed piva ani st\u00e1\u010d\u00edrna se v pivovaru ji\u017e nikdy neobnovilo, ten postupn\u011b ch\u00e1tral a v roce 1965 do\u0161lo k jeho demolici.<\/p>\n\n\n\n<p class=\"has-large-font-size\">A po mnoha letech p\u0159i\u0161la my\u0161lenka a n\u00e1sledn\u011b i n\u00e1vrh na obnovu alespo\u0148 nepatrn\u00e9 \u010d\u00e1sti t\u00e9to historie.<br>Zde p\u0159in\u00e1\u0161\u00edme \u010dasov\u00fd pr\u016f\u0159ez samotn\u00e9 renovace pivovarsk\u00e9 studny zvan\u00e9 \u201eBarborka\u201c, pojmenovan\u00e9 tedy nejsp\u00ed\u0161e po posledn\u00edm sl\u00e1dkovi pivovaru.<\/p>\n\n\n\n<p class=\"has-large-font-size\">Slavnostn\u00ed otev\u0159en\u00ed prob\u011bhlo o Velikono\u010dn\u00edm jarmarku dne 24. 3. 2018<\/p>\n","protected":false},"excerpt":{"rendered":"<p>Jist\u011b si \u0159ada z v\u00e1s pov\u0161imla ter\u00e9nn\u00edch a stavebn\u00edch prac\u00ed ve svahu u rybn\u00edka. Pam\u011btn\u00edci v\u011bd\u00ed, \u017ee v tomto m\u00edst\u011b kdysi st\u00e1val kbelsk\u00fd pivovar. Ten v roce 1758 nechal ve Kbel\u00edch nad rybn\u00edkem postavit hrab\u011b Prokop Vojt\u011bch \u010cern\u00edn. A v dob\u011b nejv\u011bt\u0161\u00ed sl\u00e1vy m\u011bl pivovar rekordn\u00ed v\u00fdstav 11 800 hl. piva. \u010cern\u00ednov\u00e9 provozovali pivovar do [&hellip;]<\/p>\n","protected":false},"author":7,"featured_media":14469,"parent":1024,"menu_order":0,"comment_status":"closed","ping_status":"closed","template":"","meta":{"footnotes":""},"class_list":["post-1079","page","type-page","status-publish","has-post-thumbnail","hentry"],"yoast_head":"<!-- This site is optimized with the Yoast SEO plugin v27.2 - https:\/\/yoast.com\/product\/yoast-seo-wordpress\/ -->\n<title>Studna Barborka - Fotogalerie - Praha 19<\/title>\n<meta name=\"robots\" content=\"noindex, follow, max-snippet:-1, max-image-preview:large, max-video-preview:-1\" \/>\n<meta property=\"og:locale\" content=\"cs_CZ\" \/>\n<meta property=\"og:type\" content=\"article\" \/>\n<meta property=\"og:title\" content=\"Studna Barborka - Fotogalerie - Praha 19\" \/>\n<meta property=\"og:description\" content=\"Jist\u011b si \u0159ada z v\u00e1s pov\u0161imla ter\u00e9nn\u00edch a stavebn\u00edch prac\u00ed ve svahu u rybn\u00edka. Pam\u011btn\u00edci v\u011bd\u00ed, \u017ee v tomto m\u00edst\u011b kdysi st\u00e1val kbelsk\u00fd pivovar. Ten v roce 1758 nechal ve Kbel\u00edch nad rybn\u00edkem postavit hrab\u011b Prokop Vojt\u011bch \u010cern\u00edn. A v dob\u011b nejv\u011bt\u0161\u00ed sl\u00e1vy m\u011bl pivovar rekordn\u00ed v\u00fdstav 11 800 hl. piva. \u010cern\u00ednov\u00e9 provozovali pivovar do [&hellip;]\" \/>\n<meta property=\"og:url\" content=\"https:\/\/foto.praha-19.ys-beta.cz\/index.php\/nase-projekty\/studna-barborka\/\" \/>\n<meta property=\"og:site_name\" content=\"Fotogalerie - Praha 19\" \/>\n<meta property=\"article:modified_time\" content=\"2024-02-27T07:33:56+00:00\" \/>\n<meta property=\"og:image\" content=\"https:\/\/foto.praha-19.ys-beta.cz\/app\/uploads\/2024\/02\/Studna-Barborka-1.jpg\" \/>\n\t<meta property=\"og:image:width\" content=\"314\" \/>\n\t<meta property=\"og:image:height\" content=\"209\" \/>\n\t<meta property=\"og:image:type\" content=\"image\/jpeg\" \/>\n<meta name=\"twitter:card\" content=\"summary_large_image\" \/>\n<meta name=\"twitter:label1\" content=\"Est. reading time\" \/>\n\t<meta name=\"twitter:data1\" content=\"2 minuty\" \/>\n<script type=\"application\/ld+json\" class=\"yoast-schema-graph\">{\"@context\":\"https:\/\/schema.org\",\"@graph\":[{\"@type\":\"WebPage\",\"@id\":\"https:\/\/foto.praha-19.ys-beta.cz\/index.php\/nase-projekty\/studna-barborka\/\",\"url\":\"https:\/\/foto.praha-19.ys-beta.cz\/index.php\/nase-projekty\/studna-barborka\/\",\"name\":\"Studna Barborka - Fotogalerie - Praha 19\",\"isPartOf\":{\"@id\":\"https:\/\/foto.praha-19.ys-beta.cz\/#website\"},\"primaryImageOfPage\":{\"@id\":\"https:\/\/foto.praha-19.ys-beta.cz\/index.php\/nase-projekty\/studna-barborka\/#primaryimage\"},\"image\":{\"@id\":\"https:\/\/foto.praha-19.ys-beta.cz\/index.php\/nase-projekty\/studna-barborka\/#primaryimage\"},\"thumbnailUrl\":\"https:\/\/foto.praha-19.ys-beta.cz\/app\/uploads\/2024\/02\/Studna-Barborka-1.jpg\",\"datePublished\":\"2022-11-07T15:45:47+00:00\",\"dateModified\":\"2024-02-27T07:33:56+00:00\",\"breadcrumb\":{\"@id\":\"https:\/\/foto.praha-19.ys-beta.cz\/index.php\/nase-projekty\/studna-barborka\/#breadcrumb\"},\"inLanguage\":\"cs\",\"potentialAction\":[{\"@type\":\"ReadAction\",\"target\":[\"https:\/\/foto.praha-19.ys-beta.cz\/index.php\/nase-projekty\/studna-barborka\/\"]}]},{\"@type\":\"ImageObject\",\"inLanguage\":\"cs\",\"@id\":\"https:\/\/foto.praha-19.ys-beta.cz\/index.php\/nase-projekty\/studna-barborka\/#primaryimage\",\"url\":\"https:\/\/foto.praha-19.ys-beta.cz\/app\/uploads\/2024\/02\/Studna-Barborka-1.jpg\",\"contentUrl\":\"https:\/\/foto.praha-19.ys-beta.cz\/app\/uploads\/2024\/02\/Studna-Barborka-1.jpg\",\"width\":314,\"height\":209},{\"@type\":\"BreadcrumbList\",\"@id\":\"https:\/\/foto.praha-19.ys-beta.cz\/index.php\/nase-projekty\/studna-barborka\/#breadcrumb\",\"itemListElement\":[{\"@type\":\"ListItem\",\"position\":1,\"name\":\"Home\",\"item\":\"https:\/\/foto.praha-19.ys-beta.cz\/\"},{\"@type\":\"ListItem\",\"position\":2,\"name\":\"Na\u0161e projekty\",\"item\":\"https:\/\/foto.praha-19.ys-beta.cz\/index.php\/nase-projekty\/\"},{\"@type\":\"ListItem\",\"position\":3,\"name\":\"Studna Barborka\"}]},{\"@type\":\"WebSite\",\"@id\":\"https:\/\/foto.praha-19.ys-beta.cz\/#website\",\"url\":\"https:\/\/foto.praha-19.ys-beta.cz\/\",\"name\":\"Fotogalerie - Praha 19\",\"description\":\"Fotogalerie m\u011bstsk\u00e9 \u010d\u00e1sti Praha 19\",\"potentialAction\":[{\"@type\":\"SearchAction\",\"target\":{\"@type\":\"EntryPoint\",\"urlTemplate\":\"https:\/\/foto.praha-19.ys-beta.cz\/?s={search_term_string}\"},\"query-input\":{\"@type\":\"PropertyValueSpecification\",\"valueRequired\":true,\"valueName\":\"search_term_string\"}}],\"inLanguage\":\"cs\"}]}<\/script>\n<!-- \/ Yoast SEO plugin. -->","yoast_head_json":{"title":"Studna Barborka - Fotogalerie - Praha 19","robots":{"index":"noindex","follow":"follow","max-snippet":"max-snippet:-1","max-image-preview":"max-image-preview:large","max-video-preview":"max-video-preview:-1"},"og_locale":"cs_CZ","og_type":"article","og_title":"Studna Barborka - Fotogalerie - Praha 19","og_description":"Jist\u011b si \u0159ada z v\u00e1s pov\u0161imla ter\u00e9nn\u00edch a stavebn\u00edch prac\u00ed ve svahu u rybn\u00edka. Pam\u011btn\u00edci v\u011bd\u00ed, \u017ee v tomto m\u00edst\u011b kdysi st\u00e1val kbelsk\u00fd pivovar. Ten v roce 1758 nechal ve Kbel\u00edch nad rybn\u00edkem postavit hrab\u011b Prokop Vojt\u011bch \u010cern\u00edn. A v dob\u011b nejv\u011bt\u0161\u00ed sl\u00e1vy m\u011bl pivovar rekordn\u00ed v\u00fdstav 11 800 hl. piva. \u010cern\u00ednov\u00e9 provozovali pivovar do [&hellip;]","og_url":"https:\/\/foto.praha-19.ys-beta.cz\/index.php\/nase-projekty\/studna-barborka\/","og_site_name":"Fotogalerie - Praha 19","article_modified_time":"2024-02-27T07:33:56+00:00","og_image":[{"width":314,"height":209,"url":"https:\/\/foto.praha-19.ys-beta.cz\/app\/uploads\/2024\/02\/Studna-Barborka-1.jpg","type":"image\/jpeg"}],"twitter_card":"summary_large_image","twitter_misc":{"Est. reading time":"2 minuty"},"schema":{"@context":"https:\/\/schema.org","@graph":[{"@type":"WebPage","@id":"https:\/\/foto.praha-19.ys-beta.cz\/index.php\/nase-projekty\/studna-barborka\/","url":"https:\/\/foto.praha-19.ys-beta.cz\/index.php\/nase-projekty\/studna-barborka\/","name":"Studna Barborka - Fotogalerie - Praha 19","isPartOf":{"@id":"https:\/\/foto.praha-19.ys-beta.cz\/#website"},"primaryImageOfPage":{"@id":"https:\/\/foto.praha-19.ys-beta.cz\/index.php\/nase-projekty\/studna-barborka\/#primaryimage"},"image":{"@id":"https:\/\/foto.praha-19.ys-beta.cz\/index.php\/nase-projekty\/studna-barborka\/#primaryimage"},"thumbnailUrl":"https:\/\/foto.praha-19.ys-beta.cz\/app\/uploads\/2024\/02\/Studna-Barborka-1.jpg","datePublished":"2022-11-07T15:45:47+00:00","dateModified":"2024-02-27T07:33:56+00:00","breadcrumb":{"@id":"https:\/\/foto.praha-19.ys-beta.cz\/index.php\/nase-projekty\/studna-barborka\/#breadcrumb"},"inLanguage":"cs","potentialAction":[{"@type":"ReadAction","target":["https:\/\/foto.praha-19.ys-beta.cz\/index.php\/nase-projekty\/studna-barborka\/"]}]},{"@type":"ImageObject","inLanguage":"cs","@id":"https:\/\/foto.praha-19.ys-beta.cz\/index.php\/nase-projekty\/studna-barborka\/#primaryimage","url":"https:\/\/foto.praha-19.ys-beta.cz\/app\/uploads\/2024\/02\/Studna-Barborka-1.jpg","contentUrl":"https:\/\/foto.praha-19.ys-beta.cz\/app\/uploads\/2024\/02\/Studna-Barborka-1.jpg","width":314,"height":209},{"@type":"BreadcrumbList","@id":"https:\/\/foto.praha-19.ys-beta.cz\/index.php\/nase-projekty\/studna-barborka\/#breadcrumb","itemListElement":[{"@type":"ListItem","position":1,"name":"Home","item":"https:\/\/foto.praha-19.ys-beta.cz\/"},{"@type":"ListItem","position":2,"name":"Na\u0161e projekty","item":"https:\/\/foto.praha-19.ys-beta.cz\/index.php\/nase-projekty\/"},{"@type":"ListItem","position":3,"name":"Studna Barborka"}]},{"@type":"WebSite","@id":"https:\/\/foto.praha-19.ys-beta.cz\/#website","url":"https:\/\/foto.praha-19.ys-beta.cz\/","name":"Fotogalerie - Praha 19","description":"Fotogalerie m\u011bstsk\u00e9 \u010d\u00e1sti Praha 19","potentialAction":[{"@type":"SearchAction","target":{"@type":"EntryPoint","urlTemplate":"https:\/\/foto.praha-19.ys-beta.cz\/?s={search_term_string}"},"query-input":{"@type":"PropertyValueSpecification","valueRequired":true,"valueName":"search_term_string"}}],"inLanguage":"cs"}]}},"_links":{"self":[{"href":"https:\/\/foto.praha-19.ys-beta.cz\/index.php\/wp-json\/wp\/v2\/pages\/1079","targetHints":{"allow":["GET"]}}],"collection":[{"href":"https:\/\/foto.praha-19.ys-beta.cz\/index.php\/wp-json\/wp\/v2\/pages"}],"about":[{"href":"https:\/\/foto.praha-19.ys-beta.cz\/index.php\/wp-json\/wp\/v2\/types\/page"}],"author":[{"embeddable":true,"href":"https:\/\/foto.praha-19.ys-beta.cz\/index.php\/wp-json\/wp\/v2\/users\/7"}],"replies":[{"embeddable":true,"href":"https:\/\/foto.praha-19.ys-beta.cz\/index.php\/wp-json\/wp\/v2\/comments?post=1079"}],"version-history":[{"count":6,"href":"https:\/\/foto.praha-19.ys-beta.cz\/index.php\/wp-json\/wp\/v2\/pages\/1079\/revisions"}],"predecessor-version":[{"id":14507,"href":"https:\/\/foto.praha-19.ys-beta.cz\/index.php\/wp-json\/wp\/v2\/pages\/1079\/revisions\/14507"}],"up":[{"embeddable":true,"href":"https:\/\/foto.praha-19.ys-beta.cz\/index.php\/wp-json\/wp\/v2\/pages\/1024"}],"wp:featuredmedia":[{"embeddable":true,"href":"https:\/\/foto.praha-19.ys-beta.cz\/index.php\/wp-json\/wp\/v2\/media\/14469"}],"wp:attachment":[{"href":"https:\/\/foto.praha-19.ys-beta.cz\/index.php\/wp-json\/wp\/v2\/media?parent=1079"}],"curies":[{"name":"wp","href":"https:\/\/api.w.org\/{rel}","templated":true}]}}

<p class="has-large-font-size">Jistě si řada z vás povšimla terénních a stavebních prací ve svahu u rybníka. Pamětníci vědí, že v tomto místě kdysi stával kbelský pivovar. Ten v roce 1758 nechal ve Kbelích nad rybníkem postavit hrabě Prokop Vojtěch Černín. A v době největší slávy měl pivovar rekordní výstav 11 800 hl. piva. Černínové provozovali pivovar do roku 1923 a jejich posledním sládkem byl pan Josef Barborka. A odtud asi pochází i samotný název studny.<br>V témže roce pak získává pivovar nový majitel a je přejmenován na Družstevní pivovar Kbely u Prahy. Pivovar byl v provozu do roku 1930. V roce 1931 byla v pivovaru povolena stáčírna piva. V únoru roku 1941 koupila obec od stavebního a pivovarského družstva v Praze pozemky rybníka i s pivovarem a strojovnou. V roce 1944 sloužily pivovarské sklepy jako protiletecký kryt. Ve dvoře pivovaru fungovala také obecní úřadovna a to až do roku 1947, kdy byla otevřena nová budova tehdejšího národního výboru, dnešní radnice.<br>Vaření piva ani stáčírna se v pivovaru již nikdy neobnovilo, ten postupně chátral a v roce 1965 došlo k jeho demolici.</p>



<p class="has-large-font-size">A po mnoha letech přišla myšlenka a následně i návrh na obnovu alespoň nepatrné části této historie.<br>Zde přinášíme časový průřez samotné renovace pivovarské studny zvané „Barborka“, pojmenované tedy nejspíše po posledním sládkovi pivovaru.</p>



<p class="has-large-font-size">Slavnostní otevření proběhlo o Velikonočním jarmarku dne 24. 3. 2018</p>

<p>Jistě si řada z vás povšimla terénních a stavebních prací ve svahu u rybníka. Pamětníci vědí, že v tomto místě kdysi stával kbelský pivovar. Ten v roce 1758 nechal ve Kbelích nad rybníkem postavit hrabě Prokop Vojtěch Černín. A v době největší slávy měl pivovar rekordní výstav 11 800 hl. piva. Černínové provozovali pivovar do [&hellip;]</p>

<!-- This site is optimized with the Yoast SEO plugin v27.2 - https://yoast.com/product/yoast-seo-wordpress/ -->
<title>Studna Barborka - Fotogalerie - Praha 19</title>
<meta name="robots" content="noindex, follow, max-snippet:-1, max-image-preview:large, max-video-preview:-1" />
<meta property="og:locale" content="cs_CZ" />
<meta property="og:type" content="article" />
<meta property="og:title" content="Studna Barborka - Fotogalerie - Praha 19" />
<meta property="og:description" content="Jistě si řada z vás povšimla terénních a stavebních prací ve svahu u rybníka. Pamětníci vědí, že v tomto místě kdysi stával kbelský pivovar. Ten v roce 1758 nechal ve Kbelích nad rybníkem postavit hrabě Prokop Vojtěch Černín. A v době největší slávy měl pivovar rekordní výstav 11 800 hl. piva. Černínové provozovali pivovar do [&hellip;]" />
<meta property="og:url" content="https://foto.praha-19.ys-beta.cz/index.php/nase-projekty/studna-barborka/" />
<meta property="og:site_name" content="Fotogalerie - Praha 19" />
<meta property="article:modified_time" content="2024-02-27T07:33:56+00:00" />
<meta property="og:image" content="https://foto.praha-19.ys-beta.cz/app/uploads/2024/02/Studna-Barborka-1.jpg" />
	<meta property="og:image:width" content="314" />
	<meta property="og:image:height" content="209" />
	<meta property="og:image:type" content="image/jpeg" />
<meta name="twitter:card" content="summary_large_image" />
<meta name="twitter:label1" content="Est. reading time" />
	<meta name="twitter:data1" content="2 minuty" />
<script type="application/ld+json" class="yoast-schema-graph">{"@context":"https://schema.org","@graph":[{"@type":"WebPage","@id":"https://foto.praha-19.ys-beta.cz/index.php/nase-projekty/studna-barborka/","url":"https://foto.praha-19.ys-beta.cz/index.php/nase-projekty/studna-barborka/","name":"Studna Barborka - Fotogalerie - Praha 19","isPartOf":{"@id":"https://foto.praha-19.ys-beta.cz/#website"},"primaryImageOfPage":{"@id":"https://foto.praha-19.ys-beta.cz/index.php/nase-projekty/studna-barborka/#primaryimage"},"image":{"@id":"https://foto.praha-19.ys-beta.cz/index.php/nase-projekty/studna-barborka/#primaryimage"},"thumbnailUrl":"https://foto.praha-19.ys-beta.cz/app/uploads/2024/02/Studna-Barborka-1.jpg","datePublished":"2022-11-07T15:45:47+00:00","dateModified":"2024-02-27T07:33:56+00:00","breadcrumb":{"@id":"https://foto.praha-19.ys-beta.cz/index.php/nase-projekty/studna-barborka/#breadcrumb"},"inLanguage":"cs","potentialAction":[{"@type":"ReadAction","target":["https://foto.praha-19.ys-beta.cz/index.php/nase-projekty/studna-barborka/"]}]},{"@type":"ImageObject","inLanguage":"cs","@id":"https://foto.praha-19.ys-beta.cz/index.php/nase-projekty/studna-barborka/#primaryimage","url":"https://foto.praha-19.ys-beta.cz/app/uploads/2024/02/Studna-Barborka-1.jpg","contentUrl":"https://foto.praha-19.ys-beta.cz/app/uploads/2024/02/Studna-Barborka-1.jpg","width":314,"height":209},{"@type":"BreadcrumbList","@id":"https://foto.praha-19.ys-beta.cz/index.php/nase-projekty/studna-barborka/#breadcrumb","itemListElement":[{"@type":"ListItem","position":1,"name":"Home","item":"https://foto.praha-19.ys-beta.cz/"},{"@type":"ListItem","position":2,"name":"Naše projekty","item":"https://foto.praha-19.ys-beta.cz/index.php/nase-projekty/"},{"@type":"ListItem","position":3,"name":"Studna Barborka"}]},{"@type":"WebSite","@id":"https://foto.praha-19.ys-beta.cz/#website","url":"https://foto.praha-19.ys-beta.cz/","name":"Fotogalerie - Praha 19","description":"Fotogalerie městské části Praha 19","potentialAction":[{"@type":"SearchAction","target":{"@type":"EntryPoint","urlTemplate":"https://foto.praha-19.ys-beta.cz/?s={search_term_string}"},"query-input":{"@type":"PropertyValueSpecification","valueRequired":true,"valueName":"search_term_string"}}],"inLanguage":"cs"}]}</script>
<!-- / Yoast SEO plugin. -->

Jistě si řada z vás povšimla terénních a stavebních prací ve svahu u rybníka. Pamětníci vědí, že v tomto místě kdysi stával kbelský pivovar. Ten v roce 1758 nechal ve Kbelích nad rybníkem postavit hrabě Prokop Vojtěch Černín. A v době největší slávy měl pivovar rekordní výstav 11 800 hl. piva. Černínové provozovali pivovar do [&hellip;]

Naše projekty

Fotogalerie městské části Praha 19
