{"id":1077,"date":"2022-11-07T17:45:14","date_gmt":"2022-11-07T15:45:14","guid":{"rendered":"https:\/\/foto.praha-19.ys-beta.cz\/?page_id=1077"},"modified":"2024-02-27T09:32:37","modified_gmt":"2024-02-27T07:32:37","slug":"replika-kaplicky-kulmenske","status":"publish","type":"page","link":"https:\/\/foto.praha-19.ys-beta.cz\/index.php\/nase-projekty\/replika-kaplicky-kulmenske\/","title":{"rendered":"Replika kapli\u010dky Kulmensk\u00e9"},"content":{"rendered":"\n<p>M\u011bstsk\u00e1 \u010d\u00e1st Praha 19 zah\u00e1jila stavbu kopie v\u00fdklenkov\u00e9 kaple \u010d. 18 jako odpo\u010dinkov\u00e9 m\u00edsto v r\u00e1mci cyklotrasy A267 Via Sancta u ulice Polaneck\u00e9ho. Kapli\u010dka Kulmensk\u00e1 bude dopl\u0148ovat \u0159adu kapli\u010dek na Svat\u00e9 cest\u011b, kter\u00e9 st\u00e1valy na \u00fazem\u00ed Kbel. V kapli\u010dce bude um\u00edst\u011bn tak\u00e9 obraz jako reprodukce p\u016fvodn\u00ed freskov\u00e9 v\u00fdzdoby kaple. V doln\u00ed \u010d\u00e1sti byl vyobrazen sv. V\u00e1clav, jak ve \u0161pit\u00e1le, kter\u00fd nechal z\u0159\u00eddit u \u0160\u00e1reck\u00e9 br\u00e1ny, posluhuje nemocn\u00fdm, chud\u00fdm, vdov\u00e1m a sirotk\u016fm. V horn\u00ed men\u0161\u00ed \u010d\u00e1sti byl reprodukov\u00e1n mari\u00e1nsk\u00fd poutn\u00ed obraz, kter\u00fd dal kapli\u010dce jm\u00e9no. V kapli\u010dce Kulmensk\u00e9 je zde p\u0159edstaven Chlum sv. M\u00e1\u0159\u00ed, jeho\u017e historie sah\u00e1 a\u017e na p\u0159elom 13. a 14. stolet\u00ed. Tehdy pr\u00fd byla v l\u00edskov\u00e9m ke\u0159i nalezena socha Panny Marie, kter\u00e1 se po p\u0159enesen\u00ed znovu z\u00e1zra\u010dn\u011b vr\u00e1tila na p\u016fvodn\u00ed m\u00edsto.<\/p>\n","protected":false},"excerpt":{"rendered":"<p>M\u011bstsk\u00e1 \u010d\u00e1st Praha 19 zah\u00e1jila stavbu kopie v\u00fdklenkov\u00e9 kaple \u010d. 18 jako odpo\u010dinkov\u00e9 m\u00edsto v r\u00e1mci cyklotrasy A267 Via Sancta u ulice Polaneck\u00e9ho. Kapli\u010dka Kulmensk\u00e1 bude dopl\u0148ovat \u0159adu kapli\u010dek na Svat\u00e9 cest\u011b, kter\u00e9 st\u00e1valy na \u00fazem\u00ed Kbel. V kapli\u010dce bude um\u00edst\u011bn tak\u00e9 obraz jako reprodukce p\u016fvodn\u00ed freskov\u00e9 v\u00fdzdoby kaple. V doln\u00ed \u010d\u00e1sti byl vyobrazen sv. [&hellip;]<\/p>\n","protected":false},"author":6,"featured_media":14461,"parent":1024,"menu_order":0,"comment_status":"closed","ping_status":"closed","template":"","meta":{"footnotes":""},"class_list":["post-1077","page","type-page","status-publish","has-post-thumbnail","hentry"],"yoast_head":"<!-- This site is optimized with the Yoast SEO plugin v27.2 - https:\/\/yoast.com\/product\/yoast-seo-wordpress\/ -->\n<title>Replika kapli\u010dky Kulmensk\u00e9 - Fotogalerie - Praha 19<\/title>\n<meta name=\"robots\" content=\"noindex, follow, max-snippet:-1, max-image-preview:large, max-video-preview:-1\" \/>\n<meta property=\"og:locale\" content=\"cs_CZ\" \/>\n<meta property=\"og:type\" content=\"article\" \/>\n<meta property=\"og:title\" content=\"Replika kapli\u010dky Kulmensk\u00e9 - Fotogalerie - Praha 19\" \/>\n<meta property=\"og:description\" content=\"M\u011bstsk\u00e1 \u010d\u00e1st Praha 19 zah\u00e1jila stavbu kopie v\u00fdklenkov\u00e9 kaple \u010d. 18 jako odpo\u010dinkov\u00e9 m\u00edsto v r\u00e1mci cyklotrasy A267 Via Sancta u ulice Polaneck\u00e9ho. Kapli\u010dka Kulmensk\u00e1 bude dopl\u0148ovat \u0159adu kapli\u010dek na Svat\u00e9 cest\u011b, kter\u00e9 st\u00e1valy na \u00fazem\u00ed Kbel. V kapli\u010dce bude um\u00edst\u011bn tak\u00e9 obraz jako reprodukce p\u016fvodn\u00ed freskov\u00e9 v\u00fdzdoby kaple. V doln\u00ed \u010d\u00e1sti byl vyobrazen sv. [&hellip;]\" \/>\n<meta property=\"og:url\" content=\"https:\/\/foto.praha-19.ys-beta.cz\/index.php\/nase-projekty\/replika-kaplicky-kulmenske\/\" \/>\n<meta property=\"og:site_name\" content=\"Fotogalerie - Praha 19\" \/>\n<meta property=\"article:modified_time\" content=\"2024-02-27T07:32:37+00:00\" \/>\n<meta property=\"og:image\" content=\"https:\/\/foto.praha-19.ys-beta.cz\/app\/uploads\/2024\/02\/Kaplicka-Kulmenska-1.jpg\" \/>\n\t<meta property=\"og:image:width\" content=\"267\" \/>\n\t<meta property=\"og:image:height\" content=\"374\" \/>\n\t<meta property=\"og:image:type\" content=\"image\/jpeg\" \/>\n<meta name=\"twitter:card\" content=\"summary_large_image\" \/>\n<meta name=\"twitter:label1\" content=\"Est. reading time\" \/>\n\t<meta name=\"twitter:data1\" content=\"1 minuta\" \/>\n<script type=\"application\/ld+json\" class=\"yoast-schema-graph\">{\"@context\":\"https:\/\/schema.org\",\"@graph\":[{\"@type\":\"WebPage\",\"@id\":\"https:\/\/foto.praha-19.ys-beta.cz\/index.php\/nase-projekty\/replika-kaplicky-kulmenske\/\",\"url\":\"https:\/\/foto.praha-19.ys-beta.cz\/index.php\/nase-projekty\/replika-kaplicky-kulmenske\/\",\"name\":\"Replika kapli\u010dky Kulmensk\u00e9 - Fotogalerie - Praha 19\",\"isPartOf\":{\"@id\":\"https:\/\/foto.praha-19.ys-beta.cz\/#website\"},\"primaryImageOfPage\":{\"@id\":\"https:\/\/foto.praha-19.ys-beta.cz\/index.php\/nase-projekty\/replika-kaplicky-kulmenske\/#primaryimage\"},\"image\":{\"@id\":\"https:\/\/foto.praha-19.ys-beta.cz\/index.php\/nase-projekty\/replika-kaplicky-kulmenske\/#primaryimage\"},\"thumbnailUrl\":\"https:\/\/foto.praha-19.ys-beta.cz\/app\/uploads\/2024\/02\/Kaplicka-Kulmenska-1.jpg\",\"datePublished\":\"2022-11-07T15:45:14+00:00\",\"dateModified\":\"2024-02-27T07:32:37+00:00\",\"breadcrumb\":{\"@id\":\"https:\/\/foto.praha-19.ys-beta.cz\/index.php\/nase-projekty\/replika-kaplicky-kulmenske\/#breadcrumb\"},\"inLanguage\":\"cs\",\"potentialAction\":[{\"@type\":\"ReadAction\",\"target\":[\"https:\/\/foto.praha-19.ys-beta.cz\/index.php\/nase-projekty\/replika-kaplicky-kulmenske\/\"]}]},{\"@type\":\"ImageObject\",\"inLanguage\":\"cs\",\"@id\":\"https:\/\/foto.praha-19.ys-beta.cz\/index.php\/nase-projekty\/replika-kaplicky-kulmenske\/#primaryimage\",\"url\":\"https:\/\/foto.praha-19.ys-beta.cz\/app\/uploads\/2024\/02\/Kaplicka-Kulmenska-1.jpg\",\"contentUrl\":\"https:\/\/foto.praha-19.ys-beta.cz\/app\/uploads\/2024\/02\/Kaplicka-Kulmenska-1.jpg\",\"width\":267,\"height\":374},{\"@type\":\"BreadcrumbList\",\"@id\":\"https:\/\/foto.praha-19.ys-beta.cz\/index.php\/nase-projekty\/replika-kaplicky-kulmenske\/#breadcrumb\",\"itemListElement\":[{\"@type\":\"ListItem\",\"position\":1,\"name\":\"Home\",\"item\":\"https:\/\/foto.praha-19.ys-beta.cz\/\"},{\"@type\":\"ListItem\",\"position\":2,\"name\":\"Na\u0161e projekty\",\"item\":\"https:\/\/foto.praha-19.ys-beta.cz\/index.php\/nase-projekty\/\"},{\"@type\":\"ListItem\",\"position\":3,\"name\":\"Replika kapli\u010dky Kulmensk\u00e9\"}]},{\"@type\":\"WebSite\",\"@id\":\"https:\/\/foto.praha-19.ys-beta.cz\/#website\",\"url\":\"https:\/\/foto.praha-19.ys-beta.cz\/\",\"name\":\"Fotogalerie - Praha 19\",\"description\":\"Fotogalerie m\u011bstsk\u00e9 \u010d\u00e1sti Praha 19\",\"potentialAction\":[{\"@type\":\"SearchAction\",\"target\":{\"@type\":\"EntryPoint\",\"urlTemplate\":\"https:\/\/foto.praha-19.ys-beta.cz\/?s={search_term_string}\"},\"query-input\":{\"@type\":\"PropertyValueSpecification\",\"valueRequired\":true,\"valueName\":\"search_term_string\"}}],\"inLanguage\":\"cs\"}]}<\/script>\n<!-- \/ Yoast SEO plugin. -->","yoast_head_json":{"title":"Replika kapli\u010dky Kulmensk\u00e9 - Fotogalerie - Praha 19","robots":{"index":"noindex","follow":"follow","max-snippet":"max-snippet:-1","max-image-preview":"max-image-preview:large","max-video-preview":"max-video-preview:-1"},"og_locale":"cs_CZ","og_type":"article","og_title":"Replika kapli\u010dky Kulmensk\u00e9 - Fotogalerie - Praha 19","og_description":"M\u011bstsk\u00e1 \u010d\u00e1st Praha 19 zah\u00e1jila stavbu kopie v\u00fdklenkov\u00e9 kaple \u010d. 18 jako odpo\u010dinkov\u00e9 m\u00edsto v r\u00e1mci cyklotrasy A267 Via Sancta u ulice Polaneck\u00e9ho. Kapli\u010dka Kulmensk\u00e1 bude dopl\u0148ovat \u0159adu kapli\u010dek na Svat\u00e9 cest\u011b, kter\u00e9 st\u00e1valy na \u00fazem\u00ed Kbel. V kapli\u010dce bude um\u00edst\u011bn tak\u00e9 obraz jako reprodukce p\u016fvodn\u00ed freskov\u00e9 v\u00fdzdoby kaple. V doln\u00ed \u010d\u00e1sti byl vyobrazen sv. [&hellip;]","og_url":"https:\/\/foto.praha-19.ys-beta.cz\/index.php\/nase-projekty\/replika-kaplicky-kulmenske\/","og_site_name":"Fotogalerie - Praha 19","article_modified_time":"2024-02-27T07:32:37+00:00","og_image":[{"width":267,"height":374,"url":"https:\/\/foto.praha-19.ys-beta.cz\/app\/uploads\/2024\/02\/Kaplicka-Kulmenska-1.jpg","type":"image\/jpeg"}],"twitter_card":"summary_large_image","twitter_misc":{"Est. reading time":"1 minuta"},"schema":{"@context":"https:\/\/schema.org","@graph":[{"@type":"WebPage","@id":"https:\/\/foto.praha-19.ys-beta.cz\/index.php\/nase-projekty\/replika-kaplicky-kulmenske\/","url":"https:\/\/foto.praha-19.ys-beta.cz\/index.php\/nase-projekty\/replika-kaplicky-kulmenske\/","name":"Replika kapli\u010dky Kulmensk\u00e9 - Fotogalerie - Praha 19","isPartOf":{"@id":"https:\/\/foto.praha-19.ys-beta.cz\/#website"},"primaryImageOfPage":{"@id":"https:\/\/foto.praha-19.ys-beta.cz\/index.php\/nase-projekty\/replika-kaplicky-kulmenske\/#primaryimage"},"image":{"@id":"https:\/\/foto.praha-19.ys-beta.cz\/index.php\/nase-projekty\/replika-kaplicky-kulmenske\/#primaryimage"},"thumbnailUrl":"https:\/\/foto.praha-19.ys-beta.cz\/app\/uploads\/2024\/02\/Kaplicka-Kulmenska-1.jpg","datePublished":"2022-11-07T15:45:14+00:00","dateModified":"2024-02-27T07:32:37+00:00","breadcrumb":{"@id":"https:\/\/foto.praha-19.ys-beta.cz\/index.php\/nase-projekty\/replika-kaplicky-kulmenske\/#breadcrumb"},"inLanguage":"cs","potentialAction":[{"@type":"ReadAction","target":["https:\/\/foto.praha-19.ys-beta.cz\/index.php\/nase-projekty\/replika-kaplicky-kulmenske\/"]}]},{"@type":"ImageObject","inLanguage":"cs","@id":"https:\/\/foto.praha-19.ys-beta.cz\/index.php\/nase-projekty\/replika-kaplicky-kulmenske\/#primaryimage","url":"https:\/\/foto.praha-19.ys-beta.cz\/app\/uploads\/2024\/02\/Kaplicka-Kulmenska-1.jpg","contentUrl":"https:\/\/foto.praha-19.ys-beta.cz\/app\/uploads\/2024\/02\/Kaplicka-Kulmenska-1.jpg","width":267,"height":374},{"@type":"BreadcrumbList","@id":"https:\/\/foto.praha-19.ys-beta.cz\/index.php\/nase-projekty\/replika-kaplicky-kulmenske\/#breadcrumb","itemListElement":[{"@type":"ListItem","position":1,"name":"Home","item":"https:\/\/foto.praha-19.ys-beta.cz\/"},{"@type":"ListItem","position":2,"name":"Na\u0161e projekty","item":"https:\/\/foto.praha-19.ys-beta.cz\/index.php\/nase-projekty\/"},{"@type":"ListItem","position":3,"name":"Replika kapli\u010dky Kulmensk\u00e9"}]},{"@type":"WebSite","@id":"https:\/\/foto.praha-19.ys-beta.cz\/#website","url":"https:\/\/foto.praha-19.ys-beta.cz\/","name":"Fotogalerie - Praha 19","description":"Fotogalerie m\u011bstsk\u00e9 \u010d\u00e1sti Praha 19","potentialAction":[{"@type":"SearchAction","target":{"@type":"EntryPoint","urlTemplate":"https:\/\/foto.praha-19.ys-beta.cz\/?s={search_term_string}"},"query-input":{"@type":"PropertyValueSpecification","valueRequired":true,"valueName":"search_term_string"}}],"inLanguage":"cs"}]}},"_links":{"self":[{"href":"https:\/\/foto.praha-19.ys-beta.cz\/index.php\/wp-json\/wp\/v2\/pages\/1077","targetHints":{"allow":["GET"]}}],"collection":[{"href":"https:\/\/foto.praha-19.ys-beta.cz\/index.php\/wp-json\/wp\/v2\/pages"}],"about":[{"href":"https:\/\/foto.praha-19.ys-beta.cz\/index.php\/wp-json\/wp\/v2\/types\/page"}],"author":[{"embeddable":true,"href":"https:\/\/foto.praha-19.ys-beta.cz\/index.php\/wp-json\/wp\/v2\/users\/6"}],"replies":[{"embeddable":true,"href":"https:\/\/foto.praha-19.ys-beta.cz\/index.php\/wp-json\/wp\/v2\/comments?post=1077"}],"version-history":[{"count":2,"href":"https:\/\/foto.praha-19.ys-beta.cz\/index.php\/wp-json\/wp\/v2\/pages\/1077\/revisions"}],"predecessor-version":[{"id":14504,"href":"https:\/\/foto.praha-19.ys-beta.cz\/index.php\/wp-json\/wp\/v2\/pages\/1077\/revisions\/14504"}],"up":[{"embeddable":true,"href":"https:\/\/foto.praha-19.ys-beta.cz\/index.php\/wp-json\/wp\/v2\/pages\/1024"}],"wp:featuredmedia":[{"embeddable":true,"href":"https:\/\/foto.praha-19.ys-beta.cz\/index.php\/wp-json\/wp\/v2\/media\/14461"}],"wp:attachment":[{"href":"https:\/\/foto.praha-19.ys-beta.cz\/index.php\/wp-json\/wp\/v2\/media?parent=1077"}],"curies":[{"name":"wp","href":"https:\/\/api.w.org\/{rel}","templated":true}]}}

Replika kapličky Kulmenské

<p>Městská část Praha 19 zahájila stavbu kopie výklenkové kaple č. 18 jako odpočinkové místo v rámci cyklotrasy A267 Via Sancta u ulice Polaneckého. Kaplička Kulmenská bude doplňovat řadu kapliček na Svaté cestě, které stávaly na území Kbel. V kapličce bude umístěn také obraz jako reprodukce původní freskové výzdoby kaple. V dolní části byl vyobrazen sv. Václav, jak ve špitále, který nechal zřídit u Šárecké brány, posluhuje nemocným, chudým, vdovám a sirotkům. V horní menší části byl reprodukován mariánský poutní obraz, který dal kapličce jméno. V kapličce Kulmenské je zde představen Chlum sv. Máří, jehož historie sahá až na přelom 13. a 14. století. Tehdy prý byla v lískovém keři nalezena socha Panny Marie, která se po přenesení znovu zázračně vrátila na původní místo.</p>

<p>Městská část Praha 19 zahájila stavbu kopie výklenkové kaple č. 18 jako odpočinkové místo v rámci cyklotrasy A267 Via Sancta u ulice Polaneckého. Kaplička Kulmenská bude doplňovat řadu kapliček na Svaté cestě, které stávaly na území Kbel. V kapličce bude umístěn také obraz jako reprodukce původní freskové výzdoby kaple. V dolní části byl vyobrazen sv. [&hellip;]</p>

<!-- This site is optimized with the Yoast SEO plugin v27.2 - https://yoast.com/product/yoast-seo-wordpress/ -->
<title>Replika kapličky Kulmenské - Fotogalerie - Praha 19</title>
<meta name="robots" content="noindex, follow, max-snippet:-1, max-image-preview:large, max-video-preview:-1" />
<meta property="og:locale" content="cs_CZ" />
<meta property="og:type" content="article" />
<meta property="og:title" content="Replika kapličky Kulmenské - Fotogalerie - Praha 19" />
<meta property="og:description" content="Městská část Praha 19 zahájila stavbu kopie výklenkové kaple č. 18 jako odpočinkové místo v rámci cyklotrasy A267 Via Sancta u ulice Polaneckého. Kaplička Kulmenská bude doplňovat řadu kapliček na Svaté cestě, které stávaly na území Kbel. V kapličce bude umístěn také obraz jako reprodukce původní freskové výzdoby kaple. V dolní části byl vyobrazen sv. [&hellip;]" />
<meta property="og:url" content="https://foto.praha-19.ys-beta.cz/index.php/nase-projekty/replika-kaplicky-kulmenske/" />
<meta property="og:site_name" content="Fotogalerie - Praha 19" />
<meta property="article:modified_time" content="2024-02-27T07:32:37+00:00" />
<meta property="og:image" content="https://foto.praha-19.ys-beta.cz/app/uploads/2024/02/Kaplicka-Kulmenska-1.jpg" />
	<meta property="og:image:width" content="267" />
	<meta property="og:image:height" content="374" />
	<meta property="og:image:type" content="image/jpeg" />
<meta name="twitter:card" content="summary_large_image" />
<meta name="twitter:label1" content="Est. reading time" />
	<meta name="twitter:data1" content="1 minuta" />
<script type="application/ld+json" class="yoast-schema-graph">{"@context":"https://schema.org","@graph":[{"@type":"WebPage","@id":"https://foto.praha-19.ys-beta.cz/index.php/nase-projekty/replika-kaplicky-kulmenske/","url":"https://foto.praha-19.ys-beta.cz/index.php/nase-projekty/replika-kaplicky-kulmenske/","name":"Replika kapličky Kulmenské - Fotogalerie - Praha 19","isPartOf":{"@id":"https://foto.praha-19.ys-beta.cz/#website"},"primaryImageOfPage":{"@id":"https://foto.praha-19.ys-beta.cz/index.php/nase-projekty/replika-kaplicky-kulmenske/#primaryimage"},"image":{"@id":"https://foto.praha-19.ys-beta.cz/index.php/nase-projekty/replika-kaplicky-kulmenske/#primaryimage"},"thumbnailUrl":"https://foto.praha-19.ys-beta.cz/app/uploads/2024/02/Kaplicka-Kulmenska-1.jpg","datePublished":"2022-11-07T15:45:14+00:00","dateModified":"2024-02-27T07:32:37+00:00","breadcrumb":{"@id":"https://foto.praha-19.ys-beta.cz/index.php/nase-projekty/replika-kaplicky-kulmenske/#breadcrumb"},"inLanguage":"cs","potentialAction":[{"@type":"ReadAction","target":["https://foto.praha-19.ys-beta.cz/index.php/nase-projekty/replika-kaplicky-kulmenske/"]}]},{"@type":"ImageObject","inLanguage":"cs","@id":"https://foto.praha-19.ys-beta.cz/index.php/nase-projekty/replika-kaplicky-kulmenske/#primaryimage","url":"https://foto.praha-19.ys-beta.cz/app/uploads/2024/02/Kaplicka-Kulmenska-1.jpg","contentUrl":"https://foto.praha-19.ys-beta.cz/app/uploads/2024/02/Kaplicka-Kulmenska-1.jpg","width":267,"height":374},{"@type":"BreadcrumbList","@id":"https://foto.praha-19.ys-beta.cz/index.php/nase-projekty/replika-kaplicky-kulmenske/#breadcrumb","itemListElement":[{"@type":"ListItem","position":1,"name":"Home","item":"https://foto.praha-19.ys-beta.cz/"},{"@type":"ListItem","position":2,"name":"Naše projekty","item":"https://foto.praha-19.ys-beta.cz/index.php/nase-projekty/"},{"@type":"ListItem","position":3,"name":"Replika kapličky Kulmenské"}]},{"@type":"WebSite","@id":"https://foto.praha-19.ys-beta.cz/#website","url":"https://foto.praha-19.ys-beta.cz/","name":"Fotogalerie - Praha 19","description":"Fotogalerie městské části Praha 19","potentialAction":[{"@type":"SearchAction","target":{"@type":"EntryPoint","urlTemplate":"https://foto.praha-19.ys-beta.cz/?s={search_term_string}"},"query-input":{"@type":"PropertyValueSpecification","valueRequired":true,"valueName":"search_term_string"}}],"inLanguage":"cs"}]}</script>
<!-- / Yoast SEO plugin. -->

Replika kapličky Kulmenské - Fotogalerie - Praha 19

Městská část Praha 19 zahájila stavbu kopie výklenkové kaple č. 18 jako odpočinkové místo v rámci cyklotrasy A267 Via Sancta u ulice Polaneckého. Kaplička Kulmenská bude doplňovat řadu kapliček na Svaté cestě, které stávaly na území Kbel. V kapličce bude umístěn také obraz jako reprodukce původní freskové výzdoby kaple. V dolní části byl vyobrazen sv. [&hellip;]

Naše projekty

Fotogalerie městské části Praha 19
