{"id":1073,"date":"2022-11-07T17:44:10","date_gmt":"2022-11-07T15:44:10","guid":{"rendered":"https:\/\/foto.praha-19.ys-beta.cz\/?page_id=1073"},"modified":"2024-02-27T09:30:26","modified_gmt":"2024-02-27T07:30:26","slug":"krajinny-park-havranak","status":"publish","type":"page","link":"https:\/\/foto.praha-19.ys-beta.cz\/index.php\/nase-projekty\/krajinny-park-havranak\/","title":{"rendered":"Krajinn\u00fd park Havra\u0148\u00e1k"},"content":{"rendered":"\n<p><strong>STROMY M\u00cdSTO BYTOV\u00ddCH DOM\u016e<\/strong><\/p>\n\n\n\n<p>V\u010dera za\u010dala v\u00fdsadba rozs\u00e1hl\u00e9ho Krajinn\u00e9ho parku Havra\u0148\u00e1k. V ji\u017en\u00ed \u010d\u00e1sti parku u Tou\u017eimsk\u00e9 ulice u\u017e m\u016f\u017eete vid\u011bt prvn\u00ed stromky.<\/p>\n\n\n\n<p>Jsou to mal\u00e9 sazenice, ale velk\u00fd den pro Kbely. Za patn\u00e1ct let budou sazenice stejn\u011b velk\u00e9 jako stromy, kter\u00e9 byly s\u00e1zeny p\u0159ed patn\u00e1cti lety. Bude to trvat roky, ale v\u011b\u0159\u00edme, \u017ee park se jednou roz\u0161\u00ed\u0159\u00ed d\u00e1l a\u017e ke Kbelsk\u00e9mu h\u0159bitovu. V severn\u00ed \u010d\u00e1sti krajinn\u00e9ho parku u\u017e je vid\u011bt celkov\u00e1 koncepce. Za\u010d\u00edn\u00e1 se s\u00e1zen\u00edm strom\u016f na m\u011bstsk\u00fdch pozemc\u00edch a budov\u00e1n\u00edm cestn\u00ed s\u00edt\u011b.<\/p>\n\n\n\n<p>Pozemek byl p\u016fvodn\u011b ur\u010den\u00fd k zastav\u011bn\u00ed bytov\u00fdmi domy, ale Kbely v\u00fdstavbu odm\u00edtly a prosadily rad\u011bji roz\u0161\u00ed\u0159en\u00ed lesoparku.<\/p>\n\n\n\n<p>&#8220;\u00dazemn\u00ed rozvoj pro n\u00e1s nejsou bytovky, ale hlavn\u011b infrastruktura pro st\u00e1vaj\u00edc\u00ed obyvatele, tedy parky, zdravotn\u00ed st\u0159ediska, sportovn\u00ed za\u0159\u00edzen\u00ed a dal\u0161\u00ed ob\u010dansk\u00e1 vybavenost,&#8221; \u0159\u00edk\u00e1 starosta Kbel Pavel \u017d\u010f\u00e1rsk\u00fd.<\/p>\n\n\n\n<p>Stejn\u011b tak bylo velmi obt\u00ed\u017en\u00e9 bojovat s betonovou lobby za nep\u0159ek\u0159\u00ed\u017een\u00ed parku silnicemi. Nyn\u00ed u\u017e na\u0161t\u011bst\u00ed b\u011b\u017e\u00ed zm\u011bna \u00fazemn\u00edho pl\u00e1nu na vypu\u0161t\u011bn\u00ed silnic ze srdce parku a \u201eKbelsk\u00e1 radi\u00e1la\u201c od Kostelce nad Labem by m\u011bla skon\u010dit u\u017e v P\u0159ezletic\u00edch u d\u00e1lni\u010dn\u00edho okruhu.<em>28. 4. 2022<\/em><\/p>\n","protected":false},"excerpt":{"rendered":"<p>STROMY M\u00cdSTO BYTOV\u00ddCH DOM\u016e V\u010dera za\u010dala v\u00fdsadba rozs\u00e1hl\u00e9ho Krajinn\u00e9ho parku Havra\u0148\u00e1k. V ji\u017en\u00ed \u010d\u00e1sti parku u Tou\u017eimsk\u00e9 ulice u\u017e m\u016f\u017eete vid\u011bt prvn\u00ed stromky. Jsou to mal\u00e9 sazenice, ale velk\u00fd den pro Kbely. Za patn\u00e1ct let budou sazenice stejn\u011b velk\u00e9 jako stromy, kter\u00e9 byly s\u00e1zeny p\u0159ed patn\u00e1cti lety. Bude to trvat roky, ale v\u011b\u0159\u00edme, \u017ee park [&hellip;]<\/p>\n","protected":false},"author":6,"featured_media":14460,"parent":1024,"menu_order":0,"comment_status":"closed","ping_status":"closed","template":"","meta":{"footnotes":""},"class_list":["post-1073","page","type-page","status-publish","has-post-thumbnail","hentry"],"yoast_head":"<!-- This site is optimized with the Yoast SEO plugin v27.2 - https:\/\/yoast.com\/product\/yoast-seo-wordpress\/ -->\n<title>Krajinn\u00fd park Havra\u0148\u00e1k - Fotogalerie - Praha 19<\/title>\n<meta name=\"robots\" content=\"noindex, follow, max-snippet:-1, max-image-preview:large, max-video-preview:-1\" \/>\n<meta property=\"og:locale\" content=\"cs_CZ\" \/>\n<meta property=\"og:type\" content=\"article\" \/>\n<meta property=\"og:title\" content=\"Krajinn\u00fd park Havra\u0148\u00e1k - Fotogalerie - Praha 19\" \/>\n<meta property=\"og:description\" content=\"STROMY M\u00cdSTO BYTOV\u00ddCH DOM\u016e V\u010dera za\u010dala v\u00fdsadba rozs\u00e1hl\u00e9ho Krajinn\u00e9ho parku Havra\u0148\u00e1k. V ji\u017en\u00ed \u010d\u00e1sti parku u Tou\u017eimsk\u00e9 ulice u\u017e m\u016f\u017eete vid\u011bt prvn\u00ed stromky. Jsou to mal\u00e9 sazenice, ale velk\u00fd den pro Kbely. Za patn\u00e1ct let budou sazenice stejn\u011b velk\u00e9 jako stromy, kter\u00e9 byly s\u00e1zeny p\u0159ed patn\u00e1cti lety. Bude to trvat roky, ale v\u011b\u0159\u00edme, \u017ee park [&hellip;]\" \/>\n<meta property=\"og:url\" content=\"https:\/\/foto.praha-19.ys-beta.cz\/index.php\/nase-projekty\/krajinny-park-havranak\/\" \/>\n<meta property=\"og:site_name\" content=\"Fotogalerie - Praha 19\" \/>\n<meta property=\"article:modified_time\" content=\"2024-02-27T07:30:26+00:00\" \/>\n<meta property=\"og:image\" content=\"https:\/\/foto.praha-19.ys-beta.cz\/app\/uploads\/2024\/02\/Havranak-1.jpg\" \/>\n\t<meta property=\"og:image:width\" content=\"180\" \/>\n\t<meta property=\"og:image:height\" content=\"127\" \/>\n\t<meta property=\"og:image:type\" content=\"image\/jpeg\" \/>\n<meta name=\"twitter:card\" content=\"summary_large_image\" \/>\n<script type=\"application\/ld+json\" class=\"yoast-schema-graph\">{\"@context\":\"https:\/\/schema.org\",\"@graph\":[{\"@type\":\"WebPage\",\"@id\":\"https:\/\/foto.praha-19.ys-beta.cz\/index.php\/nase-projekty\/krajinny-park-havranak\/\",\"url\":\"https:\/\/foto.praha-19.ys-beta.cz\/index.php\/nase-projekty\/krajinny-park-havranak\/\",\"name\":\"Krajinn\u00fd park Havra\u0148\u00e1k - Fotogalerie - Praha 19\",\"isPartOf\":{\"@id\":\"https:\/\/foto.praha-19.ys-beta.cz\/#website\"},\"primaryImageOfPage\":{\"@id\":\"https:\/\/foto.praha-19.ys-beta.cz\/index.php\/nase-projekty\/krajinny-park-havranak\/#primaryimage\"},\"image\":{\"@id\":\"https:\/\/foto.praha-19.ys-beta.cz\/index.php\/nase-projekty\/krajinny-park-havranak\/#primaryimage\"},\"thumbnailUrl\":\"https:\/\/foto.praha-19.ys-beta.cz\/app\/uploads\/2024\/02\/Havranak-1.jpg\",\"datePublished\":\"2022-11-07T15:44:10+00:00\",\"dateModified\":\"2024-02-27T07:30:26+00:00\",\"breadcrumb\":{\"@id\":\"https:\/\/foto.praha-19.ys-beta.cz\/index.php\/nase-projekty\/krajinny-park-havranak\/#breadcrumb\"},\"inLanguage\":\"cs\",\"potentialAction\":[{\"@type\":\"ReadAction\",\"target\":[\"https:\/\/foto.praha-19.ys-beta.cz\/index.php\/nase-projekty\/krajinny-park-havranak\/\"]}]},{\"@type\":\"ImageObject\",\"inLanguage\":\"cs\",\"@id\":\"https:\/\/foto.praha-19.ys-beta.cz\/index.php\/nase-projekty\/krajinny-park-havranak\/#primaryimage\",\"url\":\"https:\/\/foto.praha-19.ys-beta.cz\/app\/uploads\/2024\/02\/Havranak-1.jpg\",\"contentUrl\":\"https:\/\/foto.praha-19.ys-beta.cz\/app\/uploads\/2024\/02\/Havranak-1.jpg\",\"width\":180,\"height\":127},{\"@type\":\"BreadcrumbList\",\"@id\":\"https:\/\/foto.praha-19.ys-beta.cz\/index.php\/nase-projekty\/krajinny-park-havranak\/#breadcrumb\",\"itemListElement\":[{\"@type\":\"ListItem\",\"position\":1,\"name\":\"Home\",\"item\":\"https:\/\/foto.praha-19.ys-beta.cz\/\"},{\"@type\":\"ListItem\",\"position\":2,\"name\":\"Na\u0161e projekty\",\"item\":\"https:\/\/foto.praha-19.ys-beta.cz\/index.php\/nase-projekty\/\"},{\"@type\":\"ListItem\",\"position\":3,\"name\":\"Krajinn\u00fd park Havra\u0148\u00e1k\"}]},{\"@type\":\"WebSite\",\"@id\":\"https:\/\/foto.praha-19.ys-beta.cz\/#website\",\"url\":\"https:\/\/foto.praha-19.ys-beta.cz\/\",\"name\":\"Fotogalerie - Praha 19\",\"description\":\"Fotogalerie m\u011bstsk\u00e9 \u010d\u00e1sti Praha 19\",\"potentialAction\":[{\"@type\":\"SearchAction\",\"target\":{\"@type\":\"EntryPoint\",\"urlTemplate\":\"https:\/\/foto.praha-19.ys-beta.cz\/?s={search_term_string}\"},\"query-input\":{\"@type\":\"PropertyValueSpecification\",\"valueRequired\":true,\"valueName\":\"search_term_string\"}}],\"inLanguage\":\"cs\"}]}<\/script>\n<!-- \/ Yoast SEO plugin. -->","yoast_head_json":{"title":"Krajinn\u00fd park Havra\u0148\u00e1k - Fotogalerie - Praha 19","robots":{"index":"noindex","follow":"follow","max-snippet":"max-snippet:-1","max-image-preview":"max-image-preview:large","max-video-preview":"max-video-preview:-1"},"og_locale":"cs_CZ","og_type":"article","og_title":"Krajinn\u00fd park Havra\u0148\u00e1k - Fotogalerie - Praha 19","og_description":"STROMY M\u00cdSTO BYTOV\u00ddCH DOM\u016e V\u010dera za\u010dala v\u00fdsadba rozs\u00e1hl\u00e9ho Krajinn\u00e9ho parku Havra\u0148\u00e1k. V ji\u017en\u00ed \u010d\u00e1sti parku u Tou\u017eimsk\u00e9 ulice u\u017e m\u016f\u017eete vid\u011bt prvn\u00ed stromky. Jsou to mal\u00e9 sazenice, ale velk\u00fd den pro Kbely. Za patn\u00e1ct let budou sazenice stejn\u011b velk\u00e9 jako stromy, kter\u00e9 byly s\u00e1zeny p\u0159ed patn\u00e1cti lety. Bude to trvat roky, ale v\u011b\u0159\u00edme, \u017ee park [&hellip;]","og_url":"https:\/\/foto.praha-19.ys-beta.cz\/index.php\/nase-projekty\/krajinny-park-havranak\/","og_site_name":"Fotogalerie - Praha 19","article_modified_time":"2024-02-27T07:30:26+00:00","og_image":[{"width":180,"height":127,"url":"https:\/\/foto.praha-19.ys-beta.cz\/app\/uploads\/2024\/02\/Havranak-1.jpg","type":"image\/jpeg"}],"twitter_card":"summary_large_image","schema":{"@context":"https:\/\/schema.org","@graph":[{"@type":"WebPage","@id":"https:\/\/foto.praha-19.ys-beta.cz\/index.php\/nase-projekty\/krajinny-park-havranak\/","url":"https:\/\/foto.praha-19.ys-beta.cz\/index.php\/nase-projekty\/krajinny-park-havranak\/","name":"Krajinn\u00fd park Havra\u0148\u00e1k - Fotogalerie - Praha 19","isPartOf":{"@id":"https:\/\/foto.praha-19.ys-beta.cz\/#website"},"primaryImageOfPage":{"@id":"https:\/\/foto.praha-19.ys-beta.cz\/index.php\/nase-projekty\/krajinny-park-havranak\/#primaryimage"},"image":{"@id":"https:\/\/foto.praha-19.ys-beta.cz\/index.php\/nase-projekty\/krajinny-park-havranak\/#primaryimage"},"thumbnailUrl":"https:\/\/foto.praha-19.ys-beta.cz\/app\/uploads\/2024\/02\/Havranak-1.jpg","datePublished":"2022-11-07T15:44:10+00:00","dateModified":"2024-02-27T07:30:26+00:00","breadcrumb":{"@id":"https:\/\/foto.praha-19.ys-beta.cz\/index.php\/nase-projekty\/krajinny-park-havranak\/#breadcrumb"},"inLanguage":"cs","potentialAction":[{"@type":"ReadAction","target":["https:\/\/foto.praha-19.ys-beta.cz\/index.php\/nase-projekty\/krajinny-park-havranak\/"]}]},{"@type":"ImageObject","inLanguage":"cs","@id":"https:\/\/foto.praha-19.ys-beta.cz\/index.php\/nase-projekty\/krajinny-park-havranak\/#primaryimage","url":"https:\/\/foto.praha-19.ys-beta.cz\/app\/uploads\/2024\/02\/Havranak-1.jpg","contentUrl":"https:\/\/foto.praha-19.ys-beta.cz\/app\/uploads\/2024\/02\/Havranak-1.jpg","width":180,"height":127},{"@type":"BreadcrumbList","@id":"https:\/\/foto.praha-19.ys-beta.cz\/index.php\/nase-projekty\/krajinny-park-havranak\/#breadcrumb","itemListElement":[{"@type":"ListItem","position":1,"name":"Home","item":"https:\/\/foto.praha-19.ys-beta.cz\/"},{"@type":"ListItem","position":2,"name":"Na\u0161e projekty","item":"https:\/\/foto.praha-19.ys-beta.cz\/index.php\/nase-projekty\/"},{"@type":"ListItem","position":3,"name":"Krajinn\u00fd park Havra\u0148\u00e1k"}]},{"@type":"WebSite","@id":"https:\/\/foto.praha-19.ys-beta.cz\/#website","url":"https:\/\/foto.praha-19.ys-beta.cz\/","name":"Fotogalerie - Praha 19","description":"Fotogalerie m\u011bstsk\u00e9 \u010d\u00e1sti Praha 19","potentialAction":[{"@type":"SearchAction","target":{"@type":"EntryPoint","urlTemplate":"https:\/\/foto.praha-19.ys-beta.cz\/?s={search_term_string}"},"query-input":{"@type":"PropertyValueSpecification","valueRequired":true,"valueName":"search_term_string"}}],"inLanguage":"cs"}]}},"_links":{"self":[{"href":"https:\/\/foto.praha-19.ys-beta.cz\/index.php\/wp-json\/wp\/v2\/pages\/1073","targetHints":{"allow":["GET"]}}],"collection":[{"href":"https:\/\/foto.praha-19.ys-beta.cz\/index.php\/wp-json\/wp\/v2\/pages"}],"about":[{"href":"https:\/\/foto.praha-19.ys-beta.cz\/index.php\/wp-json\/wp\/v2\/types\/page"}],"author":[{"embeddable":true,"href":"https:\/\/foto.praha-19.ys-beta.cz\/index.php\/wp-json\/wp\/v2\/users\/6"}],"replies":[{"embeddable":true,"href":"https:\/\/foto.praha-19.ys-beta.cz\/index.php\/wp-json\/wp\/v2\/comments?post=1073"}],"version-history":[{"count":2,"href":"https:\/\/foto.praha-19.ys-beta.cz\/index.php\/wp-json\/wp\/v2\/pages\/1073\/revisions"}],"predecessor-version":[{"id":14502,"href":"https:\/\/foto.praha-19.ys-beta.cz\/index.php\/wp-json\/wp\/v2\/pages\/1073\/revisions\/14502"}],"up":[{"embeddable":true,"href":"https:\/\/foto.praha-19.ys-beta.cz\/index.php\/wp-json\/wp\/v2\/pages\/1024"}],"wp:featuredmedia":[{"embeddable":true,"href":"https:\/\/foto.praha-19.ys-beta.cz\/index.php\/wp-json\/wp\/v2\/media\/14460"}],"wp:attachment":[{"href":"https:\/\/foto.praha-19.ys-beta.cz\/index.php\/wp-json\/wp\/v2\/media?parent=1073"}],"curies":[{"name":"wp","href":"https:\/\/api.w.org\/{rel}","templated":true}]}}

Krajinný park Havraňák

<p><strong>STROMY MÍSTO BYTOVÝCH DOMŮ</strong></p>



<p>Včera začala výsadba rozsáhlého Krajinného parku Havraňák. V jižní části parku u Toužimské ulice už můžete vidět první stromky.</p>



<p>Jsou to malé sazenice, ale velký den pro Kbely. Za patnáct let budou sazenice stejně velké jako stromy, které byly sázeny před patnácti lety. Bude to trvat roky, ale věříme, že park se jednou rozšíří dál až ke Kbelskému hřbitovu. V severní části krajinného parku už je vidět celková koncepce. Začíná se sázením stromů na městských pozemcích a budováním cestní sítě.</p>



<p>Pozemek byl původně určený k zastavění bytovými domy, ale Kbely výstavbu odmítly a prosadily raději rozšíření lesoparku.</p>



<p>&#8220;Územní rozvoj pro nás nejsou bytovky, ale hlavně infrastruktura pro stávající obyvatele, tedy parky, zdravotní střediska, sportovní zařízení a další občanská vybavenost,&#8221; říká starosta Kbel Pavel Žďárský.</p>



<p>Stejně tak bylo velmi obtížné bojovat s betonovou lobby za nepřekřížení parku silnicemi. Nyní už naštěstí běží změna územního plánu na vypuštění silnic ze srdce parku a „Kbelská radiála“ od Kostelce nad Labem by měla skončit už v Přezleticích u dálničního okruhu.<em>28. 4. 2022</em></p>

<p>STROMY MÍSTO BYTOVÝCH DOMŮ Včera začala výsadba rozsáhlého Krajinného parku Havraňák. V jižní části parku u Toužimské ulice už můžete vidět první stromky. Jsou to malé sazenice, ale velký den pro Kbely. Za patnáct let budou sazenice stejně velké jako stromy, které byly sázeny před patnácti lety. Bude to trvat roky, ale věříme, že park [&hellip;]</p>

<!-- This site is optimized with the Yoast SEO plugin v27.2 - https://yoast.com/product/yoast-seo-wordpress/ -->
<title>Krajinný park Havraňák - Fotogalerie - Praha 19</title>
<meta name="robots" content="noindex, follow, max-snippet:-1, max-image-preview:large, max-video-preview:-1" />
<meta property="og:locale" content="cs_CZ" />
<meta property="og:type" content="article" />
<meta property="og:title" content="Krajinný park Havraňák - Fotogalerie - Praha 19" />
<meta property="og:description" content="STROMY MÍSTO BYTOVÝCH DOMŮ Včera začala výsadba rozsáhlého Krajinného parku Havraňák. V jižní části parku u Toužimské ulice už můžete vidět první stromky. Jsou to malé sazenice, ale velký den pro Kbely. Za patnáct let budou sazenice stejně velké jako stromy, které byly sázeny před patnácti lety. Bude to trvat roky, ale věříme, že park [&hellip;]" />
<meta property="og:url" content="https://foto.praha-19.ys-beta.cz/index.php/nase-projekty/krajinny-park-havranak/" />
<meta property="og:site_name" content="Fotogalerie - Praha 19" />
<meta property="article:modified_time" content="2024-02-27T07:30:26+00:00" />
<meta property="og:image" content="https://foto.praha-19.ys-beta.cz/app/uploads/2024/02/Havranak-1.jpg" />
	<meta property="og:image:width" content="180" />
	<meta property="og:image:height" content="127" />
	<meta property="og:image:type" content="image/jpeg" />
<meta name="twitter:card" content="summary_large_image" />
<script type="application/ld+json" class="yoast-schema-graph">{"@context":"https://schema.org","@graph":[{"@type":"WebPage","@id":"https://foto.praha-19.ys-beta.cz/index.php/nase-projekty/krajinny-park-havranak/","url":"https://foto.praha-19.ys-beta.cz/index.php/nase-projekty/krajinny-park-havranak/","name":"Krajinný park Havraňák - Fotogalerie - Praha 19","isPartOf":{"@id":"https://foto.praha-19.ys-beta.cz/#website"},"primaryImageOfPage":{"@id":"https://foto.praha-19.ys-beta.cz/index.php/nase-projekty/krajinny-park-havranak/#primaryimage"},"image":{"@id":"https://foto.praha-19.ys-beta.cz/index.php/nase-projekty/krajinny-park-havranak/#primaryimage"},"thumbnailUrl":"https://foto.praha-19.ys-beta.cz/app/uploads/2024/02/Havranak-1.jpg","datePublished":"2022-11-07T15:44:10+00:00","dateModified":"2024-02-27T07:30:26+00:00","breadcrumb":{"@id":"https://foto.praha-19.ys-beta.cz/index.php/nase-projekty/krajinny-park-havranak/#breadcrumb"},"inLanguage":"cs","potentialAction":[{"@type":"ReadAction","target":["https://foto.praha-19.ys-beta.cz/index.php/nase-projekty/krajinny-park-havranak/"]}]},{"@type":"ImageObject","inLanguage":"cs","@id":"https://foto.praha-19.ys-beta.cz/index.php/nase-projekty/krajinny-park-havranak/#primaryimage","url":"https://foto.praha-19.ys-beta.cz/app/uploads/2024/02/Havranak-1.jpg","contentUrl":"https://foto.praha-19.ys-beta.cz/app/uploads/2024/02/Havranak-1.jpg","width":180,"height":127},{"@type":"BreadcrumbList","@id":"https://foto.praha-19.ys-beta.cz/index.php/nase-projekty/krajinny-park-havranak/#breadcrumb","itemListElement":[{"@type":"ListItem","position":1,"name":"Home","item":"https://foto.praha-19.ys-beta.cz/"},{"@type":"ListItem","position":2,"name":"Naše projekty","item":"https://foto.praha-19.ys-beta.cz/index.php/nase-projekty/"},{"@type":"ListItem","position":3,"name":"Krajinný park Havraňák"}]},{"@type":"WebSite","@id":"https://foto.praha-19.ys-beta.cz/#website","url":"https://foto.praha-19.ys-beta.cz/","name":"Fotogalerie - Praha 19","description":"Fotogalerie městské části Praha 19","potentialAction":[{"@type":"SearchAction","target":{"@type":"EntryPoint","urlTemplate":"https://foto.praha-19.ys-beta.cz/?s={search_term_string}"},"query-input":{"@type":"PropertyValueSpecification","valueRequired":true,"valueName":"search_term_string"}}],"inLanguage":"cs"}]}</script>
<!-- / Yoast SEO plugin. -->

Krajinný park Havraňák - Fotogalerie - Praha 19

STROMY MÍSTO BYTOVÝCH DOMŮ Včera začala výsadba rozsáhlého Krajinného parku Havraňák. V jižní části parku u Toužimské ulice už můžete vidět první stromky. Jsou to malé sazenice, ale velký den pro Kbely. Za patnáct let budou sazenice stejně velké jako stromy, které byly sázeny před patnácti lety. Bude to trvat roky, ale věříme, že park [&hellip;]

Naše projekty

Fotogalerie městské části Praha 19
