{"id":1065,"date":"2022-11-07T17:41:24","date_gmt":"2022-11-07T15:41:24","guid":{"rendered":"https:\/\/foto.praha-19.ys-beta.cz\/?page_id=1065"},"modified":"2024-02-27T09:25:28","modified_gmt":"2024-02-27T07:25:28","slug":"verejne-wc-v-centralnim-parku-kbely","status":"publish","type":"page","link":"https:\/\/foto.praha-19.ys-beta.cz\/index.php\/nase-projekty\/verejne-wc-v-centralnim-parku-kbely\/","title":{"rendered":"Ve\u0159ejn\u00e9 WC v Centr\u00e1ln\u00edm parku Kbely"},"content":{"rendered":"\n<p>Novostavba ve\u0159ejn\u00e9ho WC v Centr\u00e1ln\u00edm parku Kbely je navr\u017eena jako jednopodla\u017en\u00ed nepodsklepen\u00fd d\u0159ev\u011bn\u00fd samostatn\u011b stoj\u00edc\u00ed objekt se sedlovou st\u0159echou, kter\u00fd je um\u00edst\u011bn v klidov\u00e9 z\u00f3n\u011b u v\u00fdchodn\u00ed strany parku pod m\u00edrn\u00fdm svahem. Objekt je ur\u010den jako hygienick\u00e9 a soci\u00e1ln\u00ed z\u00e1zem\u00ed pro pot\u0159eby n\u00e1v\u0161t\u011bvn\u00edk\u016f centr\u00e1ln\u00edho parku Kbely v M\u010c Praha 19. Vobjektu je navr\u017eeno WC a skladovac\u00ed prostor. Soci\u00e1ln\u00ed z\u00e1zem\u00ed obsahuje i WC pro TP \u2013 p\u0159\u00edstupn\u00e9 po ramp\u011b zven\u010d\u00ed objektu.<\/p>\n","protected":false},"excerpt":{"rendered":"<p>Novostavba ve\u0159ejn\u00e9ho WC v Centr\u00e1ln\u00edm parku Kbely je navr\u017eena jako jednopodla\u017en\u00ed nepodsklepen\u00fd d\u0159ev\u011bn\u00fd samostatn\u011b stoj\u00edc\u00ed objekt se sedlovou st\u0159echou, kter\u00fd je um\u00edst\u011bn v klidov\u00e9 z\u00f3n\u011b u v\u00fdchodn\u00ed strany parku pod m\u00edrn\u00fdm svahem. Objekt je ur\u010den jako hygienick\u00e9 a soci\u00e1ln\u00ed z\u00e1zem\u00ed pro pot\u0159eby n\u00e1v\u0161t\u011bvn\u00edk\u016f centr\u00e1ln\u00edho parku Kbely v M\u010c Praha 19. Vobjektu je navr\u017eeno WC a [&hellip;]<\/p>\n","protected":false},"author":6,"featured_media":14471,"parent":1024,"menu_order":0,"comment_status":"closed","ping_status":"closed","template":"","meta":{"footnotes":""},"class_list":["post-1065","page","type-page","status-publish","has-post-thumbnail","hentry"],"yoast_head":"<!-- This site is optimized with the Yoast SEO plugin v27.2 - https:\/\/yoast.com\/product\/yoast-seo-wordpress\/ -->\n<title>Ve\u0159ejn\u00e9 WC v Centr\u00e1ln\u00edm parku Kbely - Fotogalerie - Praha 19<\/title>\n<meta name=\"robots\" content=\"noindex, follow, max-snippet:-1, max-image-preview:large, max-video-preview:-1\" \/>\n<meta property=\"og:locale\" content=\"cs_CZ\" \/>\n<meta property=\"og:type\" content=\"article\" \/>\n<meta property=\"og:title\" content=\"Ve\u0159ejn\u00e9 WC v Centr\u00e1ln\u00edm parku Kbely - Fotogalerie - Praha 19\" \/>\n<meta property=\"og:description\" content=\"Novostavba ve\u0159ejn\u00e9ho WC v Centr\u00e1ln\u00edm parku Kbely je navr\u017eena jako jednopodla\u017en\u00ed nepodsklepen\u00fd d\u0159ev\u011bn\u00fd samostatn\u011b stoj\u00edc\u00ed objekt se sedlovou st\u0159echou, kter\u00fd je um\u00edst\u011bn v klidov\u00e9 z\u00f3n\u011b u v\u00fdchodn\u00ed strany parku pod m\u00edrn\u00fdm svahem. Objekt je ur\u010den jako hygienick\u00e9 a soci\u00e1ln\u00ed z\u00e1zem\u00ed pro pot\u0159eby n\u00e1v\u0161t\u011bvn\u00edk\u016f centr\u00e1ln\u00edho parku Kbely v M\u010c Praha 19. Vobjektu je navr\u017eeno WC a [&hellip;]\" \/>\n<meta property=\"og:url\" content=\"https:\/\/foto.praha-19.ys-beta.cz\/index.php\/nase-projekty\/verejne-wc-v-centralnim-parku-kbely\/\" \/>\n<meta property=\"og:site_name\" content=\"Fotogalerie - Praha 19\" \/>\n<meta property=\"article:modified_time\" content=\"2024-02-27T07:25:28+00:00\" \/>\n<meta property=\"og:image\" content=\"https:\/\/foto.praha-19.ys-beta.cz\/app\/uploads\/2024\/02\/WC-1.jpg\" \/>\n\t<meta property=\"og:image:width\" content=\"314\" \/>\n\t<meta property=\"og:image:height\" content=\"209\" \/>\n\t<meta property=\"og:image:type\" content=\"image\/jpeg\" \/>\n<meta name=\"twitter:card\" content=\"summary_large_image\" \/>\n<meta name=\"twitter:label1\" content=\"Est. reading time\" \/>\n\t<meta name=\"twitter:data1\" content=\"1 minuta\" \/>\n<script type=\"application\/ld+json\" class=\"yoast-schema-graph\">{\"@context\":\"https:\/\/schema.org\",\"@graph\":[{\"@type\":\"WebPage\",\"@id\":\"https:\/\/foto.praha-19.ys-beta.cz\/index.php\/nase-projekty\/verejne-wc-v-centralnim-parku-kbely\/\",\"url\":\"https:\/\/foto.praha-19.ys-beta.cz\/index.php\/nase-projekty\/verejne-wc-v-centralnim-parku-kbely\/\",\"name\":\"Ve\u0159ejn\u00e9 WC v Centr\u00e1ln\u00edm parku Kbely - Fotogalerie - Praha 19\",\"isPartOf\":{\"@id\":\"https:\/\/foto.praha-19.ys-beta.cz\/#website\"},\"primaryImageOfPage\":{\"@id\":\"https:\/\/foto.praha-19.ys-beta.cz\/index.php\/nase-projekty\/verejne-wc-v-centralnim-parku-kbely\/#primaryimage\"},\"image\":{\"@id\":\"https:\/\/foto.praha-19.ys-beta.cz\/index.php\/nase-projekty\/verejne-wc-v-centralnim-parku-kbely\/#primaryimage\"},\"thumbnailUrl\":\"https:\/\/foto.praha-19.ys-beta.cz\/app\/uploads\/2024\/02\/WC-1.jpg\",\"datePublished\":\"2022-11-07T15:41:24+00:00\",\"dateModified\":\"2024-02-27T07:25:28+00:00\",\"breadcrumb\":{\"@id\":\"https:\/\/foto.praha-19.ys-beta.cz\/index.php\/nase-projekty\/verejne-wc-v-centralnim-parku-kbely\/#breadcrumb\"},\"inLanguage\":\"cs\",\"potentialAction\":[{\"@type\":\"ReadAction\",\"target\":[\"https:\/\/foto.praha-19.ys-beta.cz\/index.php\/nase-projekty\/verejne-wc-v-centralnim-parku-kbely\/\"]}]},{\"@type\":\"ImageObject\",\"inLanguage\":\"cs\",\"@id\":\"https:\/\/foto.praha-19.ys-beta.cz\/index.php\/nase-projekty\/verejne-wc-v-centralnim-parku-kbely\/#primaryimage\",\"url\":\"https:\/\/foto.praha-19.ys-beta.cz\/app\/uploads\/2024\/02\/WC-1.jpg\",\"contentUrl\":\"https:\/\/foto.praha-19.ys-beta.cz\/app\/uploads\/2024\/02\/WC-1.jpg\",\"width\":314,\"height\":209},{\"@type\":\"BreadcrumbList\",\"@id\":\"https:\/\/foto.praha-19.ys-beta.cz\/index.php\/nase-projekty\/verejne-wc-v-centralnim-parku-kbely\/#breadcrumb\",\"itemListElement\":[{\"@type\":\"ListItem\",\"position\":1,\"name\":\"Home\",\"item\":\"https:\/\/foto.praha-19.ys-beta.cz\/\"},{\"@type\":\"ListItem\",\"position\":2,\"name\":\"Na\u0161e projekty\",\"item\":\"https:\/\/foto.praha-19.ys-beta.cz\/index.php\/nase-projekty\/\"},{\"@type\":\"ListItem\",\"position\":3,\"name\":\"Ve\u0159ejn\u00e9 WC v Centr\u00e1ln\u00edm parku Kbely\"}]},{\"@type\":\"WebSite\",\"@id\":\"https:\/\/foto.praha-19.ys-beta.cz\/#website\",\"url\":\"https:\/\/foto.praha-19.ys-beta.cz\/\",\"name\":\"Fotogalerie - Praha 19\",\"description\":\"Fotogalerie m\u011bstsk\u00e9 \u010d\u00e1sti Praha 19\",\"potentialAction\":[{\"@type\":\"SearchAction\",\"target\":{\"@type\":\"EntryPoint\",\"urlTemplate\":\"https:\/\/foto.praha-19.ys-beta.cz\/?s={search_term_string}\"},\"query-input\":{\"@type\":\"PropertyValueSpecification\",\"valueRequired\":true,\"valueName\":\"search_term_string\"}}],\"inLanguage\":\"cs\"}]}<\/script>\n<!-- \/ Yoast SEO plugin. -->","yoast_head_json":{"title":"Ve\u0159ejn\u00e9 WC v Centr\u00e1ln\u00edm parku Kbely - Fotogalerie - Praha 19","robots":{"index":"noindex","follow":"follow","max-snippet":"max-snippet:-1","max-image-preview":"max-image-preview:large","max-video-preview":"max-video-preview:-1"},"og_locale":"cs_CZ","og_type":"article","og_title":"Ve\u0159ejn\u00e9 WC v Centr\u00e1ln\u00edm parku Kbely - Fotogalerie - Praha 19","og_description":"Novostavba ve\u0159ejn\u00e9ho WC v Centr\u00e1ln\u00edm parku Kbely je navr\u017eena jako jednopodla\u017en\u00ed nepodsklepen\u00fd d\u0159ev\u011bn\u00fd samostatn\u011b stoj\u00edc\u00ed objekt se sedlovou st\u0159echou, kter\u00fd je um\u00edst\u011bn v klidov\u00e9 z\u00f3n\u011b u v\u00fdchodn\u00ed strany parku pod m\u00edrn\u00fdm svahem. Objekt je ur\u010den jako hygienick\u00e9 a soci\u00e1ln\u00ed z\u00e1zem\u00ed pro pot\u0159eby n\u00e1v\u0161t\u011bvn\u00edk\u016f centr\u00e1ln\u00edho parku Kbely v M\u010c Praha 19. Vobjektu je navr\u017eeno WC a [&hellip;]","og_url":"https:\/\/foto.praha-19.ys-beta.cz\/index.php\/nase-projekty\/verejne-wc-v-centralnim-parku-kbely\/","og_site_name":"Fotogalerie - Praha 19","article_modified_time":"2024-02-27T07:25:28+00:00","og_image":[{"width":314,"height":209,"url":"https:\/\/foto.praha-19.ys-beta.cz\/app\/uploads\/2024\/02\/WC-1.jpg","type":"image\/jpeg"}],"twitter_card":"summary_large_image","twitter_misc":{"Est. reading time":"1 minuta"},"schema":{"@context":"https:\/\/schema.org","@graph":[{"@type":"WebPage","@id":"https:\/\/foto.praha-19.ys-beta.cz\/index.php\/nase-projekty\/verejne-wc-v-centralnim-parku-kbely\/","url":"https:\/\/foto.praha-19.ys-beta.cz\/index.php\/nase-projekty\/verejne-wc-v-centralnim-parku-kbely\/","name":"Ve\u0159ejn\u00e9 WC v Centr\u00e1ln\u00edm parku Kbely - Fotogalerie - Praha 19","isPartOf":{"@id":"https:\/\/foto.praha-19.ys-beta.cz\/#website"},"primaryImageOfPage":{"@id":"https:\/\/foto.praha-19.ys-beta.cz\/index.php\/nase-projekty\/verejne-wc-v-centralnim-parku-kbely\/#primaryimage"},"image":{"@id":"https:\/\/foto.praha-19.ys-beta.cz\/index.php\/nase-projekty\/verejne-wc-v-centralnim-parku-kbely\/#primaryimage"},"thumbnailUrl":"https:\/\/foto.praha-19.ys-beta.cz\/app\/uploads\/2024\/02\/WC-1.jpg","datePublished":"2022-11-07T15:41:24+00:00","dateModified":"2024-02-27T07:25:28+00:00","breadcrumb":{"@id":"https:\/\/foto.praha-19.ys-beta.cz\/index.php\/nase-projekty\/verejne-wc-v-centralnim-parku-kbely\/#breadcrumb"},"inLanguage":"cs","potentialAction":[{"@type":"ReadAction","target":["https:\/\/foto.praha-19.ys-beta.cz\/index.php\/nase-projekty\/verejne-wc-v-centralnim-parku-kbely\/"]}]},{"@type":"ImageObject","inLanguage":"cs","@id":"https:\/\/foto.praha-19.ys-beta.cz\/index.php\/nase-projekty\/verejne-wc-v-centralnim-parku-kbely\/#primaryimage","url":"https:\/\/foto.praha-19.ys-beta.cz\/app\/uploads\/2024\/02\/WC-1.jpg","contentUrl":"https:\/\/foto.praha-19.ys-beta.cz\/app\/uploads\/2024\/02\/WC-1.jpg","width":314,"height":209},{"@type":"BreadcrumbList","@id":"https:\/\/foto.praha-19.ys-beta.cz\/index.php\/nase-projekty\/verejne-wc-v-centralnim-parku-kbely\/#breadcrumb","itemListElement":[{"@type":"ListItem","position":1,"name":"Home","item":"https:\/\/foto.praha-19.ys-beta.cz\/"},{"@type":"ListItem","position":2,"name":"Na\u0161e projekty","item":"https:\/\/foto.praha-19.ys-beta.cz\/index.php\/nase-projekty\/"},{"@type":"ListItem","position":3,"name":"Ve\u0159ejn\u00e9 WC v Centr\u00e1ln\u00edm parku Kbely"}]},{"@type":"WebSite","@id":"https:\/\/foto.praha-19.ys-beta.cz\/#website","url":"https:\/\/foto.praha-19.ys-beta.cz\/","name":"Fotogalerie - Praha 19","description":"Fotogalerie m\u011bstsk\u00e9 \u010d\u00e1sti Praha 19","potentialAction":[{"@type":"SearchAction","target":{"@type":"EntryPoint","urlTemplate":"https:\/\/foto.praha-19.ys-beta.cz\/?s={search_term_string}"},"query-input":{"@type":"PropertyValueSpecification","valueRequired":true,"valueName":"search_term_string"}}],"inLanguage":"cs"}]}},"_links":{"self":[{"href":"https:\/\/foto.praha-19.ys-beta.cz\/index.php\/wp-json\/wp\/v2\/pages\/1065","targetHints":{"allow":["GET"]}}],"collection":[{"href":"https:\/\/foto.praha-19.ys-beta.cz\/index.php\/wp-json\/wp\/v2\/pages"}],"about":[{"href":"https:\/\/foto.praha-19.ys-beta.cz\/index.php\/wp-json\/wp\/v2\/types\/page"}],"author":[{"embeddable":true,"href":"https:\/\/foto.praha-19.ys-beta.cz\/index.php\/wp-json\/wp\/v2\/users\/6"}],"replies":[{"embeddable":true,"href":"https:\/\/foto.praha-19.ys-beta.cz\/index.php\/wp-json\/wp\/v2\/comments?post=1065"}],"version-history":[{"count":2,"href":"https:\/\/foto.praha-19.ys-beta.cz\/index.php\/wp-json\/wp\/v2\/pages\/1065\/revisions"}],"predecessor-version":[{"id":14498,"href":"https:\/\/foto.praha-19.ys-beta.cz\/index.php\/wp-json\/wp\/v2\/pages\/1065\/revisions\/14498"}],"up":[{"embeddable":true,"href":"https:\/\/foto.praha-19.ys-beta.cz\/index.php\/wp-json\/wp\/v2\/pages\/1024"}],"wp:featuredmedia":[{"embeddable":true,"href":"https:\/\/foto.praha-19.ys-beta.cz\/index.php\/wp-json\/wp\/v2\/media\/14471"}],"wp:attachment":[{"href":"https:\/\/foto.praha-19.ys-beta.cz\/index.php\/wp-json\/wp\/v2\/media?parent=1065"}],"curies":[{"name":"wp","href":"https:\/\/api.w.org\/{rel}","templated":true}]}}

Veřejné WC v Centrálním parku Kbely

<p>Novostavba veřejného WC v Centrálním parku Kbely je navržena jako jednopodlažní nepodsklepený dřevěný samostatně stojící objekt se sedlovou střechou, který je umístěn v klidové zóně u východní strany parku pod mírným svahem. Objekt je určen jako hygienické a sociální zázemí pro potřeby návštěvníků centrálního parku Kbely v MČ Praha 19. Vobjektu je navrženo WC a skladovací prostor. Sociální zázemí obsahuje i WC pro TP – přístupné po rampě zvenčí objektu.</p>

<p>Novostavba veřejného WC v Centrálním parku Kbely je navržena jako jednopodlažní nepodsklepený dřevěný samostatně stojící objekt se sedlovou střechou, který je umístěn v klidové zóně u východní strany parku pod mírným svahem. Objekt je určen jako hygienické a sociální zázemí pro potřeby návštěvníků centrálního parku Kbely v MČ Praha 19. Vobjektu je navrženo WC a [&hellip;]</p>

<!-- This site is optimized with the Yoast SEO plugin v27.2 - https://yoast.com/product/yoast-seo-wordpress/ -->
<title>Veřejné WC v Centrálním parku Kbely - Fotogalerie - Praha 19</title>
<meta name="robots" content="noindex, follow, max-snippet:-1, max-image-preview:large, max-video-preview:-1" />
<meta property="og:locale" content="cs_CZ" />
<meta property="og:type" content="article" />
<meta property="og:title" content="Veřejné WC v Centrálním parku Kbely - Fotogalerie - Praha 19" />
<meta property="og:description" content="Novostavba veřejného WC v Centrálním parku Kbely je navržena jako jednopodlažní nepodsklepený dřevěný samostatně stojící objekt se sedlovou střechou, který je umístěn v klidové zóně u východní strany parku pod mírným svahem. Objekt je určen jako hygienické a sociální zázemí pro potřeby návštěvníků centrálního parku Kbely v MČ Praha 19. Vobjektu je navrženo WC a [&hellip;]" />
<meta property="og:url" content="https://foto.praha-19.ys-beta.cz/index.php/nase-projekty/verejne-wc-v-centralnim-parku-kbely/" />
<meta property="og:site_name" content="Fotogalerie - Praha 19" />
<meta property="article:modified_time" content="2024-02-27T07:25:28+00:00" />
<meta property="og:image" content="https://foto.praha-19.ys-beta.cz/app/uploads/2024/02/WC-1.jpg" />
	<meta property="og:image:width" content="314" />
	<meta property="og:image:height" content="209" />
	<meta property="og:image:type" content="image/jpeg" />
<meta name="twitter:card" content="summary_large_image" />
<meta name="twitter:label1" content="Est. reading time" />
	<meta name="twitter:data1" content="1 minuta" />
<script type="application/ld+json" class="yoast-schema-graph">{"@context":"https://schema.org","@graph":[{"@type":"WebPage","@id":"https://foto.praha-19.ys-beta.cz/index.php/nase-projekty/verejne-wc-v-centralnim-parku-kbely/","url":"https://foto.praha-19.ys-beta.cz/index.php/nase-projekty/verejne-wc-v-centralnim-parku-kbely/","name":"Veřejné WC v Centrálním parku Kbely - Fotogalerie - Praha 19","isPartOf":{"@id":"https://foto.praha-19.ys-beta.cz/#website"},"primaryImageOfPage":{"@id":"https://foto.praha-19.ys-beta.cz/index.php/nase-projekty/verejne-wc-v-centralnim-parku-kbely/#primaryimage"},"image":{"@id":"https://foto.praha-19.ys-beta.cz/index.php/nase-projekty/verejne-wc-v-centralnim-parku-kbely/#primaryimage"},"thumbnailUrl":"https://foto.praha-19.ys-beta.cz/app/uploads/2024/02/WC-1.jpg","datePublished":"2022-11-07T15:41:24+00:00","dateModified":"2024-02-27T07:25:28+00:00","breadcrumb":{"@id":"https://foto.praha-19.ys-beta.cz/index.php/nase-projekty/verejne-wc-v-centralnim-parku-kbely/#breadcrumb"},"inLanguage":"cs","potentialAction":[{"@type":"ReadAction","target":["https://foto.praha-19.ys-beta.cz/index.php/nase-projekty/verejne-wc-v-centralnim-parku-kbely/"]}]},{"@type":"ImageObject","inLanguage":"cs","@id":"https://foto.praha-19.ys-beta.cz/index.php/nase-projekty/verejne-wc-v-centralnim-parku-kbely/#primaryimage","url":"https://foto.praha-19.ys-beta.cz/app/uploads/2024/02/WC-1.jpg","contentUrl":"https://foto.praha-19.ys-beta.cz/app/uploads/2024/02/WC-1.jpg","width":314,"height":209},{"@type":"BreadcrumbList","@id":"https://foto.praha-19.ys-beta.cz/index.php/nase-projekty/verejne-wc-v-centralnim-parku-kbely/#breadcrumb","itemListElement":[{"@type":"ListItem","position":1,"name":"Home","item":"https://foto.praha-19.ys-beta.cz/"},{"@type":"ListItem","position":2,"name":"Naše projekty","item":"https://foto.praha-19.ys-beta.cz/index.php/nase-projekty/"},{"@type":"ListItem","position":3,"name":"Veřejné WC v Centrálním parku Kbely"}]},{"@type":"WebSite","@id":"https://foto.praha-19.ys-beta.cz/#website","url":"https://foto.praha-19.ys-beta.cz/","name":"Fotogalerie - Praha 19","description":"Fotogalerie městské části Praha 19","potentialAction":[{"@type":"SearchAction","target":{"@type":"EntryPoint","urlTemplate":"https://foto.praha-19.ys-beta.cz/?s={search_term_string}"},"query-input":{"@type":"PropertyValueSpecification","valueRequired":true,"valueName":"search_term_string"}}],"inLanguage":"cs"}]}</script>
<!-- / Yoast SEO plugin. -->

Veřejné WC v Centrálním parku Kbely - Fotogalerie - Praha 19

Novostavba veřejného WC v Centrálním parku Kbely je navržena jako jednopodlažní nepodsklepený dřevěný samostatně stojící objekt se sedlovou střechou, který je umístěn v klidové zóně u východní strany parku pod mírným svahem. Objekt je určen jako hygienické a sociální zázemí pro potřeby návštěvníků centrálního parku Kbely v MČ Praha 19. Vobjektu je navrženo WC a [&hellip;]

Naše projekty

Fotogalerie městské části Praha 19
