{"id":1051,"date":"2022-11-07T17:36:28","date_gmt":"2022-11-07T15:36:28","guid":{"rendered":"https:\/\/foto.praha-19.ys-beta.cz\/?page_id=1051"},"modified":"2024-02-27T09:16:55","modified_gmt":"2024-02-27T07:16:55","slug":"telocvicna-zs-kbely","status":"publish","type":"page","link":"https:\/\/foto.praha-19.ys-beta.cz\/index.php\/nase-projekty\/telocvicna-zs-kbely\/","title":{"rendered":"T\u011blocvi\u010dna Z\u0160 Kbely"},"content":{"rendered":"\n<p><strong>Nov\u00e1 t\u011blocvi\u010dna pro Z\u00e1kladn\u00ed \u0161kolu Albrechtick\u00e1<\/strong><\/p>\n\n\n\n<p><strong>i \u0161irokou kbelskou sportovn\u00ed ve\u0159ejnost<\/strong><\/p>\n\n\n\n<p><\/p>\n\n\n\n<p>Idea nov\u00e9 t\u011blocvi\u010dny, kter\u00e1 by uspokojila rostouc\u00ed pot\u0159eby z\u00e1kladn\u00ed \u0161koly s bobtnaj\u00edc\u00ed kapacitou, ale tak\u00e9 d\u00e1vala mo\u017enost sportovat v odpoledn\u00edch hodin\u00e1ch, vznikla ji\u017e p\u0159i stavb\u011b nov\u00e9 budovy z\u00e1kladn\u00ed \u0161koly v roce 2015. Bylo jasn\u00e9, \u017ee jedna t\u011blocvi\u010dna na postupn\u00fd n\u00e1r\u016fst t\u0159\u00edd nebude sta\u010dit a z\u00e1rove\u0148 vznikal tlak i na obsazen\u00ed t\u011blocvi\u010dny kbelsk\u00fdmi sportovn\u00edmi kluby. Proto bezprost\u0159edn\u011b po rozb\u011bhu nov\u00e9 budovy Z\u0160 veden\u00ed radnice po\u017e\u00e1dalo hl. m. Prahu o finan\u010dn\u00ed pomoc p\u0159i realizaci nov\u00e9 t\u011blocvi\u010dny. \u017d\u00e1dn\u00e9 z\u00e1vratn\u00e9 finan\u010dn\u00ed podpory se n\u00e1m nedostalo, p\u0159esto jsme za\u010dali projektovat a koncem roku byly na stole prvn\u00ed n\u00e1kresy. Radnice cht\u011bla m\u00edt v\u00edce variant a z\u00e1rove\u0148 cosi, co by bylo \u201ekbelsk\u00e9\u201c. Rok 2017 byl v\u011bnov\u00e1n vyb\u00edr\u00e1n\u00edm vn\u011bj\u0161\u00ed podoby stavby, a to dokonce ze 17 variant. Mezit\u00edm jsme se museli poprat s posunut\u00edm plynovodu a cel\u00e9 budovy z d\u016fvodu doposud neschv\u00e1len\u00e9 zm\u011bny \u00fazemn\u00edho pl\u00e1nu, kterou jsme podali v roce 2016 p\u0159i zpracov\u00e1n\u00ed z\u00e1m\u011bru stavby. Velkou podporu z\u00edskala varianta t\u011blocvi\u010dny v podob\u011b tzv. vlny a pokra\u010dovalo se v projedn\u00e1v\u00e1n\u00ed podoby vnit\u0159n\u00edch prostor. Bl\u00ed\u017eil se konec roku 2017 a veden\u00ed radnice, zejm\u00e9na pan starosta, neust\u00e1le atakovalo hl. m. Prahu ohledn\u011b financ\u00ed, nebo\u0165 n\u00e1\u0161 rozpo\u010det nem\u00e1 zdroje na takov\u00e9 investice. Nakonec se poda\u0159ilo z\u00edskat podstatnou \u010d\u00e1st prost\u0159edk\u016f a po\u010d\u00e1tkem roku 2018 byla ve\u0159ejn\u00fdm projedn\u00e1n\u00edm ukon\u010dena debata o podob\u011b t\u011blocvi\u010dny a jej\u00edho vnit\u0159n\u00edho uspo\u0159\u00e1d\u00e1n\u00ed. Bylo p\u0159istoupeno k z\u00e1sadn\u00ed zm\u011bn\u011b, kdy\u017e do p\u0159\u00edzem\u00ed, kde p\u016fvodn\u011b m\u011blo b\u00fdt parkovi\u0161t\u011b, byl p\u0159esunut prostor pro \u0161atny, sprchy, drobn\u00e9 ob\u010derstven\u00ed, ale tak\u00e9 s\u00e1lky pro posilov\u00e1n\u00ed \u010di aerobn\u00ed cvi\u010den\u00ed. Vznikla i mal\u00e1 prodejna a prostor pro wellness a relaxaci. T\u00edmto krokem se uvolnil prostor t\u011blocvi\u010dny k vyu\u017eit\u00ed i pro sporty, kter\u00e9 pot\u0159ebuj\u00ed velk\u00e9 rozm\u011bry h\u0159i\u0161t\u011b a ve Kbel\u00edch maj\u00ed tradici. B\u011bhem roku 2018 prob\u011bhlo dokon\u010den\u00ed pot\u0159ebn\u00e9 dokumentace pro stavbu a v\u00fdb\u011brov\u00e9 \u0159\u00edzen\u00ed, kter\u00e9 bylo zavr\u0161eno koncem roku, kdy\u017e p\u0159ed t\u00edm ji\u017e m\u011bstsk\u00e1 \u010d\u00e1st nechala prob\u011bhnout archeologick\u00fd pr\u016fzkum. V lednu 2019 byla stavba zah\u00e1jena poklep\u00e1n\u00edm na z\u00e1kladn\u00ed k\u00e1men a spolu s veden\u00edm hl. m. Prahy, kter\u00e9 vyj\u00e1d\u0159ilo podporu, byla nazv\u00e1na sportovn\u00ed halou. B\u011bhem roku 2019 hrub\u00e1 stavba ut\u011b\u0161en\u011b rostla a p\u0159ibylo i n\u011bkolik vylep\u0161en\u00ed, nap\u0159. fotovoltaick\u00e1 elektr\u00e1rna, n\u00e1dr\u017ee na de\u0161\u0165ovou vodu spolu se syst\u00e9mem z\u00e1vlahy, horolezeck\u00e1 st\u011bna \u010di zhotoven\u00ed spojovac\u00ed chodby do z\u00e1kladn\u00ed \u0161koly. Rok 2020 byl spjat s vnit\u0159n\u00edmi \u00fapravami stavby v\u010detn\u011b zm\u00edn\u011bn\u00fdch vylep\u0161en\u00ed a v \u010dervnu bylo d\u00edlo form\u00e1ln\u011b dokon\u010deno. Hodnota stavby dos\u00e1hla 171 mil. v\u010d. DPH. Stavba byla dokon\u010dena v roce 2020 p\u0159i 890. v\u00fdro\u010d\u00ed vzniku obce.<\/p>\n\n\n\n<p><strong><em>Ivana \u0160est\u00e1kov\u00e1 <\/em><\/strong><\/p>\n\n\n\n<p><strong><em>m\u00edstostarostka<\/em><\/strong><\/p>\n","protected":false},"excerpt":{"rendered":"<p>Nov\u00e1 t\u011blocvi\u010dna pro Z\u00e1kladn\u00ed \u0161kolu Albrechtick\u00e1 i \u0161irokou kbelskou sportovn\u00ed ve\u0159ejnost Idea nov\u00e9 t\u011blocvi\u010dny, kter\u00e1 by uspokojila rostouc\u00ed pot\u0159eby z\u00e1kladn\u00ed \u0161koly s bobtnaj\u00edc\u00ed kapacitou, ale tak\u00e9 d\u00e1vala mo\u017enost sportovat v odpoledn\u00edch hodin\u00e1ch, vznikla ji\u017e p\u0159i stavb\u011b nov\u00e9 budovy z\u00e1kladn\u00ed \u0161koly v roce 2015. Bylo jasn\u00e9, \u017ee jedna t\u011blocvi\u010dna na postupn\u00fd n\u00e1r\u016fst t\u0159\u00edd nebude sta\u010dit a [&hellip;]<\/p>\n","protected":false},"author":6,"featured_media":14470,"parent":1024,"menu_order":0,"comment_status":"closed","ping_status":"closed","template":"","meta":{"footnotes":""},"class_list":["post-1051","page","type-page","status-publish","has-post-thumbnail","hentry"],"yoast_head":"<!-- This site is optimized with the Yoast SEO plugin v27.2 - https:\/\/yoast.com\/product\/yoast-seo-wordpress\/ -->\n<title>T\u011blocvi\u010dna Z\u0160 Kbely - Fotogalerie - Praha 19<\/title>\n<meta name=\"robots\" content=\"noindex, follow, max-snippet:-1, max-image-preview:large, max-video-preview:-1\" \/>\n<meta property=\"og:locale\" content=\"cs_CZ\" \/>\n<meta property=\"og:type\" content=\"article\" \/>\n<meta property=\"og:title\" content=\"T\u011blocvi\u010dna Z\u0160 Kbely - Fotogalerie - Praha 19\" \/>\n<meta property=\"og:description\" content=\"Nov\u00e1 t\u011blocvi\u010dna pro Z\u00e1kladn\u00ed \u0161kolu Albrechtick\u00e1 i \u0161irokou kbelskou sportovn\u00ed ve\u0159ejnost Idea nov\u00e9 t\u011blocvi\u010dny, kter\u00e1 by uspokojila rostouc\u00ed pot\u0159eby z\u00e1kladn\u00ed \u0161koly s bobtnaj\u00edc\u00ed kapacitou, ale tak\u00e9 d\u00e1vala mo\u017enost sportovat v odpoledn\u00edch hodin\u00e1ch, vznikla ji\u017e p\u0159i stavb\u011b nov\u00e9 budovy z\u00e1kladn\u00ed \u0161koly v roce 2015. Bylo jasn\u00e9, \u017ee jedna t\u011blocvi\u010dna na postupn\u00fd n\u00e1r\u016fst t\u0159\u00edd nebude sta\u010dit a [&hellip;]\" \/>\n<meta property=\"og:url\" content=\"https:\/\/foto.praha-19.ys-beta.cz\/index.php\/nase-projekty\/telocvicna-zs-kbely\/\" \/>\n<meta property=\"og:site_name\" content=\"Fotogalerie - Praha 19\" \/>\n<meta property=\"article:modified_time\" content=\"2024-02-27T07:16:55+00:00\" \/>\n<meta property=\"og:image\" content=\"https:\/\/foto.praha-19.ys-beta.cz\/app\/uploads\/2024\/02\/Telocvicna_1.jpg\" \/>\n\t<meta property=\"og:image:width\" content=\"400\" \/>\n\t<meta property=\"og:image:height\" content=\"267\" \/>\n\t<meta property=\"og:image:type\" content=\"image\/jpeg\" \/>\n<meta name=\"twitter:card\" content=\"summary_large_image\" \/>\n<meta name=\"twitter:label1\" content=\"Est. reading time\" \/>\n\t<meta name=\"twitter:data1\" content=\"3 minuty\" \/>\n<script type=\"application\/ld+json\" class=\"yoast-schema-graph\">{\"@context\":\"https:\/\/schema.org\",\"@graph\":[{\"@type\":\"WebPage\",\"@id\":\"https:\/\/foto.praha-19.ys-beta.cz\/index.php\/nase-projekty\/telocvicna-zs-kbely\/\",\"url\":\"https:\/\/foto.praha-19.ys-beta.cz\/index.php\/nase-projekty\/telocvicna-zs-kbely\/\",\"name\":\"T\u011blocvi\u010dna Z\u0160 Kbely - Fotogalerie - Praha 19\",\"isPartOf\":{\"@id\":\"https:\/\/foto.praha-19.ys-beta.cz\/#website\"},\"primaryImageOfPage\":{\"@id\":\"https:\/\/foto.praha-19.ys-beta.cz\/index.php\/nase-projekty\/telocvicna-zs-kbely\/#primaryimage\"},\"image\":{\"@id\":\"https:\/\/foto.praha-19.ys-beta.cz\/index.php\/nase-projekty\/telocvicna-zs-kbely\/#primaryimage\"},\"thumbnailUrl\":\"https:\/\/foto.praha-19.ys-beta.cz\/app\/uploads\/2024\/02\/Telocvicna_1.jpg\",\"datePublished\":\"2022-11-07T15:36:28+00:00\",\"dateModified\":\"2024-02-27T07:16:55+00:00\",\"breadcrumb\":{\"@id\":\"https:\/\/foto.praha-19.ys-beta.cz\/index.php\/nase-projekty\/telocvicna-zs-kbely\/#breadcrumb\"},\"inLanguage\":\"cs\",\"potentialAction\":[{\"@type\":\"ReadAction\",\"target\":[\"https:\/\/foto.praha-19.ys-beta.cz\/index.php\/nase-projekty\/telocvicna-zs-kbely\/\"]}]},{\"@type\":\"ImageObject\",\"inLanguage\":\"cs\",\"@id\":\"https:\/\/foto.praha-19.ys-beta.cz\/index.php\/nase-projekty\/telocvicna-zs-kbely\/#primaryimage\",\"url\":\"https:\/\/foto.praha-19.ys-beta.cz\/app\/uploads\/2024\/02\/Telocvicna_1.jpg\",\"contentUrl\":\"https:\/\/foto.praha-19.ys-beta.cz\/app\/uploads\/2024\/02\/Telocvicna_1.jpg\",\"width\":400,\"height\":267},{\"@type\":\"BreadcrumbList\",\"@id\":\"https:\/\/foto.praha-19.ys-beta.cz\/index.php\/nase-projekty\/telocvicna-zs-kbely\/#breadcrumb\",\"itemListElement\":[{\"@type\":\"ListItem\",\"position\":1,\"name\":\"Home\",\"item\":\"https:\/\/foto.praha-19.ys-beta.cz\/\"},{\"@type\":\"ListItem\",\"position\":2,\"name\":\"Na\u0161e projekty\",\"item\":\"https:\/\/foto.praha-19.ys-beta.cz\/index.php\/nase-projekty\/\"},{\"@type\":\"ListItem\",\"position\":3,\"name\":\"T\u011blocvi\u010dna Z\u0160 Kbely\"}]},{\"@type\":\"WebSite\",\"@id\":\"https:\/\/foto.praha-19.ys-beta.cz\/#website\",\"url\":\"https:\/\/foto.praha-19.ys-beta.cz\/\",\"name\":\"Fotogalerie - Praha 19\",\"description\":\"Fotogalerie m\u011bstsk\u00e9 \u010d\u00e1sti Praha 19\",\"potentialAction\":[{\"@type\":\"SearchAction\",\"target\":{\"@type\":\"EntryPoint\",\"urlTemplate\":\"https:\/\/foto.praha-19.ys-beta.cz\/?s={search_term_string}\"},\"query-input\":{\"@type\":\"PropertyValueSpecification\",\"valueRequired\":true,\"valueName\":\"search_term_string\"}}],\"inLanguage\":\"cs\"}]}<\/script>\n<!-- \/ Yoast SEO plugin. -->","yoast_head_json":{"title":"T\u011blocvi\u010dna Z\u0160 Kbely - Fotogalerie - Praha 19","robots":{"index":"noindex","follow":"follow","max-snippet":"max-snippet:-1","max-image-preview":"max-image-preview:large","max-video-preview":"max-video-preview:-1"},"og_locale":"cs_CZ","og_type":"article","og_title":"T\u011blocvi\u010dna Z\u0160 Kbely - Fotogalerie - Praha 19","og_description":"Nov\u00e1 t\u011blocvi\u010dna pro Z\u00e1kladn\u00ed \u0161kolu Albrechtick\u00e1 i \u0161irokou kbelskou sportovn\u00ed ve\u0159ejnost Idea nov\u00e9 t\u011blocvi\u010dny, kter\u00e1 by uspokojila rostouc\u00ed pot\u0159eby z\u00e1kladn\u00ed \u0161koly s bobtnaj\u00edc\u00ed kapacitou, ale tak\u00e9 d\u00e1vala mo\u017enost sportovat v odpoledn\u00edch hodin\u00e1ch, vznikla ji\u017e p\u0159i stavb\u011b nov\u00e9 budovy z\u00e1kladn\u00ed \u0161koly v roce 2015. Bylo jasn\u00e9, \u017ee jedna t\u011blocvi\u010dna na postupn\u00fd n\u00e1r\u016fst t\u0159\u00edd nebude sta\u010dit a [&hellip;]","og_url":"https:\/\/foto.praha-19.ys-beta.cz\/index.php\/nase-projekty\/telocvicna-zs-kbely\/","og_site_name":"Fotogalerie - Praha 19","article_modified_time":"2024-02-27T07:16:55+00:00","og_image":[{"width":400,"height":267,"url":"https:\/\/foto.praha-19.ys-beta.cz\/app\/uploads\/2024\/02\/Telocvicna_1.jpg","type":"image\/jpeg"}],"twitter_card":"summary_large_image","twitter_misc":{"Est. reading time":"3 minuty"},"schema":{"@context":"https:\/\/schema.org","@graph":[{"@type":"WebPage","@id":"https:\/\/foto.praha-19.ys-beta.cz\/index.php\/nase-projekty\/telocvicna-zs-kbely\/","url":"https:\/\/foto.praha-19.ys-beta.cz\/index.php\/nase-projekty\/telocvicna-zs-kbely\/","name":"T\u011blocvi\u010dna Z\u0160 Kbely - Fotogalerie - Praha 19","isPartOf":{"@id":"https:\/\/foto.praha-19.ys-beta.cz\/#website"},"primaryImageOfPage":{"@id":"https:\/\/foto.praha-19.ys-beta.cz\/index.php\/nase-projekty\/telocvicna-zs-kbely\/#primaryimage"},"image":{"@id":"https:\/\/foto.praha-19.ys-beta.cz\/index.php\/nase-projekty\/telocvicna-zs-kbely\/#primaryimage"},"thumbnailUrl":"https:\/\/foto.praha-19.ys-beta.cz\/app\/uploads\/2024\/02\/Telocvicna_1.jpg","datePublished":"2022-11-07T15:36:28+00:00","dateModified":"2024-02-27T07:16:55+00:00","breadcrumb":{"@id":"https:\/\/foto.praha-19.ys-beta.cz\/index.php\/nase-projekty\/telocvicna-zs-kbely\/#breadcrumb"},"inLanguage":"cs","potentialAction":[{"@type":"ReadAction","target":["https:\/\/foto.praha-19.ys-beta.cz\/index.php\/nase-projekty\/telocvicna-zs-kbely\/"]}]},{"@type":"ImageObject","inLanguage":"cs","@id":"https:\/\/foto.praha-19.ys-beta.cz\/index.php\/nase-projekty\/telocvicna-zs-kbely\/#primaryimage","url":"https:\/\/foto.praha-19.ys-beta.cz\/app\/uploads\/2024\/02\/Telocvicna_1.jpg","contentUrl":"https:\/\/foto.praha-19.ys-beta.cz\/app\/uploads\/2024\/02\/Telocvicna_1.jpg","width":400,"height":267},{"@type":"BreadcrumbList","@id":"https:\/\/foto.praha-19.ys-beta.cz\/index.php\/nase-projekty\/telocvicna-zs-kbely\/#breadcrumb","itemListElement":[{"@type":"ListItem","position":1,"name":"Home","item":"https:\/\/foto.praha-19.ys-beta.cz\/"},{"@type":"ListItem","position":2,"name":"Na\u0161e projekty","item":"https:\/\/foto.praha-19.ys-beta.cz\/index.php\/nase-projekty\/"},{"@type":"ListItem","position":3,"name":"T\u011blocvi\u010dna Z\u0160 Kbely"}]},{"@type":"WebSite","@id":"https:\/\/foto.praha-19.ys-beta.cz\/#website","url":"https:\/\/foto.praha-19.ys-beta.cz\/","name":"Fotogalerie - Praha 19","description":"Fotogalerie m\u011bstsk\u00e9 \u010d\u00e1sti Praha 19","potentialAction":[{"@type":"SearchAction","target":{"@type":"EntryPoint","urlTemplate":"https:\/\/foto.praha-19.ys-beta.cz\/?s={search_term_string}"},"query-input":{"@type":"PropertyValueSpecification","valueRequired":true,"valueName":"search_term_string"}}],"inLanguage":"cs"}]}},"_links":{"self":[{"href":"https:\/\/foto.praha-19.ys-beta.cz\/index.php\/wp-json\/wp\/v2\/pages\/1051","targetHints":{"allow":["GET"]}}],"collection":[{"href":"https:\/\/foto.praha-19.ys-beta.cz\/index.php\/wp-json\/wp\/v2\/pages"}],"about":[{"href":"https:\/\/foto.praha-19.ys-beta.cz\/index.php\/wp-json\/wp\/v2\/types\/page"}],"author":[{"embeddable":true,"href":"https:\/\/foto.praha-19.ys-beta.cz\/index.php\/wp-json\/wp\/v2\/users\/6"}],"replies":[{"embeddable":true,"href":"https:\/\/foto.praha-19.ys-beta.cz\/index.php\/wp-json\/wp\/v2\/comments?post=1051"}],"version-history":[{"count":4,"href":"https:\/\/foto.praha-19.ys-beta.cz\/index.php\/wp-json\/wp\/v2\/pages\/1051\/revisions"}],"predecessor-version":[{"id":14490,"href":"https:\/\/foto.praha-19.ys-beta.cz\/index.php\/wp-json\/wp\/v2\/pages\/1051\/revisions\/14490"}],"up":[{"embeddable":true,"href":"https:\/\/foto.praha-19.ys-beta.cz\/index.php\/wp-json\/wp\/v2\/pages\/1024"}],"wp:featuredmedia":[{"embeddable":true,"href":"https:\/\/foto.praha-19.ys-beta.cz\/index.php\/wp-json\/wp\/v2\/media\/14470"}],"wp:attachment":[{"href":"https:\/\/foto.praha-19.ys-beta.cz\/index.php\/wp-json\/wp\/v2\/media?parent=1051"}],"curies":[{"name":"wp","href":"https:\/\/api.w.org\/{rel}","templated":true}]}}