{"id":1038,"date":"2022-11-07T16:45:36","date_gmt":"2022-11-07T14:45:36","guid":{"rendered":"https:\/\/foto.praha-19.ys-beta.cz\/?page_id=1038"},"modified":"2024-02-29T15:31:19","modified_gmt":"2024-02-29T13:31:19","slug":"materska-skola-albrechticka","status":"publish","type":"page","link":"https:\/\/foto.praha-19.ys-beta.cz\/index.php\/nase-projekty\/materska-skola-albrechticka\/","title":{"rendered":"Mate\u0159sk\u00e1 \u0161kola Albrechtick\u00e1"},"content":{"rendered":"\n<p class=\"has-large-font-size\">Na pozemku dne\u0161n\u00ed M\u0160 Albrechtick\u00e1 \u010dp. 598, st\u00e1la p\u016fvodn\u011b budova jesl\u00ed, kter\u00e9 byly otev\u0159en\u00e9 v roce 1950. Jesle byly v provozu do roku 1970, kdy na vedlej\u0161\u00edm pozemku byly postaven\u00e9 nov\u00e9 modern\u00ed jesle, zru\u0161eny v roce 1997. Dnes je v t\u011bchto prostor\u00e1ch budovy dru\u017eina Z\u0160 a kancel\u00e1\u0159e M\u00da. Do budovy p\u016fvodn\u00edch jesl\u00ed byla p\u0159est\u011bhov\u00e1na mate\u0159sk\u00e1 \u0161kola z vily u Van\u00ed\u010dk\u016f v dne\u0161n\u00ed Krnsk\u00e9 ulici, kde je nyn\u00ed hotel Marie-Luisa. Budova se od z\u00e1kladu p\u0159estav\u011bla a modern\u00ed mate\u0159sk\u00e1 \u0161kola byla slavnostn\u011b otev\u0159ena 12. \u0159\u00edjna 2010.<\/p>\n\n\n<div class=\"wp-block-image\">\n<figure class=\"aligncenter size-full\"><img loading=\"lazy\" decoding=\"async\" width=\"400\" height=\"267\" src=\"https:\/\/foto.praha-19.ys-beta.cz\/app\/uploads\/2022\/11\/MG_1187.jpg\" alt=\"\" class=\"wp-image-1037\" srcset=\"https:\/\/foto.praha-19.ys-beta.cz\/app\/uploads\/2022\/11\/MG_1187.jpg 400w, https:\/\/foto.praha-19.ys-beta.cz\/app\/uploads\/2022\/11\/MG_1187-300x200.jpg 300w, https:\/\/foto.praha-19.ys-beta.cz\/app\/uploads\/2022\/11\/MG_1187-378x252.jpg 378w, https:\/\/foto.praha-19.ys-beta.cz\/app\/uploads\/2022\/11\/MG_1187-276x184.jpg 276w\" sizes=\"auto, (max-width: 400px) 100vw, 400px\" \/><\/figure>\n<\/div>","protected":false},"excerpt":{"rendered":"<p>Na pozemku dne\u0161n\u00ed M\u0160 Albrechtick\u00e1 \u010dp. 598, st\u00e1la p\u016fvodn\u011b budova jesl\u00ed, kter\u00e9 byly otev\u0159en\u00e9 v roce 1950. Jesle byly v provozu do roku 1970, kdy na vedlej\u0161\u00edm pozemku byly postaven\u00e9 nov\u00e9 modern\u00ed jesle, zru\u0161eny v roce 1997. Dnes je v t\u011bchto prostor\u00e1ch budovy dru\u017eina Z\u0160 a kancel\u00e1\u0159e M\u00da. Do budovy p\u016fvodn\u00edch jesl\u00ed byla p\u0159est\u011bhov\u00e1na mate\u0159sk\u00e1 [&hellip;]<\/p>\n","protected":false},"author":6,"featured_media":0,"parent":1024,"menu_order":0,"comment_status":"closed","ping_status":"closed","template":"","meta":{"footnotes":""},"class_list":["post-1038","page","type-page","status-publish","hentry"],"yoast_head":"<!-- This site is optimized with the Yoast SEO plugin v27.2 - https:\/\/yoast.com\/product\/yoast-seo-wordpress\/ -->\n<title>Mate\u0159sk\u00e1 \u0161kola Albrechtick\u00e1 - Fotogalerie - Praha 19<\/title>\n<meta name=\"robots\" content=\"noindex, follow, max-snippet:-1, max-image-preview:large, max-video-preview:-1\" \/>\n<meta property=\"og:locale\" content=\"cs_CZ\" \/>\n<meta property=\"og:type\" content=\"article\" \/>\n<meta property=\"og:title\" content=\"Mate\u0159sk\u00e1 \u0161kola Albrechtick\u00e1 - Fotogalerie - Praha 19\" \/>\n<meta property=\"og:description\" content=\"Na pozemku dne\u0161n\u00ed M\u0160 Albrechtick\u00e1 \u010dp. 598, st\u00e1la p\u016fvodn\u011b budova jesl\u00ed, kter\u00e9 byly otev\u0159en\u00e9 v roce 1950. Jesle byly v provozu do roku 1970, kdy na vedlej\u0161\u00edm pozemku byly postaven\u00e9 nov\u00e9 modern\u00ed jesle, zru\u0161eny v roce 1997. Dnes je v t\u011bchto prostor\u00e1ch budovy dru\u017eina Z\u0160 a kancel\u00e1\u0159e M\u00da. Do budovy p\u016fvodn\u00edch jesl\u00ed byla p\u0159est\u011bhov\u00e1na mate\u0159sk\u00e1 [&hellip;]\" \/>\n<meta property=\"og:url\" content=\"https:\/\/foto.praha-19.ys-beta.cz\/index.php\/nase-projekty\/materska-skola-albrechticka\/\" \/>\n<meta property=\"og:site_name\" content=\"Fotogalerie - Praha 19\" \/>\n<meta property=\"article:modified_time\" content=\"2024-02-29T13:31:19+00:00\" \/>\n<meta property=\"og:image\" content=\"https:\/\/foto.praha-19.ys-beta.cz\/app\/uploads\/2022\/11\/MG_1187.jpg\" \/>\n<meta name=\"twitter:card\" content=\"summary_large_image\" \/>\n<meta name=\"twitter:label1\" content=\"Est. reading time\" \/>\n\t<meta name=\"twitter:data1\" content=\"1 minuta\" \/>\n<script type=\"application\/ld+json\" class=\"yoast-schema-graph\">{\"@context\":\"https:\/\/schema.org\",\"@graph\":[{\"@type\":\"WebPage\",\"@id\":\"https:\/\/foto.praha-19.ys-beta.cz\/index.php\/nase-projekty\/materska-skola-albrechticka\/\",\"url\":\"https:\/\/foto.praha-19.ys-beta.cz\/index.php\/nase-projekty\/materska-skola-albrechticka\/\",\"name\":\"Mate\u0159sk\u00e1 \u0161kola Albrechtick\u00e1 - Fotogalerie - Praha 19\",\"isPartOf\":{\"@id\":\"https:\/\/foto.praha-19.ys-beta.cz\/#website\"},\"primaryImageOfPage\":{\"@id\":\"https:\/\/foto.praha-19.ys-beta.cz\/index.php\/nase-projekty\/materska-skola-albrechticka\/#primaryimage\"},\"image\":{\"@id\":\"https:\/\/foto.praha-19.ys-beta.cz\/index.php\/nase-projekty\/materska-skola-albrechticka\/#primaryimage\"},\"thumbnailUrl\":\"https:\/\/foto.praha-19.ys-beta.cz\/app\/uploads\/2022\/11\/MG_1187.jpg\",\"datePublished\":\"2022-11-07T14:45:36+00:00\",\"dateModified\":\"2024-02-29T13:31:19+00:00\",\"breadcrumb\":{\"@id\":\"https:\/\/foto.praha-19.ys-beta.cz\/index.php\/nase-projekty\/materska-skola-albrechticka\/#breadcrumb\"},\"inLanguage\":\"cs\",\"potentialAction\":[{\"@type\":\"ReadAction\",\"target\":[\"https:\/\/foto.praha-19.ys-beta.cz\/index.php\/nase-projekty\/materska-skola-albrechticka\/\"]}]},{\"@type\":\"ImageObject\",\"inLanguage\":\"cs\",\"@id\":\"https:\/\/foto.praha-19.ys-beta.cz\/index.php\/nase-projekty\/materska-skola-albrechticka\/#primaryimage\",\"url\":\"https:\/\/foto.praha-19.ys-beta.cz\/app\/uploads\/2022\/11\/MG_1187.jpg\",\"contentUrl\":\"https:\/\/foto.praha-19.ys-beta.cz\/app\/uploads\/2022\/11\/MG_1187.jpg\",\"width\":400,\"height\":267},{\"@type\":\"BreadcrumbList\",\"@id\":\"https:\/\/foto.praha-19.ys-beta.cz\/index.php\/nase-projekty\/materska-skola-albrechticka\/#breadcrumb\",\"itemListElement\":[{\"@type\":\"ListItem\",\"position\":1,\"name\":\"Home\",\"item\":\"https:\/\/foto.praha-19.ys-beta.cz\/\"},{\"@type\":\"ListItem\",\"position\":2,\"name\":\"Na\u0161e projekty\",\"item\":\"https:\/\/foto.praha-19.ys-beta.cz\/index.php\/nase-projekty\/\"},{\"@type\":\"ListItem\",\"position\":3,\"name\":\"Mate\u0159sk\u00e1 \u0161kola Albrechtick\u00e1\"}]},{\"@type\":\"WebSite\",\"@id\":\"https:\/\/foto.praha-19.ys-beta.cz\/#website\",\"url\":\"https:\/\/foto.praha-19.ys-beta.cz\/\",\"name\":\"Fotogalerie - Praha 19\",\"description\":\"Fotogalerie m\u011bstsk\u00e9 \u010d\u00e1sti Praha 19\",\"potentialAction\":[{\"@type\":\"SearchAction\",\"target\":{\"@type\":\"EntryPoint\",\"urlTemplate\":\"https:\/\/foto.praha-19.ys-beta.cz\/?s={search_term_string}\"},\"query-input\":{\"@type\":\"PropertyValueSpecification\",\"valueRequired\":true,\"valueName\":\"search_term_string\"}}],\"inLanguage\":\"cs\"}]}<\/script>\n<!-- \/ Yoast SEO plugin. -->","yoast_head_json":{"title":"Mate\u0159sk\u00e1 \u0161kola Albrechtick\u00e1 - Fotogalerie - Praha 19","robots":{"index":"noindex","follow":"follow","max-snippet":"max-snippet:-1","max-image-preview":"max-image-preview:large","max-video-preview":"max-video-preview:-1"},"og_locale":"cs_CZ","og_type":"article","og_title":"Mate\u0159sk\u00e1 \u0161kola Albrechtick\u00e1 - Fotogalerie - Praha 19","og_description":"Na pozemku dne\u0161n\u00ed M\u0160 Albrechtick\u00e1 \u010dp. 598, st\u00e1la p\u016fvodn\u011b budova jesl\u00ed, kter\u00e9 byly otev\u0159en\u00e9 v roce 1950. Jesle byly v provozu do roku 1970, kdy na vedlej\u0161\u00edm pozemku byly postaven\u00e9 nov\u00e9 modern\u00ed jesle, zru\u0161eny v roce 1997. Dnes je v t\u011bchto prostor\u00e1ch budovy dru\u017eina Z\u0160 a kancel\u00e1\u0159e M\u00da. Do budovy p\u016fvodn\u00edch jesl\u00ed byla p\u0159est\u011bhov\u00e1na mate\u0159sk\u00e1 [&hellip;]","og_url":"https:\/\/foto.praha-19.ys-beta.cz\/index.php\/nase-projekty\/materska-skola-albrechticka\/","og_site_name":"Fotogalerie - Praha 19","article_modified_time":"2024-02-29T13:31:19+00:00","og_image":[{"url":"https:\/\/foto.praha-19.ys-beta.cz\/app\/uploads\/2022\/11\/MG_1187.jpg","type":"","width":"","height":""}],"twitter_card":"summary_large_image","twitter_misc":{"Est. reading time":"1 minuta"},"schema":{"@context":"https:\/\/schema.org","@graph":[{"@type":"WebPage","@id":"https:\/\/foto.praha-19.ys-beta.cz\/index.php\/nase-projekty\/materska-skola-albrechticka\/","url":"https:\/\/foto.praha-19.ys-beta.cz\/index.php\/nase-projekty\/materska-skola-albrechticka\/","name":"Mate\u0159sk\u00e1 \u0161kola Albrechtick\u00e1 - Fotogalerie - Praha 19","isPartOf":{"@id":"https:\/\/foto.praha-19.ys-beta.cz\/#website"},"primaryImageOfPage":{"@id":"https:\/\/foto.praha-19.ys-beta.cz\/index.php\/nase-projekty\/materska-skola-albrechticka\/#primaryimage"},"image":{"@id":"https:\/\/foto.praha-19.ys-beta.cz\/index.php\/nase-projekty\/materska-skola-albrechticka\/#primaryimage"},"thumbnailUrl":"https:\/\/foto.praha-19.ys-beta.cz\/app\/uploads\/2022\/11\/MG_1187.jpg","datePublished":"2022-11-07T14:45:36+00:00","dateModified":"2024-02-29T13:31:19+00:00","breadcrumb":{"@id":"https:\/\/foto.praha-19.ys-beta.cz\/index.php\/nase-projekty\/materska-skola-albrechticka\/#breadcrumb"},"inLanguage":"cs","potentialAction":[{"@type":"ReadAction","target":["https:\/\/foto.praha-19.ys-beta.cz\/index.php\/nase-projekty\/materska-skola-albrechticka\/"]}]},{"@type":"ImageObject","inLanguage":"cs","@id":"https:\/\/foto.praha-19.ys-beta.cz\/index.php\/nase-projekty\/materska-skola-albrechticka\/#primaryimage","url":"https:\/\/foto.praha-19.ys-beta.cz\/app\/uploads\/2022\/11\/MG_1187.jpg","contentUrl":"https:\/\/foto.praha-19.ys-beta.cz\/app\/uploads\/2022\/11\/MG_1187.jpg","width":400,"height":267},{"@type":"BreadcrumbList","@id":"https:\/\/foto.praha-19.ys-beta.cz\/index.php\/nase-projekty\/materska-skola-albrechticka\/#breadcrumb","itemListElement":[{"@type":"ListItem","position":1,"name":"Home","item":"https:\/\/foto.praha-19.ys-beta.cz\/"},{"@type":"ListItem","position":2,"name":"Na\u0161e projekty","item":"https:\/\/foto.praha-19.ys-beta.cz\/index.php\/nase-projekty\/"},{"@type":"ListItem","position":3,"name":"Mate\u0159sk\u00e1 \u0161kola Albrechtick\u00e1"}]},{"@type":"WebSite","@id":"https:\/\/foto.praha-19.ys-beta.cz\/#website","url":"https:\/\/foto.praha-19.ys-beta.cz\/","name":"Fotogalerie - Praha 19","description":"Fotogalerie m\u011bstsk\u00e9 \u010d\u00e1sti Praha 19","potentialAction":[{"@type":"SearchAction","target":{"@type":"EntryPoint","urlTemplate":"https:\/\/foto.praha-19.ys-beta.cz\/?s={search_term_string}"},"query-input":{"@type":"PropertyValueSpecification","valueRequired":true,"valueName":"search_term_string"}}],"inLanguage":"cs"}]}},"_links":{"self":[{"href":"https:\/\/foto.praha-19.ys-beta.cz\/index.php\/wp-json\/wp\/v2\/pages\/1038","targetHints":{"allow":["GET"]}}],"collection":[{"href":"https:\/\/foto.praha-19.ys-beta.cz\/index.php\/wp-json\/wp\/v2\/pages"}],"about":[{"href":"https:\/\/foto.praha-19.ys-beta.cz\/index.php\/wp-json\/wp\/v2\/types\/page"}],"author":[{"embeddable":true,"href":"https:\/\/foto.praha-19.ys-beta.cz\/index.php\/wp-json\/wp\/v2\/users\/6"}],"replies":[{"embeddable":true,"href":"https:\/\/foto.praha-19.ys-beta.cz\/index.php\/wp-json\/wp\/v2\/comments?post=1038"}],"version-history":[{"count":1,"href":"https:\/\/foto.praha-19.ys-beta.cz\/index.php\/wp-json\/wp\/v2\/pages\/1038\/revisions"}],"predecessor-version":[{"id":1039,"href":"https:\/\/foto.praha-19.ys-beta.cz\/index.php\/wp-json\/wp\/v2\/pages\/1038\/revisions\/1039"}],"up":[{"embeddable":true,"href":"https:\/\/foto.praha-19.ys-beta.cz\/index.php\/wp-json\/wp\/v2\/pages\/1024"}],"wp:attachment":[{"href":"https:\/\/foto.praha-19.ys-beta.cz\/index.php\/wp-json\/wp\/v2\/media?parent=1038"}],"curies":[{"name":"wp","href":"https:\/\/api.w.org\/{rel}","templated":true}]}}

Mateřská škola Albrechtická

<p class="has-large-font-size">Na pozemku dnešní MŠ Albrechtická čp. 598, stála původně budova jeslí, které byly otevřené v roce 1950. Jesle byly v provozu do roku 1970, kdy na vedlejším pozemku byly postavené nové moderní jesle, zrušeny v roce 1997. Dnes je v těchto prostorách budovy družina ZŠ a kanceláře MÚ. Do budovy původních jeslí byla přestěhována mateřská škola z vily u Vaníčků v dnešní Krnské ulici, kde je nyní hotel Marie-Luisa. Budova se od základu přestavěla a moderní mateřská škola byla slavnostně otevřena 12. října 2010.</p>


<div class="wp-block-image">
<figure class="aligncenter size-full"><img loading="lazy" decoding="async" width="400" height="267" src="https://foto.praha-19.ys-beta.cz/app/uploads/2022/11/MG_1187.jpg" alt="" class="wp-image-1037" srcset="https://foto.praha-19.ys-beta.cz/app/uploads/2022/11/MG_1187.jpg 400w, https://foto.praha-19.ys-beta.cz/app/uploads/2022/11/MG_1187-300x200.jpg 300w, https://foto.praha-19.ys-beta.cz/app/uploads/2022/11/MG_1187-378x252.jpg 378w, https://foto.praha-19.ys-beta.cz/app/uploads/2022/11/MG_1187-276x184.jpg 276w" sizes="auto, (max-width: 400px) 100vw, 400px" /></figure>
</div>

<p>Na pozemku dnešní MŠ Albrechtická čp. 598, stála původně budova jeslí, které byly otevřené v roce 1950. Jesle byly v provozu do roku 1970, kdy na vedlejším pozemku byly postavené nové moderní jesle, zrušeny v roce 1997. Dnes je v těchto prostorách budovy družina ZŠ a kanceláře MÚ. Do budovy původních jeslí byla přestěhována mateřská [&hellip;]</p>

<!-- This site is optimized with the Yoast SEO plugin v27.2 - https://yoast.com/product/yoast-seo-wordpress/ -->
<title>Mateřská škola Albrechtická - Fotogalerie - Praha 19</title>
<meta name="robots" content="noindex, follow, max-snippet:-1, max-image-preview:large, max-video-preview:-1" />
<meta property="og:locale" content="cs_CZ" />
<meta property="og:type" content="article" />
<meta property="og:title" content="Mateřská škola Albrechtická - Fotogalerie - Praha 19" />
<meta property="og:description" content="Na pozemku dnešní MŠ Albrechtická čp. 598, stála původně budova jeslí, které byly otevřené v roce 1950. Jesle byly v provozu do roku 1970, kdy na vedlejším pozemku byly postavené nové moderní jesle, zrušeny v roce 1997. Dnes je v těchto prostorách budovy družina ZŠ a kanceláře MÚ. Do budovy původních jeslí byla přestěhována mateřská [&hellip;]" />
<meta property="og:url" content="https://foto.praha-19.ys-beta.cz/index.php/nase-projekty/materska-skola-albrechticka/" />
<meta property="og:site_name" content="Fotogalerie - Praha 19" />
<meta property="article:modified_time" content="2024-02-29T13:31:19+00:00" />
<meta property="og:image" content="https://foto.praha-19.ys-beta.cz/app/uploads/2022/11/MG_1187.jpg" />
<meta name="twitter:card" content="summary_large_image" />
<meta name="twitter:label1" content="Est. reading time" />
	<meta name="twitter:data1" content="1 minuta" />
<script type="application/ld+json" class="yoast-schema-graph">{"@context":"https://schema.org","@graph":[{"@type":"WebPage","@id":"https://foto.praha-19.ys-beta.cz/index.php/nase-projekty/materska-skola-albrechticka/","url":"https://foto.praha-19.ys-beta.cz/index.php/nase-projekty/materska-skola-albrechticka/","name":"Mateřská škola Albrechtická - Fotogalerie - Praha 19","isPartOf":{"@id":"https://foto.praha-19.ys-beta.cz/#website"},"primaryImageOfPage":{"@id":"https://foto.praha-19.ys-beta.cz/index.php/nase-projekty/materska-skola-albrechticka/#primaryimage"},"image":{"@id":"https://foto.praha-19.ys-beta.cz/index.php/nase-projekty/materska-skola-albrechticka/#primaryimage"},"thumbnailUrl":"https://foto.praha-19.ys-beta.cz/app/uploads/2022/11/MG_1187.jpg","datePublished":"2022-11-07T14:45:36+00:00","dateModified":"2024-02-29T13:31:19+00:00","breadcrumb":{"@id":"https://foto.praha-19.ys-beta.cz/index.php/nase-projekty/materska-skola-albrechticka/#breadcrumb"},"inLanguage":"cs","potentialAction":[{"@type":"ReadAction","target":["https://foto.praha-19.ys-beta.cz/index.php/nase-projekty/materska-skola-albrechticka/"]}]},{"@type":"ImageObject","inLanguage":"cs","@id":"https://foto.praha-19.ys-beta.cz/index.php/nase-projekty/materska-skola-albrechticka/#primaryimage","url":"https://foto.praha-19.ys-beta.cz/app/uploads/2022/11/MG_1187.jpg","contentUrl":"https://foto.praha-19.ys-beta.cz/app/uploads/2022/11/MG_1187.jpg","width":400,"height":267},{"@type":"BreadcrumbList","@id":"https://foto.praha-19.ys-beta.cz/index.php/nase-projekty/materska-skola-albrechticka/#breadcrumb","itemListElement":[{"@type":"ListItem","position":1,"name":"Home","item":"https://foto.praha-19.ys-beta.cz/"},{"@type":"ListItem","position":2,"name":"Naše projekty","item":"https://foto.praha-19.ys-beta.cz/index.php/nase-projekty/"},{"@type":"ListItem","position":3,"name":"Mateřská škola Albrechtická"}]},{"@type":"WebSite","@id":"https://foto.praha-19.ys-beta.cz/#website","url":"https://foto.praha-19.ys-beta.cz/","name":"Fotogalerie - Praha 19","description":"Fotogalerie městské části Praha 19","potentialAction":[{"@type":"SearchAction","target":{"@type":"EntryPoint","urlTemplate":"https://foto.praha-19.ys-beta.cz/?s={search_term_string}"},"query-input":{"@type":"PropertyValueSpecification","valueRequired":true,"valueName":"search_term_string"}}],"inLanguage":"cs"}]}</script>
<!-- / Yoast SEO plugin. -->

Mateřská škola Albrechtická - Fotogalerie - Praha 19

Na pozemku dnešní MŠ Albrechtická čp. 598, stála původně budova jeslí, které byly otevřené v roce 1950. Jesle byly v provozu do roku 1970, kdy na vedlejším pozemku byly postavené nové moderní jesle, zrušeny v roce 1997. Dnes je v těchto prostorách budovy družina ZŠ a kanceláře MÚ. Do budovy původních jeslí byla přestěhována mateřská [&hellip;]

Naše projekty

Fotogalerie městské části Praha 19
