{"id":1026,"date":"2022-11-07T16:19:32","date_gmt":"2022-11-07T14:19:32","guid":{"rendered":"https:\/\/foto.praha-19.ys-beta.cz\/?page_id=1026"},"modified":"2023-02-01T12:13:28","modified_gmt":"2023-02-01T10:13:28","slug":"materska-skola-letcu","status":"publish","type":"page","link":"https:\/\/foto.praha-19.ys-beta.cz\/index.php\/nase-projekty\/materska-skola-letcu\/","title":{"rendered":"Mate\u0159sk\u00e1 \u0161kola Letc\u016f"},"content":{"rendered":"\n<p class=\"has-large-font-size\">Mate\u0159sk\u00e1 \u0161kola v ulici Letc\u016f \u010dp. 731 se stav\u011bla spole\u010dn\u011b s tzv. druh\u00fdm s\u00eddli\u0161t\u011bm kolem Tou\u017eimsk\u00e9 ulice. \u0160kolka byla d\u00e1na do provozu v roce 1960. Ve sv\u00e9 dob\u011b byla \u0161kolka modern\u011b za\u0159\u00edzena. \u010casem musela budova proj\u00edt rekonstrukc\u00ed. Byl vybudov\u00e1n i bezbari\u00e9rov\u00fd p\u0159\u00edstup. Slavnostn\u00ed otev\u0159en\u00ed \u0161kolky pro rekonstrukci prob\u011bhlo za p\u0159\u00edtomnosti prezidenta republiky pana V\u00e1clava Klause a jeho man\u017eelky dne 10. \u0159\u00edjna 2006. V\u0161ichni si prohl\u00e9dli jednotliv\u00e9 t\u0159\u00eddy s nov\u00fdm modern\u00edm vybaven\u00edm.<\/p>\n\n\n\n<p><\/p>\n\n\n\n<p><\/p>\n","protected":false},"excerpt":{"rendered":"<p>Mate\u0159sk\u00e1 \u0161kola v ulici Letc\u016f \u010dp. 731 se stav\u011bla spole\u010dn\u011b s tzv. druh\u00fdm s\u00eddli\u0161t\u011bm kolem Tou\u017eimsk\u00e9 ulice. \u0160kolka byla d\u00e1na do provozu v roce 1960. Ve sv\u00e9 dob\u011b byla \u0161kolka modern\u011b za\u0159\u00edzena. \u010casem musela budova proj\u00edt rekonstrukc\u00ed. Byl vybudov\u00e1n i bezbari\u00e9rov\u00fd p\u0159\u00edstup. Slavnostn\u00ed otev\u0159en\u00ed \u0161kolky pro rekonstrukci prob\u011bhlo za p\u0159\u00edtomnosti prezidenta republiky pana V\u00e1clava Klause [&hellip;]<\/p>\n","protected":false},"author":6,"featured_media":1028,"parent":1024,"menu_order":0,"comment_status":"closed","ping_status":"closed","template":"","meta":{"footnotes":""},"class_list":["post-1026","page","type-page","status-publish","has-post-thumbnail","hentry"],"yoast_head":"<!-- This site is optimized with the Yoast SEO plugin v27.2 - https:\/\/yoast.com\/product\/yoast-seo-wordpress\/ -->\n<title>Mate\u0159sk\u00e1 \u0161kola Letc\u016f - Fotogalerie - Praha 19<\/title>\n<meta name=\"robots\" content=\"noindex, follow, max-snippet:-1, max-image-preview:large, max-video-preview:-1\" \/>\n<meta property=\"og:locale\" content=\"cs_CZ\" \/>\n<meta property=\"og:type\" content=\"article\" \/>\n<meta property=\"og:title\" content=\"Mate\u0159sk\u00e1 \u0161kola Letc\u016f - Fotogalerie - Praha 19\" \/>\n<meta property=\"og:description\" content=\"Mate\u0159sk\u00e1 \u0161kola v ulici Letc\u016f \u010dp. 731 se stav\u011bla spole\u010dn\u011b s tzv. druh\u00fdm s\u00eddli\u0161t\u011bm kolem Tou\u017eimsk\u00e9 ulice. \u0160kolka byla d\u00e1na do provozu v roce 1960. Ve sv\u00e9 dob\u011b byla \u0161kolka modern\u011b za\u0159\u00edzena. \u010casem musela budova proj\u00edt rekonstrukc\u00ed. Byl vybudov\u00e1n i bezbari\u00e9rov\u00fd p\u0159\u00edstup. Slavnostn\u00ed otev\u0159en\u00ed \u0161kolky pro rekonstrukci prob\u011bhlo za p\u0159\u00edtomnosti prezidenta republiky pana V\u00e1clava Klause [&hellip;]\" \/>\n<meta property=\"og:url\" content=\"https:\/\/foto.praha-19.ys-beta.cz\/index.php\/nase-projekty\/materska-skola-letcu\/\" \/>\n<meta property=\"og:site_name\" content=\"Fotogalerie - Praha 19\" \/>\n<meta property=\"article:modified_time\" content=\"2023-02-01T10:13:28+00:00\" \/>\n<meta property=\"og:image\" content=\"https:\/\/foto.praha-19.ys-beta.cz\/app\/uploads\/2022\/11\/MG_1225.jpg\" \/>\n\t<meta property=\"og:image:width\" content=\"400\" \/>\n\t<meta property=\"og:image:height\" content=\"267\" \/>\n\t<meta property=\"og:image:type\" content=\"image\/jpeg\" \/>\n<meta name=\"twitter:card\" content=\"summary_large_image\" \/>\n<meta name=\"twitter:label1\" content=\"Est. reading time\" \/>\n\t<meta name=\"twitter:data1\" content=\"1 minuta\" \/>\n<script type=\"application\/ld+json\" class=\"yoast-schema-graph\">{\"@context\":\"https:\/\/schema.org\",\"@graph\":[{\"@type\":\"WebPage\",\"@id\":\"https:\/\/foto.praha-19.ys-beta.cz\/index.php\/nase-projekty\/materska-skola-letcu\/\",\"url\":\"https:\/\/foto.praha-19.ys-beta.cz\/index.php\/nase-projekty\/materska-skola-letcu\/\",\"name\":\"Mate\u0159sk\u00e1 \u0161kola Letc\u016f - Fotogalerie - Praha 19\",\"isPartOf\":{\"@id\":\"https:\/\/foto.praha-19.ys-beta.cz\/#website\"},\"primaryImageOfPage\":{\"@id\":\"https:\/\/foto.praha-19.ys-beta.cz\/index.php\/nase-projekty\/materska-skola-letcu\/#primaryimage\"},\"image\":{\"@id\":\"https:\/\/foto.praha-19.ys-beta.cz\/index.php\/nase-projekty\/materska-skola-letcu\/#primaryimage\"},\"thumbnailUrl\":\"https:\/\/foto.praha-19.ys-beta.cz\/app\/uploads\/2022\/11\/MG_1225.jpg\",\"datePublished\":\"2022-11-07T14:19:32+00:00\",\"dateModified\":\"2023-02-01T10:13:28+00:00\",\"breadcrumb\":{\"@id\":\"https:\/\/foto.praha-19.ys-beta.cz\/index.php\/nase-projekty\/materska-skola-letcu\/#breadcrumb\"},\"inLanguage\":\"cs\",\"potentialAction\":[{\"@type\":\"ReadAction\",\"target\":[\"https:\/\/foto.praha-19.ys-beta.cz\/index.php\/nase-projekty\/materska-skola-letcu\/\"]}]},{\"@type\":\"ImageObject\",\"inLanguage\":\"cs\",\"@id\":\"https:\/\/foto.praha-19.ys-beta.cz\/index.php\/nase-projekty\/materska-skola-letcu\/#primaryimage\",\"url\":\"https:\/\/foto.praha-19.ys-beta.cz\/app\/uploads\/2022\/11\/MG_1225.jpg\",\"contentUrl\":\"https:\/\/foto.praha-19.ys-beta.cz\/app\/uploads\/2022\/11\/MG_1225.jpg\",\"width\":400,\"height\":267},{\"@type\":\"BreadcrumbList\",\"@id\":\"https:\/\/foto.praha-19.ys-beta.cz\/index.php\/nase-projekty\/materska-skola-letcu\/#breadcrumb\",\"itemListElement\":[{\"@type\":\"ListItem\",\"position\":1,\"name\":\"Home\",\"item\":\"https:\/\/foto.praha-19.ys-beta.cz\/\"},{\"@type\":\"ListItem\",\"position\":2,\"name\":\"Na\u0161e projekty\",\"item\":\"https:\/\/foto.praha-19.ys-beta.cz\/index.php\/nase-projekty\/\"},{\"@type\":\"ListItem\",\"position\":3,\"name\":\"Mate\u0159sk\u00e1 \u0161kola Letc\u016f\"}]},{\"@type\":\"WebSite\",\"@id\":\"https:\/\/foto.praha-19.ys-beta.cz\/#website\",\"url\":\"https:\/\/foto.praha-19.ys-beta.cz\/\",\"name\":\"Fotogalerie - Praha 19\",\"description\":\"Fotogalerie m\u011bstsk\u00e9 \u010d\u00e1sti Praha 19\",\"potentialAction\":[{\"@type\":\"SearchAction\",\"target\":{\"@type\":\"EntryPoint\",\"urlTemplate\":\"https:\/\/foto.praha-19.ys-beta.cz\/?s={search_term_string}\"},\"query-input\":{\"@type\":\"PropertyValueSpecification\",\"valueRequired\":true,\"valueName\":\"search_term_string\"}}],\"inLanguage\":\"cs\"}]}<\/script>\n<!-- \/ Yoast SEO plugin. -->","yoast_head_json":{"title":"Mate\u0159sk\u00e1 \u0161kola Letc\u016f - Fotogalerie - Praha 19","robots":{"index":"noindex","follow":"follow","max-snippet":"max-snippet:-1","max-image-preview":"max-image-preview:large","max-video-preview":"max-video-preview:-1"},"og_locale":"cs_CZ","og_type":"article","og_title":"Mate\u0159sk\u00e1 \u0161kola Letc\u016f - Fotogalerie - Praha 19","og_description":"Mate\u0159sk\u00e1 \u0161kola v ulici Letc\u016f \u010dp. 731 se stav\u011bla spole\u010dn\u011b s tzv. druh\u00fdm s\u00eddli\u0161t\u011bm kolem Tou\u017eimsk\u00e9 ulice. \u0160kolka byla d\u00e1na do provozu v roce 1960. Ve sv\u00e9 dob\u011b byla \u0161kolka modern\u011b za\u0159\u00edzena. \u010casem musela budova proj\u00edt rekonstrukc\u00ed. Byl vybudov\u00e1n i bezbari\u00e9rov\u00fd p\u0159\u00edstup. Slavnostn\u00ed otev\u0159en\u00ed \u0161kolky pro rekonstrukci prob\u011bhlo za p\u0159\u00edtomnosti prezidenta republiky pana V\u00e1clava Klause [&hellip;]","og_url":"https:\/\/foto.praha-19.ys-beta.cz\/index.php\/nase-projekty\/materska-skola-letcu\/","og_site_name":"Fotogalerie - Praha 19","article_modified_time":"2023-02-01T10:13:28+00:00","og_image":[{"width":400,"height":267,"url":"https:\/\/foto.praha-19.ys-beta.cz\/app\/uploads\/2022\/11\/MG_1225.jpg","type":"image\/jpeg"}],"twitter_card":"summary_large_image","twitter_misc":{"Est. reading time":"1 minuta"},"schema":{"@context":"https:\/\/schema.org","@graph":[{"@type":"WebPage","@id":"https:\/\/foto.praha-19.ys-beta.cz\/index.php\/nase-projekty\/materska-skola-letcu\/","url":"https:\/\/foto.praha-19.ys-beta.cz\/index.php\/nase-projekty\/materska-skola-letcu\/","name":"Mate\u0159sk\u00e1 \u0161kola Letc\u016f - Fotogalerie - Praha 19","isPartOf":{"@id":"https:\/\/foto.praha-19.ys-beta.cz\/#website"},"primaryImageOfPage":{"@id":"https:\/\/foto.praha-19.ys-beta.cz\/index.php\/nase-projekty\/materska-skola-letcu\/#primaryimage"},"image":{"@id":"https:\/\/foto.praha-19.ys-beta.cz\/index.php\/nase-projekty\/materska-skola-letcu\/#primaryimage"},"thumbnailUrl":"https:\/\/foto.praha-19.ys-beta.cz\/app\/uploads\/2022\/11\/MG_1225.jpg","datePublished":"2022-11-07T14:19:32+00:00","dateModified":"2023-02-01T10:13:28+00:00","breadcrumb":{"@id":"https:\/\/foto.praha-19.ys-beta.cz\/index.php\/nase-projekty\/materska-skola-letcu\/#breadcrumb"},"inLanguage":"cs","potentialAction":[{"@type":"ReadAction","target":["https:\/\/foto.praha-19.ys-beta.cz\/index.php\/nase-projekty\/materska-skola-letcu\/"]}]},{"@type":"ImageObject","inLanguage":"cs","@id":"https:\/\/foto.praha-19.ys-beta.cz\/index.php\/nase-projekty\/materska-skola-letcu\/#primaryimage","url":"https:\/\/foto.praha-19.ys-beta.cz\/app\/uploads\/2022\/11\/MG_1225.jpg","contentUrl":"https:\/\/foto.praha-19.ys-beta.cz\/app\/uploads\/2022\/11\/MG_1225.jpg","width":400,"height":267},{"@type":"BreadcrumbList","@id":"https:\/\/foto.praha-19.ys-beta.cz\/index.php\/nase-projekty\/materska-skola-letcu\/#breadcrumb","itemListElement":[{"@type":"ListItem","position":1,"name":"Home","item":"https:\/\/foto.praha-19.ys-beta.cz\/"},{"@type":"ListItem","position":2,"name":"Na\u0161e projekty","item":"https:\/\/foto.praha-19.ys-beta.cz\/index.php\/nase-projekty\/"},{"@type":"ListItem","position":3,"name":"Mate\u0159sk\u00e1 \u0161kola Letc\u016f"}]},{"@type":"WebSite","@id":"https:\/\/foto.praha-19.ys-beta.cz\/#website","url":"https:\/\/foto.praha-19.ys-beta.cz\/","name":"Fotogalerie - Praha 19","description":"Fotogalerie m\u011bstsk\u00e9 \u010d\u00e1sti Praha 19","potentialAction":[{"@type":"SearchAction","target":{"@type":"EntryPoint","urlTemplate":"https:\/\/foto.praha-19.ys-beta.cz\/?s={search_term_string}"},"query-input":{"@type":"PropertyValueSpecification","valueRequired":true,"valueName":"search_term_string"}}],"inLanguage":"cs"}]}},"_links":{"self":[{"href":"https:\/\/foto.praha-19.ys-beta.cz\/index.php\/wp-json\/wp\/v2\/pages\/1026","targetHints":{"allow":["GET"]}}],"collection":[{"href":"https:\/\/foto.praha-19.ys-beta.cz\/index.php\/wp-json\/wp\/v2\/pages"}],"about":[{"href":"https:\/\/foto.praha-19.ys-beta.cz\/index.php\/wp-json\/wp\/v2\/types\/page"}],"author":[{"embeddable":true,"href":"https:\/\/foto.praha-19.ys-beta.cz\/index.php\/wp-json\/wp\/v2\/users\/6"}],"replies":[{"embeddable":true,"href":"https:\/\/foto.praha-19.ys-beta.cz\/index.php\/wp-json\/wp\/v2\/comments?post=1026"}],"version-history":[{"count":4,"href":"https:\/\/foto.praha-19.ys-beta.cz\/index.php\/wp-json\/wp\/v2\/pages\/1026\/revisions"}],"predecessor-version":[{"id":14610,"href":"https:\/\/foto.praha-19.ys-beta.cz\/index.php\/wp-json\/wp\/v2\/pages\/1026\/revisions\/14610"}],"up":[{"embeddable":true,"href":"https:\/\/foto.praha-19.ys-beta.cz\/index.php\/wp-json\/wp\/v2\/pages\/1024"}],"wp:featuredmedia":[{"embeddable":true,"href":"https:\/\/foto.praha-19.ys-beta.cz\/index.php\/wp-json\/wp\/v2\/media\/1028"}],"wp:attachment":[{"href":"https:\/\/foto.praha-19.ys-beta.cz\/index.php\/wp-json\/wp\/v2\/media?parent=1026"}],"curies":[{"name":"wp","href":"https:\/\/api.w.org\/{rel}","templated":true}]}}

Mateřská škola Letců

<p class="has-large-font-size">Mateřská škola v ulici Letců čp. 731 se stavěla společně s tzv. druhým sídlištěm kolem Toužimské ulice. Školka byla dána do provozu v roce 1960. Ve své době byla školka moderně zařízena. Časem musela budova projít rekonstrukcí. Byl vybudován i bezbariérový přístup. Slavnostní otevření školky pro rekonstrukci proběhlo za přítomnosti prezidenta republiky pana Václava Klause a jeho manželky dne 10. října 2006. Všichni si prohlédli jednotlivé třídy s novým moderním vybavením.</p>



<p></p>



<p></p>

<p>Mateřská škola v ulici Letců čp. 731 se stavěla společně s tzv. druhým sídlištěm kolem Toužimské ulice. Školka byla dána do provozu v roce 1960. Ve své době byla školka moderně zařízena. Časem musela budova projít rekonstrukcí. Byl vybudován i bezbariérový přístup. Slavnostní otevření školky pro rekonstrukci proběhlo za přítomnosti prezidenta republiky pana Václava Klause [&hellip;]</p>

<!-- This site is optimized with the Yoast SEO plugin v27.2 - https://yoast.com/product/yoast-seo-wordpress/ -->
<title>Mateřská škola Letců - Fotogalerie - Praha 19</title>
<meta name="robots" content="noindex, follow, max-snippet:-1, max-image-preview:large, max-video-preview:-1" />
<meta property="og:locale" content="cs_CZ" />
<meta property="og:type" content="article" />
<meta property="og:title" content="Mateřská škola Letců - Fotogalerie - Praha 19" />
<meta property="og:description" content="Mateřská škola v ulici Letců čp. 731 se stavěla společně s tzv. druhým sídlištěm kolem Toužimské ulice. Školka byla dána do provozu v roce 1960. Ve své době byla školka moderně zařízena. Časem musela budova projít rekonstrukcí. Byl vybudován i bezbariérový přístup. Slavnostní otevření školky pro rekonstrukci proběhlo za přítomnosti prezidenta republiky pana Václava Klause [&hellip;]" />
<meta property="og:url" content="https://foto.praha-19.ys-beta.cz/index.php/nase-projekty/materska-skola-letcu/" />
<meta property="og:site_name" content="Fotogalerie - Praha 19" />
<meta property="article:modified_time" content="2023-02-01T10:13:28+00:00" />
<meta property="og:image" content="https://foto.praha-19.ys-beta.cz/app/uploads/2022/11/MG_1225.jpg" />
	<meta property="og:image:width" content="400" />
	<meta property="og:image:height" content="267" />
	<meta property="og:image:type" content="image/jpeg" />
<meta name="twitter:card" content="summary_large_image" />
<meta name="twitter:label1" content="Est. reading time" />
	<meta name="twitter:data1" content="1 minuta" />
<script type="application/ld+json" class="yoast-schema-graph">{"@context":"https://schema.org","@graph":[{"@type":"WebPage","@id":"https://foto.praha-19.ys-beta.cz/index.php/nase-projekty/materska-skola-letcu/","url":"https://foto.praha-19.ys-beta.cz/index.php/nase-projekty/materska-skola-letcu/","name":"Mateřská škola Letců - Fotogalerie - Praha 19","isPartOf":{"@id":"https://foto.praha-19.ys-beta.cz/#website"},"primaryImageOfPage":{"@id":"https://foto.praha-19.ys-beta.cz/index.php/nase-projekty/materska-skola-letcu/#primaryimage"},"image":{"@id":"https://foto.praha-19.ys-beta.cz/index.php/nase-projekty/materska-skola-letcu/#primaryimage"},"thumbnailUrl":"https://foto.praha-19.ys-beta.cz/app/uploads/2022/11/MG_1225.jpg","datePublished":"2022-11-07T14:19:32+00:00","dateModified":"2023-02-01T10:13:28+00:00","breadcrumb":{"@id":"https://foto.praha-19.ys-beta.cz/index.php/nase-projekty/materska-skola-letcu/#breadcrumb"},"inLanguage":"cs","potentialAction":[{"@type":"ReadAction","target":["https://foto.praha-19.ys-beta.cz/index.php/nase-projekty/materska-skola-letcu/"]}]},{"@type":"ImageObject","inLanguage":"cs","@id":"https://foto.praha-19.ys-beta.cz/index.php/nase-projekty/materska-skola-letcu/#primaryimage","url":"https://foto.praha-19.ys-beta.cz/app/uploads/2022/11/MG_1225.jpg","contentUrl":"https://foto.praha-19.ys-beta.cz/app/uploads/2022/11/MG_1225.jpg","width":400,"height":267},{"@type":"BreadcrumbList","@id":"https://foto.praha-19.ys-beta.cz/index.php/nase-projekty/materska-skola-letcu/#breadcrumb","itemListElement":[{"@type":"ListItem","position":1,"name":"Home","item":"https://foto.praha-19.ys-beta.cz/"},{"@type":"ListItem","position":2,"name":"Naše projekty","item":"https://foto.praha-19.ys-beta.cz/index.php/nase-projekty/"},{"@type":"ListItem","position":3,"name":"Mateřská škola Letců"}]},{"@type":"WebSite","@id":"https://foto.praha-19.ys-beta.cz/#website","url":"https://foto.praha-19.ys-beta.cz/","name":"Fotogalerie - Praha 19","description":"Fotogalerie městské části Praha 19","potentialAction":[{"@type":"SearchAction","target":{"@type":"EntryPoint","urlTemplate":"https://foto.praha-19.ys-beta.cz/?s={search_term_string}"},"query-input":{"@type":"PropertyValueSpecification","valueRequired":true,"valueName":"search_term_string"}}],"inLanguage":"cs"}]}</script>
<!-- / Yoast SEO plugin. -->

Mateřská škola Letců - Fotogalerie - Praha 19

Mateřská škola v ulici Letců čp. 731 se stavěla společně s tzv. druhým sídlištěm kolem Toužimské ulice. Školka byla dána do provozu v roce 1960. Ve své době byla školka moderně zařízena. Časem musela budova projít rekonstrukcí. Byl vybudován i bezbariérový přístup. Slavnostní otevření školky pro rekonstrukci proběhlo za přítomnosti prezidenta republiky pana Václava Klause [&hellip;]

Naše projekty

Fotogalerie městské části Praha 19
