{"id":1024,"date":"2022-11-07T16:08:49","date_gmt":"2022-11-07T14:08:49","guid":{"rendered":"https:\/\/foto.praha-19.ys-beta.cz\/?page_id=1024"},"modified":"2024-03-04T11:51:12","modified_gmt":"2024-03-04T09:51:12","slug":"nase-projekty","status":"publish","type":"page","link":"https:\/\/foto.praha-19.ys-beta.cz\/index.php\/nase-projekty\/","title":{"rendered":"Na\u0161e projekty"},"content":{"rendered":"\n<figure class=\"wp-block-table is-style-stripes has-large-font-size\"><table><tbody><tr><td class=\"has-text-align-center\" data-align=\"center\"><a href=\"https:\/\/foto.praha-19.ys-beta.cz\/index.php\/nase-projekty\/materska-skola-letcu\/\">Mate\u0159sk\u00e1 \u0161kola Letc\u016f<\/a><\/td><td><img loading=\"lazy\" decoding=\"async\" width=\"150\" height=\"100\" class=\"wp-image-1028\" style=\"width: 150px;\" src=\"https:\/\/foto.praha-19.ys-beta.cz\/app\/uploads\/2022\/11\/MG_1225.jpg\" alt=\"\" srcset=\"https:\/\/foto.praha-19.ys-beta.cz\/app\/uploads\/2022\/11\/MG_1225.jpg 400w, https:\/\/foto.praha-19.ys-beta.cz\/app\/uploads\/2022\/11\/MG_1225-300x200.jpg 300w, https:\/\/foto.praha-19.ys-beta.cz\/app\/uploads\/2022\/11\/MG_1225-378x252.jpg 378w, https:\/\/foto.praha-19.ys-beta.cz\/app\/uploads\/2022\/11\/MG_1225-276x184.jpg 276w\" sizes=\"auto, (max-width: 150px) 100vw, 150px\" \/><\/td><\/tr><tr><td class=\"has-text-align-center\" data-align=\"center\"><a href=\"https:\/\/foto.praha-19.ys-beta.cz\/index.php\/nase-projekty\/materska-skola-albrechticka\/\">Mate\u0159sk\u00e1 \u0161kola Albrechtick\u00e1<\/a><\/td><td><img loading=\"lazy\" decoding=\"async\" width=\"150\" height=\"100\" class=\"wp-image-1037\" style=\"width: 150px;\" src=\"https:\/\/foto.praha-19.ys-beta.cz\/app\/uploads\/2022\/11\/MG_1187.jpg\" alt=\"\" srcset=\"https:\/\/foto.praha-19.ys-beta.cz\/app\/uploads\/2022\/11\/MG_1187.jpg 400w, https:\/\/foto.praha-19.ys-beta.cz\/app\/uploads\/2022\/11\/MG_1187-300x200.jpg 300w, https:\/\/foto.praha-19.ys-beta.cz\/app\/uploads\/2022\/11\/MG_1187-378x252.jpg 378w, https:\/\/foto.praha-19.ys-beta.cz\/app\/uploads\/2022\/11\/MG_1187-276x184.jpg 276w\" sizes=\"auto, (max-width: 150px) 100vw, 150px\" \/><\/td><\/tr><tr><td class=\"has-text-align-center\" data-align=\"center\"><a href=\"https:\/\/foto.praha-19.ys-beta.cz\/index.php\/nase-projekty\/zakladni-skola-praha-kbely\/\">Z\u00e1kladn\u00ed \u0161kola Praha Kbely<\/a><\/td><td><img loading=\"lazy\" decoding=\"async\" width=\"150\" height=\"100\" class=\"wp-image-14472\" style=\"width: 150px;\" src=\"https:\/\/foto.praha-19.ys-beta.cz\/app\/uploads\/2024\/02\/ZS_1.jpg\" alt=\"\" srcset=\"https:\/\/foto.praha-19.ys-beta.cz\/app\/uploads\/2024\/02\/ZS_1.jpg 300w, https:\/\/foto.praha-19.ys-beta.cz\/app\/uploads\/2024\/02\/ZS_1-276x184.jpg 276w\" sizes=\"auto, (max-width: 150px) 100vw, 150px\" \/><\/td><\/tr><tr><td class=\"has-text-align-center\" data-align=\"center\"><a href=\"https:\/\/foto.praha-19.ys-beta.cz\/index.php\/nase-projekty\/telocvicna-zs-kbely\/\">T\u011blocvi\u010dna Z\u0160 Kbely<\/a><\/td><td><img loading=\"lazy\" decoding=\"async\" width=\"150\" height=\"100\" class=\"wp-image-14470\" style=\"width: 150px;\" src=\"https:\/\/foto.praha-19.ys-beta.cz\/app\/uploads\/2024\/02\/Telocvicna_1.jpg\" alt=\"\" srcset=\"https:\/\/foto.praha-19.ys-beta.cz\/app\/uploads\/2024\/02\/Telocvicna_1.jpg 400w, https:\/\/foto.praha-19.ys-beta.cz\/app\/uploads\/2024\/02\/Telocvicna_1-300x200.jpg 300w, https:\/\/foto.praha-19.ys-beta.cz\/app\/uploads\/2024\/02\/Telocvicna_1-378x252.jpg 378w, https:\/\/foto.praha-19.ys-beta.cz\/app\/uploads\/2024\/02\/Telocvicna_1-276x184.jpg 276w\" sizes=\"auto, (max-width: 150px) 100vw, 150px\" \/><\/td><\/tr><tr><td class=\"has-text-align-center\" data-align=\"center\"><a href=\"https:\/\/foto.praha-19.ys-beta.cz\/index.php\/nase-projekty\/budova-radnice-mc-praha-19\/\">Budova radnice M\u010c Praha 19<\/a><\/td><td><img loading=\"lazy\" decoding=\"async\" width=\"150\" height=\"100\" class=\"wp-image-14466\" style=\"width: 150px;\" src=\"https:\/\/foto.praha-19.ys-beta.cz\/app\/uploads\/2024\/02\/Radnice_1.jpg\" alt=\"\" srcset=\"https:\/\/foto.praha-19.ys-beta.cz\/app\/uploads\/2024\/02\/Radnice_1.jpg 400w, https:\/\/foto.praha-19.ys-beta.cz\/app\/uploads\/2024\/02\/Radnice_1-300x200.jpg 300w, https:\/\/foto.praha-19.ys-beta.cz\/app\/uploads\/2024\/02\/Radnice_1-378x252.jpg 378w, https:\/\/foto.praha-19.ys-beta.cz\/app\/uploads\/2024\/02\/Radnice_1-276x184.jpg 276w\" sizes=\"auto, (max-width: 150px) 100vw, 150px\" \/><\/td><\/tr><tr><td class=\"has-text-align-center\" data-align=\"center\"><a href=\"https:\/\/foto.praha-19.ys-beta.cz\/index.php\/nase-projekty\/dum-senioru-mladoboleslavska\/\">D\u016fm senior\u016f Mladoboleslavsk\u00e1<\/a><\/td><td><img loading=\"lazy\" decoding=\"async\" width=\"150\" height=\"100\" class=\"wp-image-14458\" style=\"width: 150px;\" src=\"https:\/\/foto.praha-19.ys-beta.cz\/app\/uploads\/2024\/02\/DS-Mladoboleslavska-1.jpg\" alt=\"\" srcset=\"https:\/\/foto.praha-19.ys-beta.cz\/app\/uploads\/2024\/02\/DS-Mladoboleslavska-1.jpg 400w, https:\/\/foto.praha-19.ys-beta.cz\/app\/uploads\/2024\/02\/DS-Mladoboleslavska-1-300x200.jpg 300w, https:\/\/foto.praha-19.ys-beta.cz\/app\/uploads\/2024\/02\/DS-Mladoboleslavska-1-378x252.jpg 378w, https:\/\/foto.praha-19.ys-beta.cz\/app\/uploads\/2024\/02\/DS-Mladoboleslavska-1-276x184.jpg 276w\" sizes=\"auto, (max-width: 150px) 100vw, 150px\" \/><\/td><\/tr><tr><td class=\"has-text-align-center\" data-align=\"center\"><a href=\"https:\/\/foto.praha-19.ys-beta.cz\/index.php\/nase-projekty\/lidovy-dum-kbely\/\">Lidov\u00fd d\u016fm Kbely<\/a><\/td><td><img loading=\"lazy\" decoding=\"async\" width=\"150\" height=\"100\" class=\"wp-image-14463\" style=\"width: 150px;\" src=\"https:\/\/foto.praha-19.ys-beta.cz\/app\/uploads\/2024\/02\/LD-1.jpg\" alt=\"\" srcset=\"https:\/\/foto.praha-19.ys-beta.cz\/app\/uploads\/2024\/02\/LD-1.jpg 400w, https:\/\/foto.praha-19.ys-beta.cz\/app\/uploads\/2024\/02\/LD-1-300x200.jpg 300w, https:\/\/foto.praha-19.ys-beta.cz\/app\/uploads\/2024\/02\/LD-1-378x252.jpg 378w, https:\/\/foto.praha-19.ys-beta.cz\/app\/uploads\/2024\/02\/LD-1-276x184.jpg 276w\" sizes=\"auto, (max-width: 150px) 100vw, 150px\" \/><\/td><\/tr><tr><td class=\"has-text-align-center\" data-align=\"center\"><a href=\"https:\/\/foto.praha-19.ys-beta.cz\/index.php\/nase-projekty\/hasicska-zbrojnice-sdh-kbely\/\">Hasi\u010dsk\u00e1 zbrojnice SDH Kbely<\/a><\/td><td><img loading=\"lazy\" decoding=\"async\" width=\"150\" height=\"100\" class=\"wp-image-14459\" style=\"width: 150px;\" src=\"https:\/\/foto.praha-19.ys-beta.cz\/app\/uploads\/2024\/02\/Hasici-1.jpg\" alt=\"\" srcset=\"https:\/\/foto.praha-19.ys-beta.cz\/app\/uploads\/2024\/02\/Hasici-1.jpg 400w, https:\/\/foto.praha-19.ys-beta.cz\/app\/uploads\/2024\/02\/Hasici-1-300x200.jpg 300w, https:\/\/foto.praha-19.ys-beta.cz\/app\/uploads\/2024\/02\/Hasici-1-378x252.jpg 378w, https:\/\/foto.praha-19.ys-beta.cz\/app\/uploads\/2024\/02\/Hasici-1-276x184.jpg 276w\" sizes=\"auto, (max-width: 150px) 100vw, 150px\" \/><\/td><\/tr><tr><td class=\"has-text-align-center\" data-align=\"center\"><a href=\"https:\/\/foto.praha-19.ys-beta.cz\/index.php\/nase-projekty\/centralni-park-kbely\/\">Centr\u00e1ln\u00ed park Kbely<\/a><\/td><td><img loading=\"lazy\" decoding=\"async\" width=\"150\" height=\"113\" class=\"wp-image-14527\" style=\"width: 150px;\" src=\"https:\/\/foto.praha-19.ys-beta.cz\/app\/uploads\/2024\/03\/IMG_0217.jpg\" alt=\"\" srcset=\"https:\/\/foto.praha-19.ys-beta.cz\/app\/uploads\/2024\/03\/IMG_0217.jpg 1088w, https:\/\/foto.praha-19.ys-beta.cz\/app\/uploads\/2024\/03\/IMG_0217-300x225.jpg 300w, https:\/\/foto.praha-19.ys-beta.cz\/app\/uploads\/2024\/03\/IMG_0217-1024x768.jpg 1024w, https:\/\/foto.praha-19.ys-beta.cz\/app\/uploads\/2024\/03\/IMG_0217-768x576.jpg 768w, https:\/\/foto.praha-19.ys-beta.cz\/app\/uploads\/2024\/03\/IMG_0217-582x437.jpg 582w, https:\/\/foto.praha-19.ys-beta.cz\/app\/uploads\/2024\/03\/IMG_0217-378x284.jpg 378w, https:\/\/foto.praha-19.ys-beta.cz\/app\/uploads\/2024\/03\/IMG_0217-276x207.jpg 276w, https:\/\/foto.praha-19.ys-beta.cz\/app\/uploads\/2024\/03\/IMG_0217-600x450.jpg 600w\" sizes=\"auto, (max-width: 150px) 100vw, 150px\" \/><\/td><\/tr><tr><td class=\"has-text-align-center\" data-align=\"center\"><a href=\"https:\/\/foto.praha-19.ys-beta.cz\/index.php\/nase-projekty\/multifunkcni-srub-v-centralnim-parku-ve-kbelich\/\">Multifunk\u010dn\u00ed srub v Centr\u00e1ln\u00edm parku ve Kbel\u00edch<\/a><\/td><td><img loading=\"lazy\" decoding=\"async\" width=\"150\" height=\"100\" class=\"wp-image-14457\" style=\"width: 150px;\" src=\"https:\/\/foto.praha-19.ys-beta.cz\/app\/uploads\/2024\/02\/Centralni-park-1.jpg\" alt=\"\" srcset=\"https:\/\/foto.praha-19.ys-beta.cz\/app\/uploads\/2024\/02\/Centralni-park-1.jpg 300w, https:\/\/foto.praha-19.ys-beta.cz\/app\/uploads\/2024\/02\/Centralni-park-1-276x184.jpg 276w\" sizes=\"auto, (max-width: 150px) 100vw, 150px\" \/><\/td><\/tr><tr><td class=\"has-text-align-center\" data-align=\"center\"><a href=\"https:\/\/foto.praha-19.ys-beta.cz\/index.php\/nase-projekty\/verejne-wc-v-centralnim-parku-kbely\/\">Ve\u0159ejn\u00e9 WC v Centr\u00e1ln\u00edm parku Kbely<\/a><\/td><td><img loading=\"lazy\" decoding=\"async\" width=\"150\" height=\"100\" class=\"wp-image-14471\" style=\"width: 150px;\" src=\"https:\/\/foto.praha-19.ys-beta.cz\/app\/uploads\/2024\/02\/WC-1.jpg\" alt=\"\" srcset=\"https:\/\/foto.praha-19.ys-beta.cz\/app\/uploads\/2024\/02\/WC-1.jpg 314w, https:\/\/foto.praha-19.ys-beta.cz\/app\/uploads\/2024\/02\/WC-1-300x200.jpg 300w, https:\/\/foto.praha-19.ys-beta.cz\/app\/uploads\/2024\/02\/WC-1-276x184.jpg 276w\" sizes=\"auto, (max-width: 150px) 100vw, 150px\" \/><\/td><\/tr><tr><td class=\"has-text-align-center\" data-align=\"center\"><a href=\"https:\/\/foto.praha-19.ys-beta.cz\/index.php\/nase-projekty\/nastavba-a-rekonstrukce-zdravotniho-strediska\/\">N\u00e1stavba a rekonstrukce zdravotn\u00edho st\u0159ediska<\/a><\/td><td><img loading=\"lazy\" decoding=\"async\" width=\"150\" height=\"79\" class=\"wp-image-14468\" style=\"width: 150px;\" src=\"https:\/\/foto.praha-19.ys-beta.cz\/app\/uploads\/2024\/02\/Stredisko-1.jpg\" alt=\"\" srcset=\"https:\/\/foto.praha-19.ys-beta.cz\/app\/uploads\/2024\/02\/Stredisko-1.jpg 800w, https:\/\/foto.praha-19.ys-beta.cz\/app\/uploads\/2024\/02\/Stredisko-1-300x158.jpg 300w, https:\/\/foto.praha-19.ys-beta.cz\/app\/uploads\/2024\/02\/Stredisko-1-768x404.jpg 768w, https:\/\/foto.praha-19.ys-beta.cz\/app\/uploads\/2024\/02\/Stredisko-1-582x306.jpg 582w, https:\/\/foto.praha-19.ys-beta.cz\/app\/uploads\/2024\/02\/Stredisko-1-378x199.jpg 378w, https:\/\/foto.praha-19.ys-beta.cz\/app\/uploads\/2024\/02\/Stredisko-1-276x145.jpg 276w\" sizes=\"auto, (max-width: 150px) 100vw, 150px\" \/><\/td><\/tr><tr><td class=\"has-text-align-center\" data-align=\"center\"><a href=\"https:\/\/foto.praha-19.ys-beta.cz\/index.php\/nase-projekty\/pamatnik-ceskoslovenske-republiky\/\">Pam\u00e1tn\u00edk \u010ceskoslovensk\u00e9 republiky<\/a><\/td><td><img loading=\"lazy\" decoding=\"async\" width=\"150\" height=\"100\" class=\"wp-image-14464\" style=\"width: 150px;\" src=\"https:\/\/foto.praha-19.ys-beta.cz\/app\/uploads\/2024\/02\/Pamatnik-CR-01.jpg\" alt=\"\" srcset=\"https:\/\/foto.praha-19.ys-beta.cz\/app\/uploads\/2024\/02\/Pamatnik-CR-01.jpg 314w, https:\/\/foto.praha-19.ys-beta.cz\/app\/uploads\/2024\/02\/Pamatnik-CR-01-300x200.jpg 300w, https:\/\/foto.praha-19.ys-beta.cz\/app\/uploads\/2024\/02\/Pamatnik-CR-01-276x184.jpg 276w\" sizes=\"auto, (max-width: 150px) 100vw, 150px\" \/><\/td><\/tr><tr><td class=\"has-text-align-center\" data-align=\"center\"><a href=\"https:\/\/foto.praha-19.ys-beta.cz\/index.php\/nase-projekty\/park-aerovka\/\">Park Aerovka<\/a><\/td><td><img loading=\"lazy\" decoding=\"async\" width=\"150\" height=\"84\" class=\"wp-image-14465\" style=\"width: 150px;\" src=\"https:\/\/foto.praha-19.ys-beta.cz\/app\/uploads\/2024\/02\/Park-Aerovka-1.jpg\" alt=\"\" srcset=\"https:\/\/foto.praha-19.ys-beta.cz\/app\/uploads\/2024\/02\/Park-Aerovka-1.jpg 359w, https:\/\/foto.praha-19.ys-beta.cz\/app\/uploads\/2024\/02\/Park-Aerovka-1-300x167.jpg 300w, https:\/\/foto.praha-19.ys-beta.cz\/app\/uploads\/2024\/02\/Park-Aerovka-1-276x154.jpg 276w\" sizes=\"auto, (max-width: 150px) 100vw, 150px\" \/><\/td><\/tr><tr><td class=\"has-text-align-center\" data-align=\"center\"><a href=\"https:\/\/foto.praha-19.ys-beta.cz\/index.php\/nase-projekty\/krajinny-park-havranak\/\">Krajinn\u00fd park Havra\u0148\u00e1k<\/a><\/td><td><img loading=\"lazy\" decoding=\"async\" width=\"150\" height=\"106\" class=\"wp-image-14460\" style=\"width: 150px;\" src=\"https:\/\/foto.praha-19.ys-beta.cz\/app\/uploads\/2024\/02\/Havranak-1.jpg\" alt=\"\"><\/td><\/tr><tr><td class=\"has-text-align-center\" data-align=\"center\"><a href=\"https:\/\/foto.praha-19.ys-beta.cz\/index.php\/nase-projekty\/replika-kaplicky-kutnohorske\/\">Replika kapli\u010dky Kutnohorsk\u00e9<\/a><\/td><td><img loading=\"lazy\" decoding=\"async\" width=\"150\" height=\"225\" class=\"wp-image-14462\" style=\"width: 150px;\" src=\"https:\/\/foto.praha-19.ys-beta.cz\/app\/uploads\/2024\/02\/Kaplicka-Kutnohorska-1.jpg\" alt=\"\" srcset=\"https:\/\/foto.praha-19.ys-beta.cz\/app\/uploads\/2024\/02\/Kaplicka-Kutnohorska-1.jpg 267w, https:\/\/foto.praha-19.ys-beta.cz\/app\/uploads\/2024\/02\/Kaplicka-Kutnohorska-1-200x300.jpg 200w\" sizes=\"auto, (max-width: 150px) 100vw, 150px\" \/><\/td><\/tr><tr><td class=\"has-text-align-center\" data-align=\"center\"><a href=\"https:\/\/foto.praha-19.ys-beta.cz\/index.php\/nase-projekty\/replika-kaplicky-kulmenske\/\">Replika kapli\u010dky Kulmensk\u00e9<\/a><\/td><td><img loading=\"lazy\" decoding=\"async\" width=\"150\" height=\"210\" class=\"wp-image-14461\" style=\"width: 150px;\" src=\"https:\/\/foto.praha-19.ys-beta.cz\/app\/uploads\/2024\/02\/Kaplicka-Kulmenska-1.jpg\" alt=\"\" srcset=\"https:\/\/foto.praha-19.ys-beta.cz\/app\/uploads\/2024\/02\/Kaplicka-Kulmenska-1.jpg 267w, https:\/\/foto.praha-19.ys-beta.cz\/app\/uploads\/2024\/02\/Kaplicka-Kulmenska-1-214x300.jpg 214w\" sizes=\"auto, (max-width: 150px) 100vw, 150px\" \/><\/td><\/tr><tr><td class=\"has-text-align-center\" data-align=\"center\"><a href=\"https:\/\/foto.praha-19.ys-beta.cz\/index.php\/nase-projekty\/studna-barborka\/\">Studna Barborka<\/a><\/td><td><img loading=\"lazy\" decoding=\"async\" width=\"150\" height=\"100\" class=\"wp-image-14469\" style=\"width: 150px;\" src=\"https:\/\/foto.praha-19.ys-beta.cz\/app\/uploads\/2024\/02\/Studna-Barborka-1.jpg\" alt=\"\" srcset=\"https:\/\/foto.praha-19.ys-beta.cz\/app\/uploads\/2024\/02\/Studna-Barborka-1.jpg 314w, https:\/\/foto.praha-19.ys-beta.cz\/app\/uploads\/2024\/02\/Studna-Barborka-1-300x200.jpg 300w, https:\/\/foto.praha-19.ys-beta.cz\/app\/uploads\/2024\/02\/Studna-Barborka-1-276x184.jpg 276w\" sizes=\"auto, (max-width: 150px) 100vw, 150px\" \/><\/td><\/tr><\/tbody><\/table><\/figure>\n","protected":false},"excerpt":{"rendered":"<p>Mate\u0159sk\u00e1 \u0161kola Letc\u016f Mate\u0159sk\u00e1 \u0161kola Albrechtick\u00e1 Z\u00e1kladn\u00ed \u0161kola Praha Kbely T\u011blocvi\u010dna Z\u0160 Kbely Budova radnice M\u010c Praha 19 D\u016fm senior\u016f Mladoboleslavsk\u00e1 Lidov\u00fd d\u016fm Kbely Hasi\u010dsk\u00e1 zbrojnice SDH Kbely Centr\u00e1ln\u00ed park Kbely Multifunk\u010dn\u00ed srub v Centr\u00e1ln\u00edm parku ve Kbel\u00edch Ve\u0159ejn\u00e9 WC v Centr\u00e1ln\u00edm parku Kbely N\u00e1stavba a rekonstrukce zdravotn\u00edho st\u0159ediska Pam\u00e1tn\u00edk \u010ceskoslovensk\u00e9 republiky Park Aerovka Krajinn\u00fd [&hellip;]<\/p>\n","protected":false},"author":6,"featured_media":0,"parent":0,"menu_order":0,"comment_status":"closed","ping_status":"closed","template":"","meta":{"footnotes":""},"class_list":["post-1024","page","type-page","status-publish","hentry"],"yoast_head":"<!-- This site is optimized with the Yoast SEO plugin v27.2 - https:\/\/yoast.com\/product\/yoast-seo-wordpress\/ -->\n<title>Na\u0161e projekty - Fotogalerie - Praha 19<\/title>\n<meta name=\"robots\" content=\"noindex, follow, max-snippet:-1, max-image-preview:large, max-video-preview:-1\" \/>\n<meta property=\"og:locale\" content=\"cs_CZ\" \/>\n<meta property=\"og:type\" content=\"article\" \/>\n<meta property=\"og:title\" content=\"Na\u0161e projekty - Fotogalerie - Praha 19\" \/>\n<meta property=\"og:description\" content=\"Mate\u0159sk\u00e1 \u0161kola Letc\u016f Mate\u0159sk\u00e1 \u0161kola Albrechtick\u00e1 Z\u00e1kladn\u00ed \u0161kola Praha Kbely T\u011blocvi\u010dna Z\u0160 Kbely Budova radnice M\u010c Praha 19 D\u016fm senior\u016f Mladoboleslavsk\u00e1 Lidov\u00fd d\u016fm Kbely Hasi\u010dsk\u00e1 zbrojnice SDH Kbely Centr\u00e1ln\u00ed park Kbely Multifunk\u010dn\u00ed srub v Centr\u00e1ln\u00edm parku ve Kbel\u00edch Ve\u0159ejn\u00e9 WC v Centr\u00e1ln\u00edm parku Kbely N\u00e1stavba a rekonstrukce zdravotn\u00edho st\u0159ediska Pam\u00e1tn\u00edk \u010ceskoslovensk\u00e9 republiky Park Aerovka Krajinn\u00fd [&hellip;]\" \/>\n<meta property=\"og:url\" content=\"https:\/\/foto.praha-19.ys-beta.cz\/index.php\/nase-projekty\/\" \/>\n<meta property=\"og:site_name\" content=\"Fotogalerie - Praha 19\" \/>\n<meta property=\"article:modified_time\" content=\"2024-03-04T09:51:12+00:00\" \/>\n<meta property=\"og:image\" content=\"https:\/\/foto.praha-19.ys-beta.cz\/app\/uploads\/2022\/11\/MG_1225.jpg\" \/>\n<meta name=\"twitter:card\" content=\"summary_large_image\" \/>\n<meta name=\"twitter:label1\" content=\"Est. reading time\" \/>\n\t<meta name=\"twitter:data1\" content=\"4 minuty\" \/>\n<script type=\"application\/ld+json\" class=\"yoast-schema-graph\">{\"@context\":\"https:\/\/schema.org\",\"@graph\":[{\"@type\":\"WebPage\",\"@id\":\"https:\/\/foto.praha-19.ys-beta.cz\/index.php\/nase-projekty\/\",\"url\":\"https:\/\/foto.praha-19.ys-beta.cz\/index.php\/nase-projekty\/\",\"name\":\"Na\u0161e projekty - Fotogalerie - Praha 19\",\"isPartOf\":{\"@id\":\"https:\/\/foto.praha-19.ys-beta.cz\/#website\"},\"primaryImageOfPage\":{\"@id\":\"https:\/\/foto.praha-19.ys-beta.cz\/index.php\/nase-projekty\/#primaryimage\"},\"image\":{\"@id\":\"https:\/\/foto.praha-19.ys-beta.cz\/index.php\/nase-projekty\/#primaryimage\"},\"thumbnailUrl\":\"https:\/\/foto.praha-19.ys-beta.cz\/app\/uploads\/2022\/11\/MG_1225.jpg\",\"datePublished\":\"2022-11-07T14:08:49+00:00\",\"dateModified\":\"2024-03-04T09:51:12+00:00\",\"breadcrumb\":{\"@id\":\"https:\/\/foto.praha-19.ys-beta.cz\/index.php\/nase-projekty\/#breadcrumb\"},\"inLanguage\":\"cs\",\"potentialAction\":[{\"@type\":\"ReadAction\",\"target\":[\"https:\/\/foto.praha-19.ys-beta.cz\/index.php\/nase-projekty\/\"]}]},{\"@type\":\"ImageObject\",\"inLanguage\":\"cs\",\"@id\":\"https:\/\/foto.praha-19.ys-beta.cz\/index.php\/nase-projekty\/#primaryimage\",\"url\":\"https:\/\/foto.praha-19.ys-beta.cz\/app\/uploads\/2022\/11\/MG_1225.jpg\",\"contentUrl\":\"https:\/\/foto.praha-19.ys-beta.cz\/app\/uploads\/2022\/11\/MG_1225.jpg\",\"width\":400,\"height\":267},{\"@type\":\"BreadcrumbList\",\"@id\":\"https:\/\/foto.praha-19.ys-beta.cz\/index.php\/nase-projekty\/#breadcrumb\",\"itemListElement\":[{\"@type\":\"ListItem\",\"position\":1,\"name\":\"Home\",\"item\":\"https:\/\/foto.praha-19.ys-beta.cz\/\"},{\"@type\":\"ListItem\",\"position\":2,\"name\":\"Na\u0161e projekty\"}]},{\"@type\":\"WebSite\",\"@id\":\"https:\/\/foto.praha-19.ys-beta.cz\/#website\",\"url\":\"https:\/\/foto.praha-19.ys-beta.cz\/\",\"name\":\"Fotogalerie - Praha 19\",\"description\":\"Fotogalerie m\u011bstsk\u00e9 \u010d\u00e1sti Praha 19\",\"potentialAction\":[{\"@type\":\"SearchAction\",\"target\":{\"@type\":\"EntryPoint\",\"urlTemplate\":\"https:\/\/foto.praha-19.ys-beta.cz\/?s={search_term_string}\"},\"query-input\":{\"@type\":\"PropertyValueSpecification\",\"valueRequired\":true,\"valueName\":\"search_term_string\"}}],\"inLanguage\":\"cs\"}]}<\/script>\n<!-- \/ Yoast SEO plugin. -->","yoast_head_json":{"title":"Na\u0161e projekty - Fotogalerie - Praha 19","robots":{"index":"noindex","follow":"follow","max-snippet":"max-snippet:-1","max-image-preview":"max-image-preview:large","max-video-preview":"max-video-preview:-1"},"og_locale":"cs_CZ","og_type":"article","og_title":"Na\u0161e projekty - Fotogalerie - Praha 19","og_description":"Mate\u0159sk\u00e1 \u0161kola Letc\u016f Mate\u0159sk\u00e1 \u0161kola Albrechtick\u00e1 Z\u00e1kladn\u00ed \u0161kola Praha Kbely T\u011blocvi\u010dna Z\u0160 Kbely Budova radnice M\u010c Praha 19 D\u016fm senior\u016f Mladoboleslavsk\u00e1 Lidov\u00fd d\u016fm Kbely Hasi\u010dsk\u00e1 zbrojnice SDH Kbely Centr\u00e1ln\u00ed park Kbely Multifunk\u010dn\u00ed srub v Centr\u00e1ln\u00edm parku ve Kbel\u00edch Ve\u0159ejn\u00e9 WC v Centr\u00e1ln\u00edm parku Kbely N\u00e1stavba a rekonstrukce zdravotn\u00edho st\u0159ediska Pam\u00e1tn\u00edk \u010ceskoslovensk\u00e9 republiky Park Aerovka Krajinn\u00fd [&hellip;]","og_url":"https:\/\/foto.praha-19.ys-beta.cz\/index.php\/nase-projekty\/","og_site_name":"Fotogalerie - Praha 19","article_modified_time":"2024-03-04T09:51:12+00:00","og_image":[{"url":"https:\/\/foto.praha-19.ys-beta.cz\/app\/uploads\/2022\/11\/MG_1225.jpg","type":"","width":"","height":""}],"twitter_card":"summary_large_image","twitter_misc":{"Est. reading time":"4 minuty"},"schema":{"@context":"https:\/\/schema.org","@graph":[{"@type":"WebPage","@id":"https:\/\/foto.praha-19.ys-beta.cz\/index.php\/nase-projekty\/","url":"https:\/\/foto.praha-19.ys-beta.cz\/index.php\/nase-projekty\/","name":"Na\u0161e projekty - Fotogalerie - Praha 19","isPartOf":{"@id":"https:\/\/foto.praha-19.ys-beta.cz\/#website"},"primaryImageOfPage":{"@id":"https:\/\/foto.praha-19.ys-beta.cz\/index.php\/nase-projekty\/#primaryimage"},"image":{"@id":"https:\/\/foto.praha-19.ys-beta.cz\/index.php\/nase-projekty\/#primaryimage"},"thumbnailUrl":"https:\/\/foto.praha-19.ys-beta.cz\/app\/uploads\/2022\/11\/MG_1225.jpg","datePublished":"2022-11-07T14:08:49+00:00","dateModified":"2024-03-04T09:51:12+00:00","breadcrumb":{"@id":"https:\/\/foto.praha-19.ys-beta.cz\/index.php\/nase-projekty\/#breadcrumb"},"inLanguage":"cs","potentialAction":[{"@type":"ReadAction","target":["https:\/\/foto.praha-19.ys-beta.cz\/index.php\/nase-projekty\/"]}]},{"@type":"ImageObject","inLanguage":"cs","@id":"https:\/\/foto.praha-19.ys-beta.cz\/index.php\/nase-projekty\/#primaryimage","url":"https:\/\/foto.praha-19.ys-beta.cz\/app\/uploads\/2022\/11\/MG_1225.jpg","contentUrl":"https:\/\/foto.praha-19.ys-beta.cz\/app\/uploads\/2022\/11\/MG_1225.jpg","width":400,"height":267},{"@type":"BreadcrumbList","@id":"https:\/\/foto.praha-19.ys-beta.cz\/index.php\/nase-projekty\/#breadcrumb","itemListElement":[{"@type":"ListItem","position":1,"name":"Home","item":"https:\/\/foto.praha-19.ys-beta.cz\/"},{"@type":"ListItem","position":2,"name":"Na\u0161e projekty"}]},{"@type":"WebSite","@id":"https:\/\/foto.praha-19.ys-beta.cz\/#website","url":"https:\/\/foto.praha-19.ys-beta.cz\/","name":"Fotogalerie - Praha 19","description":"Fotogalerie m\u011bstsk\u00e9 \u010d\u00e1sti Praha 19","potentialAction":[{"@type":"SearchAction","target":{"@type":"EntryPoint","urlTemplate":"https:\/\/foto.praha-19.ys-beta.cz\/?s={search_term_string}"},"query-input":{"@type":"PropertyValueSpecification","valueRequired":true,"valueName":"search_term_string"}}],"inLanguage":"cs"}]}},"_links":{"self":[{"href":"https:\/\/foto.praha-19.ys-beta.cz\/index.php\/wp-json\/wp\/v2\/pages\/1024","targetHints":{"allow":["GET"]}}],"collection":[{"href":"https:\/\/foto.praha-19.ys-beta.cz\/index.php\/wp-json\/wp\/v2\/pages"}],"about":[{"href":"https:\/\/foto.praha-19.ys-beta.cz\/index.php\/wp-json\/wp\/v2\/types\/page"}],"author":[{"embeddable":true,"href":"https:\/\/foto.praha-19.ys-beta.cz\/index.php\/wp-json\/wp\/v2\/users\/6"}],"replies":[{"embeddable":true,"href":"https:\/\/foto.praha-19.ys-beta.cz\/index.php\/wp-json\/wp\/v2\/comments?post=1024"}],"version-history":[{"count":15,"href":"https:\/\/foto.praha-19.ys-beta.cz\/index.php\/wp-json\/wp\/v2\/pages\/1024\/revisions"}],"predecessor-version":[{"id":14528,"href":"https:\/\/foto.praha-19.ys-beta.cz\/index.php\/wp-json\/wp\/v2\/pages\/1024\/revisions\/14528"}],"wp:attachment":[{"href":"https:\/\/foto.praha-19.ys-beta.cz\/index.php\/wp-json\/wp\/v2\/media?parent=1024"}],"curies":[{"name":"wp","href":"https:\/\/api.w.org\/{rel}","templated":true}]}}