{"version":"1.0","provider_name":"Fotogalerie - Praha 19","provider_url":"https:\/\/foto.praha-19.ys-beta.cz","title":"T\u00fdden uv\u011bdom\u011bn\u00ed si mozku - Fotogalerie - Praha 19","type":"rich","width":600,"height":338,"html":"<blockquote class=\"wp-embedded-content\" data-secret=\"lV8HDc91n4\"><a href=\"https:\/\/foto.praha-19.ys-beta.cz\/index.php\/rok-2023\/tyden-uvedomeni-si-mozku\/\">T\u00fdden uv\u011bdom\u011bn\u00ed si mozku<\/a><\/blockquote><iframe sandbox=\"allow-scripts\" security=\"restricted\" src=\"https:\/\/foto.praha-19.ys-beta.cz\/index.php\/rok-2023\/tyden-uvedomeni-si-mozku\/embed\/#?secret=lV8HDc91n4\" width=\"600\" height=\"338\" title=\"&#8222;T\u00fdden uv\u011bdom\u011bn\u00ed si mozku&#8220; &#8212; Fotogalerie - Praha 19\" data-secret=\"lV8HDc91n4\" frameborder=\"0\" marginwidth=\"0\" marginheight=\"0\" scrolling=\"no\" class=\"wp-embedded-content\"><\/iframe><script type=\"text\/javascript\">\n\/* <![CDATA[ *\/\n\/*! This file is auto-generated *\/\n!function(d,l){\"use strict\";l.querySelector&&d.addEventListener&&\"undefined\"!=typeof URL&&(d.wp=d.wp||{},d.wp.receiveEmbedMessage||(d.wp.receiveEmbedMessage=function(e){var t=e.data;if((t||t.secret||t.message||t.value)&&!\/[^a-zA-Z0-9]\/.test(t.secret)){for(var s,r,n,a=l.querySelectorAll('iframe[data-secret=\"'+t.secret+'\"]'),o=l.querySelectorAll('blockquote[data-secret=\"'+t.secret+'\"]'),c=new RegExp(\"^https?:$\",\"i\"),i=0;i<o.length;i++)o[i].style.display=\"none\";for(i=0;i<a.length;i++)s=a[i],e.source===s.contentWindow&&(s.removeAttribute(\"style\"),\"height\"===t.message?(1e3<(r=parseInt(t.value,10))?r=1e3:~~r<200&&(r=200),s.height=r):\"link\"===t.message&&(r=new URL(s.getAttribute(\"src\")),n=new URL(t.value),c.test(n.protocol))&&n.host===r.host&&l.activeElement===s&&(d.top.location.href=t.value))}},d.addEventListener(\"message\",d.wp.receiveEmbedMessage,!1),l.addEventListener(\"DOMContentLoaded\",function(){for(var e,t,s=l.querySelectorAll(\"iframe.wp-embedded-content\"),r=0;r<s.length;r++)(t=(e=s[r]).getAttribute(\"data-secret\"))||(t=Math.random().toString(36).substring(2,12),e.src+=\"#?secret=\"+t,e.setAttribute(\"data-secret\",t)),e.contentWindow.postMessage({message:\"ready\",secret:t},\"*\")},!1)))}(window,document);\n\/\/# sourceURL=https:\/\/foto.praha-19.ys-beta.cz\/wp\/wp-includes\/js\/wp-embed.min.js\n\/* ]]> *\/\n<\/script>\n","thumbnail_url":"https:\/\/foto.praha-19.ys-beta.cz\/app\/uploads\/2023\/03\/2023_03_15_Kbely_14-scaled.jpg","thumbnail_width":2560,"thumbnail_height":1707,"description":"V r\u00e1mci celosv\u011btov\u00e9 akce \u201eT\u00fdden uv\u011bdom\u011bn\u00ed si mozku\u201c a N\u00e1rodn\u00edho t\u00fddne tr\u00e9nov\u00e1n\u00ed pam\u011bti uspo\u0159\u00e1dala kbelsk\u00e1 knihovna p\u0159edn\u00e1\u0161ku pro ve\u0159ejnost, na kter\u00e9 jej\u00ed \u00fa\u010dastn\u00edci m\u011bli mo\u017enost dozv\u011bd\u011bt se v\u00edce o praktick\u00fdch technik\u00e1ch tr\u00e9nov\u00e1n\u00ed pam\u011bti. Pod veden\u00edm odborn\u00e9 lektorky Ing. Dagmar Lerlov\u00e9 se v\u0161ichni p\u0159\u00edtomn\u00ed sezn\u00e1mili s mo\u017enostmi pravideln\u00e9ho a \u00fa\u010dinn\u00e9ho vyu\u017e\u00edv\u00e1n\u00ed r\u016fzn\u00fdch technik vedouc\u00edch k lep\u0161\u00ed [&hellip;]"}

Týden uvědomění si mozku - Fotogalerie - Praha 19

<blockquote class="wp-embedded-content" data-secret="lV8HDc91n4"><a href="https://foto.praha-19.ys-beta.cz/index.php/rok-2023/tyden-uvedomeni-si-mozku/">Týden uvědomění si mozku</a></blockquote><iframe sandbox="allow-scripts" security="restricted" src="https://foto.praha-19.ys-beta.cz/index.php/rok-2023/tyden-uvedomeni-si-mozku/embed/#?secret=lV8HDc91n4" width="600" height="338" title="&#8222;Týden uvědomění si mozku&#8220; &#8212; Fotogalerie - Praha 19" data-secret="lV8HDc91n4" frameborder="0" marginwidth="0" marginheight="0" scrolling="no" class="wp-embedded-content"></iframe><script type="text/javascript">
/* <![CDATA[ */
/*! This file is auto-generated */
!function(d,l){"use strict";l.querySelector&&d.addEventListener&&"undefined"!=typeof URL&&(d.wp=d.wp||{},d.wp.receiveEmbedMessage||(d.wp.receiveEmbedMessage=function(e){var t=e.data;if((t||t.secret||t.message||t.value)&&!/[^a-zA-Z0-9]/.test(t.secret)){for(var s,r,n,a=l.querySelectorAll('iframe[data-secret="'+t.secret+'"]'),o=l.querySelectorAll('blockquote[data-secret="'+t.secret+'"]'),c=new RegExp("^https?:$","i"),i=0;i<o.length;i++)o[i].style.display="none";for(i=0;i<a.length;i++)s=a[i],e.source===s.contentWindow&&(s.removeAttribute("style"),"height"===t.message?(1e3<(r=parseInt(t.value,10))?r=1e3:~~r<200&&(r=200),s.height=r):"link"===t.message&&(r=new URL(s.getAttribute("src")),n=new URL(t.value),c.test(n.protocol))&&n.host===r.host&&l.activeElement===s&&(d.top.location.href=t.value))}},d.addEventListener("message",d.wp.receiveEmbedMessage,!1),l.addEventListener("DOMContentLoaded",function(){for(var e,t,s=l.querySelectorAll("iframe.wp-embedded-content"),r=0;r<s.length;r++)(t=(e=s[r]).getAttribute("data-secret"))||(t=Math.random().toString(36).substring(2,12),e.src+="#?secret="+t,e.setAttribute("data-secret",t)),e.contentWindow.postMessage({message:"ready",secret:t},"*")},!1)))}(window,document);
//# sourceURL=https://foto.praha-19.ys-beta.cz/wp/wp-includes/js/wp-embed.min.js
/* ]]> */
</script>

V rámci celosvětové akce „Týden uvědomění si mozku“ a Národního týdne trénování paměti uspořádala kbelská knihovna přednášku pro veřejnost, na které její účastníci měli možnost dozvědět se více o praktických technikách trénování paměti. Pod vedením odborné lektorky Ing. Dagmar Lerlové se všichni přítomní seznámili s možnostmi pravidelného a účinného využívání různých technik vedoucích k lepší [&hellip;]
