{"version":"1.0","provider_name":"Fotogalerie - Praha 19","provider_url":"https:\/\/foto.praha-19.ys-beta.cz","title":"Slavnostn\u00ed zakon\u010den\u00ed v\u00fdstavy \u201eVV+JJ\u201c - Fotogalerie - Praha 19","type":"rich","width":600,"height":338,"html":"<blockquote class=\"wp-embedded-content\" data-secret=\"VnVnyYPOYS\"><a href=\"https:\/\/foto.praha-19.ys-beta.cz\/index.php\/rok-2022\/slavnostni-zakonceni-vystavy-vvjj\/\">Slavnostn\u00ed zakon\u010den\u00ed v\u00fdstavy \u201eVV+JJ\u201c<\/a><\/blockquote><iframe sandbox=\"allow-scripts\" security=\"restricted\" src=\"https:\/\/foto.praha-19.ys-beta.cz\/index.php\/rok-2022\/slavnostni-zakonceni-vystavy-vvjj\/embed\/#?secret=VnVnyYPOYS\" width=\"600\" height=\"338\" title=\"&#8222;Slavnostn\u00ed zakon\u010den\u00ed v\u00fdstavy \u201eVV+JJ\u201c&#8220; &#8212; Fotogalerie - Praha 19\" data-secret=\"VnVnyYPOYS\" frameborder=\"0\" marginwidth=\"0\" marginheight=\"0\" scrolling=\"no\" class=\"wp-embedded-content\"><\/iframe><script type=\"text\/javascript\">\n\/* <![CDATA[ *\/\n\/*! This file is auto-generated *\/\n!function(d,l){\"use strict\";l.querySelector&&d.addEventListener&&\"undefined\"!=typeof URL&&(d.wp=d.wp||{},d.wp.receiveEmbedMessage||(d.wp.receiveEmbedMessage=function(e){var t=e.data;if((t||t.secret||t.message||t.value)&&!\/[^a-zA-Z0-9]\/.test(t.secret)){for(var s,r,n,a=l.querySelectorAll('iframe[data-secret=\"'+t.secret+'\"]'),o=l.querySelectorAll('blockquote[data-secret=\"'+t.secret+'\"]'),c=new RegExp(\"^https?:$\",\"i\"),i=0;i<o.length;i++)o[i].style.display=\"none\";for(i=0;i<a.length;i++)s=a[i],e.source===s.contentWindow&&(s.removeAttribute(\"style\"),\"height\"===t.message?(1e3<(r=parseInt(t.value,10))?r=1e3:~~r<200&&(r=200),s.height=r):\"link\"===t.message&&(r=new URL(s.getAttribute(\"src\")),n=new URL(t.value),c.test(n.protocol))&&n.host===r.host&&l.activeElement===s&&(d.top.location.href=t.value))}},d.addEventListener(\"message\",d.wp.receiveEmbedMessage,!1),l.addEventListener(\"DOMContentLoaded\",function(){for(var e,t,s=l.querySelectorAll(\"iframe.wp-embedded-content\"),r=0;r<s.length;r++)(t=(e=s[r]).getAttribute(\"data-secret\"))||(t=Math.random().toString(36).substring(2,12),e.src+=\"#?secret=\"+t,e.setAttribute(\"data-secret\",t)),e.contentWindow.postMessage({message:\"ready\",secret:t},\"*\")},!1)))}(window,document);\n\/\/# sourceURL=https:\/\/foto.praha-19.ys-beta.cz\/wp\/wp-includes\/js\/wp-embed.min.js\n\/* ]]> *\/\n<\/script>\n","thumbnail_url":"https:\/\/foto.praha-19.ys-beta.cz\/app\/uploads\/2022\/11\/2022_03_30_Kbely_33-1024x683.jpg","thumbnail_width":1024,"thumbnail_height":683,"description":"30. b\u0159ezna &#8211; Knihovna Kbely Ve st\u0159edu 30. b\u0159ezna 2022 byla v M\u00edstn\u00ed knihovn\u011b Kbely slavnostn\u011b zakon\u010dena v\u00fdstava \u201eVV+JJ\u201c - autor\u016f Vladislava Vrby a Jaroslava Jocha, jejich\u017e fotografie m\u011bla ve\u0159ejnost mo\u017enost zhl\u00e9dnout v knihovn\u011b od za\u010d\u00e1tku \u00fanora. Vzhledem k protiepidemick\u00fdm opat\u0159en\u00ed v\u0161ak nemohla prob\u011bhnout pl\u00e1novan\u00e1 vernis\u00e1\u017e, tud\u00ed\u017e jsme se s autory mohli osobn\u011b setkat a\u017e [&hellip;]"}

Slavnostní zakončení výstavy „VV+JJ“ - Fotogalerie - Praha 19

<blockquote class="wp-embedded-content" data-secret="VnVnyYPOYS"><a href="https://foto.praha-19.ys-beta.cz/index.php/rok-2022/slavnostni-zakonceni-vystavy-vvjj/">Slavnostní zakončení výstavy „VV+JJ“</a></blockquote><iframe sandbox="allow-scripts" security="restricted" src="https://foto.praha-19.ys-beta.cz/index.php/rok-2022/slavnostni-zakonceni-vystavy-vvjj/embed/#?secret=VnVnyYPOYS" width="600" height="338" title="&#8222;Slavnostní zakončení výstavy „VV+JJ“&#8220; &#8212; Fotogalerie - Praha 19" data-secret="VnVnyYPOYS" frameborder="0" marginwidth="0" marginheight="0" scrolling="no" class="wp-embedded-content"></iframe><script type="text/javascript">
/* <![CDATA[ */
/*! This file is auto-generated */
!function(d,l){"use strict";l.querySelector&&d.addEventListener&&"undefined"!=typeof URL&&(d.wp=d.wp||{},d.wp.receiveEmbedMessage||(d.wp.receiveEmbedMessage=function(e){var t=e.data;if((t||t.secret||t.message||t.value)&&!/[^a-zA-Z0-9]/.test(t.secret)){for(var s,r,n,a=l.querySelectorAll('iframe[data-secret="'+t.secret+'"]'),o=l.querySelectorAll('blockquote[data-secret="'+t.secret+'"]'),c=new RegExp("^https?:$","i"),i=0;i<o.length;i++)o[i].style.display="none";for(i=0;i<a.length;i++)s=a[i],e.source===s.contentWindow&&(s.removeAttribute("style"),"height"===t.message?(1e3<(r=parseInt(t.value,10))?r=1e3:~~r<200&&(r=200),s.height=r):"link"===t.message&&(r=new URL(s.getAttribute("src")),n=new URL(t.value),c.test(n.protocol))&&n.host===r.host&&l.activeElement===s&&(d.top.location.href=t.value))}},d.addEventListener("message",d.wp.receiveEmbedMessage,!1),l.addEventListener("DOMContentLoaded",function(){for(var e,t,s=l.querySelectorAll("iframe.wp-embedded-content"),r=0;r<s.length;r++)(t=(e=s[r]).getAttribute("data-secret"))||(t=Math.random().toString(36).substring(2,12),e.src+="#?secret="+t,e.setAttribute("data-secret",t)),e.contentWindow.postMessage({message:"ready",secret:t},"*")},!1)))}(window,document);
//# sourceURL=https://foto.praha-19.ys-beta.cz/wp/wp-includes/js/wp-embed.min.js
/* ]]> */
</script>

30. března &#8211; Knihovna Kbely Ve středu 30. března 2022 byla v Místní knihovně Kbely slavnostně zakončena výstava „VV+JJ“ - autorů Vladislava Vrby a Jaroslava Jocha, jejichž fotografie měla veřejnost možnost zhlédnout v knihovně od začátku února. Vzhledem k protiepidemickým opatření však nemohla proběhnout plánovaná vernisáž, tudíž jsme se s autory mohli osobně setkat až [&hellip;]
