{"version":"1.0","provider_name":"Fotogalerie - Praha 19","provider_url":"https:\/\/foto.praha-19.ys-beta.cz","title":"Kbel\u00e1ci na senior\u00e1d\u011b - Fotogalerie - Praha 19","type":"rich","width":600,"height":338,"html":"<blockquote class=\"wp-embedded-content\" data-secret=\"ByQLR7Mzax\"><a href=\"https:\/\/foto.praha-19.ys-beta.cz\/index.php\/rok-2022\/kbelaci-na-seniorade\/\">Kbel\u00e1ci na senior\u00e1d\u011b<\/a><\/blockquote><iframe sandbox=\"allow-scripts\" security=\"restricted\" src=\"https:\/\/foto.praha-19.ys-beta.cz\/index.php\/rok-2022\/kbelaci-na-seniorade\/embed\/#?secret=ByQLR7Mzax\" width=\"600\" height=\"338\" title=\"&#8222;Kbel\u00e1ci na senior\u00e1d\u011b&#8220; &#8212; Fotogalerie - Praha 19\" data-secret=\"ByQLR7Mzax\" frameborder=\"0\" marginwidth=\"0\" marginheight=\"0\" scrolling=\"no\" class=\"wp-embedded-content\"><\/iframe><script type=\"text\/javascript\">\n\/* <![CDATA[ *\/\n\/*! This file is auto-generated *\/\n!function(d,l){\"use strict\";l.querySelector&&d.addEventListener&&\"undefined\"!=typeof URL&&(d.wp=d.wp||{},d.wp.receiveEmbedMessage||(d.wp.receiveEmbedMessage=function(e){var t=e.data;if((t||t.secret||t.message||t.value)&&!\/[^a-zA-Z0-9]\/.test(t.secret)){for(var s,r,n,a=l.querySelectorAll('iframe[data-secret=\"'+t.secret+'\"]'),o=l.querySelectorAll('blockquote[data-secret=\"'+t.secret+'\"]'),c=new RegExp(\"^https?:$\",\"i\"),i=0;i<o.length;i++)o[i].style.display=\"none\";for(i=0;i<a.length;i++)s=a[i],e.source===s.contentWindow&&(s.removeAttribute(\"style\"),\"height\"===t.message?(1e3<(r=parseInt(t.value,10))?r=1e3:~~r<200&&(r=200),s.height=r):\"link\"===t.message&&(r=new URL(s.getAttribute(\"src\")),n=new URL(t.value),c.test(n.protocol))&&n.host===r.host&&l.activeElement===s&&(d.top.location.href=t.value))}},d.addEventListener(\"message\",d.wp.receiveEmbedMessage,!1),l.addEventListener(\"DOMContentLoaded\",function(){for(var e,t,s=l.querySelectorAll(\"iframe.wp-embedded-content\"),r=0;r<s.length;r++)(t=(e=s[r]).getAttribute(\"data-secret\"))||(t=Math.random().toString(36).substring(2,12),e.src+=\"#?secret=\"+t,e.setAttribute(\"data-secret\",t)),e.contentWindow.postMessage({message:\"ready\",secret:t},\"*\")},!1)))}(window,document);\n\/\/# sourceURL=https:\/\/foto.praha-19.ys-beta.cz\/wp\/wp-includes\/js\/wp-embed.min.js\n\/* ]]> *\/\n<\/script>\n","thumbnail_url":"https:\/\/foto.praha-19.ys-beta.cz\/app\/uploads\/2022\/11\/2022_09_06_Kbely_00-scaled.jpg","thumbnail_width":2560,"thumbnail_height":1707,"description":"6. z\u00e1\u0159\u00ed &#8211; \u010cakovice Op\u011bt si kbel\u0161t\u00ed sportovci d\u0159\u00edve narozen\u00ed mohli zasout\u011b\u017eit na kr\u00e1sn\u011b p\u0159ipraven\u00e9 akci v \u010cakovic\u00edch s n\u00e1zvem SENIOR\u00c1DA. S hrdost\u00ed jsme vybojovali 3 m\u00edsto, pobavili se p\u0159ipraven\u00fdm programem a budeme se t\u011b\u0161it, \u017ee t\u0159eba p\u0159\u00ed\u0161t\u00ed rok bychom uspo\u0159\u00e1dali takov\u00e9to sportovn\u00ed kl\u00e1n\u00ed pro seniory v r\u00e1mci Kbel. foto Michal Marel"}

Kbeláci na seniorádě - Fotogalerie - Praha 19

<blockquote class="wp-embedded-content" data-secret="ByQLR7Mzax"><a href="https://foto.praha-19.ys-beta.cz/index.php/rok-2022/kbelaci-na-seniorade/">Kbeláci na seniorádě</a></blockquote><iframe sandbox="allow-scripts" security="restricted" src="https://foto.praha-19.ys-beta.cz/index.php/rok-2022/kbelaci-na-seniorade/embed/#?secret=ByQLR7Mzax" width="600" height="338" title="&#8222;Kbeláci na seniorádě&#8220; &#8212; Fotogalerie - Praha 19" data-secret="ByQLR7Mzax" frameborder="0" marginwidth="0" marginheight="0" scrolling="no" class="wp-embedded-content"></iframe><script type="text/javascript">
/* <![CDATA[ */
/*! This file is auto-generated */
!function(d,l){"use strict";l.querySelector&&d.addEventListener&&"undefined"!=typeof URL&&(d.wp=d.wp||{},d.wp.receiveEmbedMessage||(d.wp.receiveEmbedMessage=function(e){var t=e.data;if((t||t.secret||t.message||t.value)&&!/[^a-zA-Z0-9]/.test(t.secret)){for(var s,r,n,a=l.querySelectorAll('iframe[data-secret="'+t.secret+'"]'),o=l.querySelectorAll('blockquote[data-secret="'+t.secret+'"]'),c=new RegExp("^https?:$","i"),i=0;i<o.length;i++)o[i].style.display="none";for(i=0;i<a.length;i++)s=a[i],e.source===s.contentWindow&&(s.removeAttribute("style"),"height"===t.message?(1e3<(r=parseInt(t.value,10))?r=1e3:~~r<200&&(r=200),s.height=r):"link"===t.message&&(r=new URL(s.getAttribute("src")),n=new URL(t.value),c.test(n.protocol))&&n.host===r.host&&l.activeElement===s&&(d.top.location.href=t.value))}},d.addEventListener("message",d.wp.receiveEmbedMessage,!1),l.addEventListener("DOMContentLoaded",function(){for(var e,t,s=l.querySelectorAll("iframe.wp-embedded-content"),r=0;r<s.length;r++)(t=(e=s[r]).getAttribute("data-secret"))||(t=Math.random().toString(36).substring(2,12),e.src+="#?secret="+t,e.setAttribute("data-secret",t)),e.contentWindow.postMessage({message:"ready",secret:t},"*")},!1)))}(window,document);
//# sourceURL=https://foto.praha-19.ys-beta.cz/wp/wp-includes/js/wp-embed.min.js
/* ]]> */
</script>

6. září &#8211; Čakovice Opět si kbelští sportovci dříve narození mohli zasoutěžit na krásně připravené akci v Čakovicích s názvem SENIORÁDA. S hrdostí jsme vybojovali 3 místo, pobavili se připraveným programem a budeme se těšit, že třeba příští rok bychom uspořádali takovéto sportovní klání pro seniory v rámci Kbel. foto Michal Marel
