{"version":"1.0","provider_name":"Fotogalerie - Praha 19","provider_url":"https:\/\/foto.praha-19.ys-beta.cz","title":"PEKELN\u00dd DEN V PARKU - Fotogalerie - Praha 19","type":"rich","width":600,"height":338,"html":"<blockquote class=\"wp-embedded-content\" data-secret=\"o9QDnScT6H\"><a href=\"https:\/\/foto.praha-19.ys-beta.cz\/index.php\/rok-2022\/__trashed-4\/\">PEKELN\u00dd DEN V PARKU<\/a><\/blockquote><iframe sandbox=\"allow-scripts\" security=\"restricted\" src=\"https:\/\/foto.praha-19.ys-beta.cz\/index.php\/rok-2022\/__trashed-4\/embed\/#?secret=o9QDnScT6H\" width=\"600\" height=\"338\" title=\"&#8222;PEKELN\u00dd DEN V PARKU&#8220; &#8212; Fotogalerie - Praha 19\" data-secret=\"o9QDnScT6H\" frameborder=\"0\" marginwidth=\"0\" marginheight=\"0\" scrolling=\"no\" class=\"wp-embedded-content\"><\/iframe><script type=\"text\/javascript\">\n\/* <![CDATA[ *\/\n\/*! This file is auto-generated *\/\n!function(d,l){\"use strict\";l.querySelector&&d.addEventListener&&\"undefined\"!=typeof URL&&(d.wp=d.wp||{},d.wp.receiveEmbedMessage||(d.wp.receiveEmbedMessage=function(e){var t=e.data;if((t||t.secret||t.message||t.value)&&!\/[^a-zA-Z0-9]\/.test(t.secret)){for(var s,r,n,a=l.querySelectorAll('iframe[data-secret=\"'+t.secret+'\"]'),o=l.querySelectorAll('blockquote[data-secret=\"'+t.secret+'\"]'),c=new RegExp(\"^https?:$\",\"i\"),i=0;i<o.length;i++)o[i].style.display=\"none\";for(i=0;i<a.length;i++)s=a[i],e.source===s.contentWindow&&(s.removeAttribute(\"style\"),\"height\"===t.message?(1e3<(r=parseInt(t.value,10))?r=1e3:~~r<200&&(r=200),s.height=r):\"link\"===t.message&&(r=new URL(s.getAttribute(\"src\")),n=new URL(t.value),c.test(n.protocol))&&n.host===r.host&&l.activeElement===s&&(d.top.location.href=t.value))}},d.addEventListener(\"message\",d.wp.receiveEmbedMessage,!1),l.addEventListener(\"DOMContentLoaded\",function(){for(var e,t,s=l.querySelectorAll(\"iframe.wp-embedded-content\"),r=0;r<s.length;r++)(t=(e=s[r]).getAttribute(\"data-secret\"))||(t=Math.random().toString(36).substring(2,12),e.src+=\"#?secret=\"+t,e.setAttribute(\"data-secret\",t)),e.contentWindow.postMessage({message:\"ready\",secret:t},\"*\")},!1)))}(window,document);\n\/\/# sourceURL=https:\/\/foto.praha-19.ys-beta.cz\/wp\/wp-includes\/js\/wp-embed.min.js\n\/* ]]> *\/\n<\/script>\n","thumbnail_url":"https:\/\/foto.praha-19.ys-beta.cz\/app\/uploads\/2023\/06\/2022_12_5_Kbely_118.jpg","thumbnail_width":1920,"thumbnail_height":1280,"description":"Ji\u017e tradi\u010dn\u00ed a velmi obl\u00edben\u00e1 akce uspo\u0159\u00e1dan\u00e1 p\u0159edev\u0161\u00edm pro d\u011bti prob\u011bhla v pond\u011bl\u00ed 5.12.2022 v lokalit\u011b u srubu. Program s \u010dertovskou diskot\u00e9kou, tancem, \u010dertovsk\u00fdmi discipl\u00edny i spoustou odm\u011bn pro d\u011btsk\u00e9 n\u00e1v\u0161t\u011bvn\u00edky byl prolo\u017een mikul\u00e1\u0161skou nad\u00edlkou a nakonec efektn\u00ed pekelnou ohnivou show. foto Michal Marel"}

PEKELNÝ DEN V PARKU - Fotogalerie - Praha 19

<blockquote class="wp-embedded-content" data-secret="o9QDnScT6H"><a href="https://foto.praha-19.ys-beta.cz/index.php/rok-2022/__trashed-4/">PEKELNÝ DEN V PARKU</a></blockquote><iframe sandbox="allow-scripts" security="restricted" src="https://foto.praha-19.ys-beta.cz/index.php/rok-2022/__trashed-4/embed/#?secret=o9QDnScT6H" width="600" height="338" title="&#8222;PEKELNÝ DEN V PARKU&#8220; &#8212; Fotogalerie - Praha 19" data-secret="o9QDnScT6H" frameborder="0" marginwidth="0" marginheight="0" scrolling="no" class="wp-embedded-content"></iframe><script type="text/javascript">
/* <![CDATA[ */
/*! This file is auto-generated */
!function(d,l){"use strict";l.querySelector&&d.addEventListener&&"undefined"!=typeof URL&&(d.wp=d.wp||{},d.wp.receiveEmbedMessage||(d.wp.receiveEmbedMessage=function(e){var t=e.data;if((t||t.secret||t.message||t.value)&&!/[^a-zA-Z0-9]/.test(t.secret)){for(var s,r,n,a=l.querySelectorAll('iframe[data-secret="'+t.secret+'"]'),o=l.querySelectorAll('blockquote[data-secret="'+t.secret+'"]'),c=new RegExp("^https?:$","i"),i=0;i<o.length;i++)o[i].style.display="none";for(i=0;i<a.length;i++)s=a[i],e.source===s.contentWindow&&(s.removeAttribute("style"),"height"===t.message?(1e3<(r=parseInt(t.value,10))?r=1e3:~~r<200&&(r=200),s.height=r):"link"===t.message&&(r=new URL(s.getAttribute("src")),n=new URL(t.value),c.test(n.protocol))&&n.host===r.host&&l.activeElement===s&&(d.top.location.href=t.value))}},d.addEventListener("message",d.wp.receiveEmbedMessage,!1),l.addEventListener("DOMContentLoaded",function(){for(var e,t,s=l.querySelectorAll("iframe.wp-embedded-content"),r=0;r<s.length;r++)(t=(e=s[r]).getAttribute("data-secret"))||(t=Math.random().toString(36).substring(2,12),e.src+="#?secret="+t,e.setAttribute("data-secret",t)),e.contentWindow.postMessage({message:"ready",secret:t},"*")},!1)))}(window,document);
//# sourceURL=https://foto.praha-19.ys-beta.cz/wp/wp-includes/js/wp-embed.min.js
/* ]]> */
</script>

Již tradiční a velmi oblíbená akce uspořádaná především pro děti proběhla v pondělí 5.12.2022 v lokalitě u srubu. Program s čertovskou diskotékou, tancem, čertovskými disciplíny i spoustou odměn pro dětské návštěvníky byl proložen mikulášskou nadílkou a nakonec efektní pekelnou ohnivou show. foto Michal Marel
