{"version":"1.0","provider_name":"Fotogalerie - Praha 19","provider_url":"https:\/\/foto.praha-19.ys-beta.cz","title":"TRADI\u010cN\u00cd P\u00c1LEN\u00cd \u010cAROD\u011aJNIC - Fotogalerie - Praha 19","type":"rich","width":600,"height":338,"html":"<blockquote class=\"wp-embedded-content\" data-secret=\"dBUxlW1ZGx\"><a href=\"https:\/\/foto.praha-19.ys-beta.cz\/index.php\/rok-2019\/tradicni-paleni-carodejnic\/\">TRADI\u010cN\u00cd P\u00c1LEN\u00cd \u010cAROD\u011aJNIC<\/a><\/blockquote><iframe sandbox=\"allow-scripts\" security=\"restricted\" src=\"https:\/\/foto.praha-19.ys-beta.cz\/index.php\/rok-2019\/tradicni-paleni-carodejnic\/embed\/#?secret=dBUxlW1ZGx\" width=\"600\" height=\"338\" title=\"&#8222;TRADI\u010cN\u00cd P\u00c1LEN\u00cd \u010cAROD\u011aJNIC&#8220; &#8212; Fotogalerie - Praha 19\" data-secret=\"dBUxlW1ZGx\" frameborder=\"0\" marginwidth=\"0\" marginheight=\"0\" scrolling=\"no\" class=\"wp-embedded-content\"><\/iframe><script type=\"text\/javascript\">\n\/* <![CDATA[ *\/\n\/*! This file is auto-generated *\/\n!function(d,l){\"use strict\";l.querySelector&&d.addEventListener&&\"undefined\"!=typeof URL&&(d.wp=d.wp||{},d.wp.receiveEmbedMessage||(d.wp.receiveEmbedMessage=function(e){var t=e.data;if((t||t.secret||t.message||t.value)&&!\/[^a-zA-Z0-9]\/.test(t.secret)){for(var s,r,n,a=l.querySelectorAll('iframe[data-secret=\"'+t.secret+'\"]'),o=l.querySelectorAll('blockquote[data-secret=\"'+t.secret+'\"]'),c=new RegExp(\"^https?:$\",\"i\"),i=0;i<o.length;i++)o[i].style.display=\"none\";for(i=0;i<a.length;i++)s=a[i],e.source===s.contentWindow&&(s.removeAttribute(\"style\"),\"height\"===t.message?(1e3<(r=parseInt(t.value,10))?r=1e3:~~r<200&&(r=200),s.height=r):\"link\"===t.message&&(r=new URL(s.getAttribute(\"src\")),n=new URL(t.value),c.test(n.protocol))&&n.host===r.host&&l.activeElement===s&&(d.top.location.href=t.value))}},d.addEventListener(\"message\",d.wp.receiveEmbedMessage,!1),l.addEventListener(\"DOMContentLoaded\",function(){for(var e,t,s=l.querySelectorAll(\"iframe.wp-embedded-content\"),r=0;r<s.length;r++)(t=(e=s[r]).getAttribute(\"data-secret\"))||(t=Math.random().toString(36).substring(2,12),e.src+=\"#?secret=\"+t,e.setAttribute(\"data-secret\",t)),e.contentWindow.postMessage({message:\"ready\",secret:t},\"*\")},!1)))}(window,document);\n\/\/# sourceURL=https:\/\/foto.praha-19.ys-beta.cz\/wp\/wp-includes\/js\/wp-embed.min.js\n\/* ]]> *\/\n<\/script>\n","thumbnail_url":"https:\/\/foto.praha-19.ys-beta.cz\/app\/uploads\/2022\/11\/MG_8161-1024x683.jpg","thumbnail_width":1024,"thumbnail_height":683,"description":"Centr\u00e1ln\u00ed park Kbely Tak jako ka\u017ed\u00fd rok i leto\u0161n\u00ed posledn\u00ed dubnovou noc vzplanuly ohn\u011b ve Kbel\u00edch a v nev\u00e1zan\u00e9m vesel\u00ed u nich mnoz\u00ed oslavili po\u010d\u00ednaje 14 hodinou a kon\u010d\u00edc\u00ed v pozdn\u00edch no\u010dn\u00edch hodin\u00e1ch sv\u00e1tek \u010darod\u011bjnic. Fotografie Michala Marela"}

TRADIČNÍ PÁLENÍ ČARODĚJNIC - Fotogalerie - Praha 19

<blockquote class="wp-embedded-content" data-secret="dBUxlW1ZGx"><a href="https://foto.praha-19.ys-beta.cz/index.php/rok-2019/tradicni-paleni-carodejnic/">TRADIČNÍ PÁLENÍ ČARODĚJNIC</a></blockquote><iframe sandbox="allow-scripts" security="restricted" src="https://foto.praha-19.ys-beta.cz/index.php/rok-2019/tradicni-paleni-carodejnic/embed/#?secret=dBUxlW1ZGx" width="600" height="338" title="&#8222;TRADIČNÍ PÁLENÍ ČARODĚJNIC&#8220; &#8212; Fotogalerie - Praha 19" data-secret="dBUxlW1ZGx" frameborder="0" marginwidth="0" marginheight="0" scrolling="no" class="wp-embedded-content"></iframe><script type="text/javascript">
/* <![CDATA[ */
/*! This file is auto-generated */
!function(d,l){"use strict";l.querySelector&&d.addEventListener&&"undefined"!=typeof URL&&(d.wp=d.wp||{},d.wp.receiveEmbedMessage||(d.wp.receiveEmbedMessage=function(e){var t=e.data;if((t||t.secret||t.message||t.value)&&!/[^a-zA-Z0-9]/.test(t.secret)){for(var s,r,n,a=l.querySelectorAll('iframe[data-secret="'+t.secret+'"]'),o=l.querySelectorAll('blockquote[data-secret="'+t.secret+'"]'),c=new RegExp("^https?:$","i"),i=0;i<o.length;i++)o[i].style.display="none";for(i=0;i<a.length;i++)s=a[i],e.source===s.contentWindow&&(s.removeAttribute("style"),"height"===t.message?(1e3<(r=parseInt(t.value,10))?r=1e3:~~r<200&&(r=200),s.height=r):"link"===t.message&&(r=new URL(s.getAttribute("src")),n=new URL(t.value),c.test(n.protocol))&&n.host===r.host&&l.activeElement===s&&(d.top.location.href=t.value))}},d.addEventListener("message",d.wp.receiveEmbedMessage,!1),l.addEventListener("DOMContentLoaded",function(){for(var e,t,s=l.querySelectorAll("iframe.wp-embedded-content"),r=0;r<s.length;r++)(t=(e=s[r]).getAttribute("data-secret"))||(t=Math.random().toString(36).substring(2,12),e.src+="#?secret="+t,e.setAttribute("data-secret",t)),e.contentWindow.postMessage({message:"ready",secret:t},"*")},!1)))}(window,document);
//# sourceURL=https://foto.praha-19.ys-beta.cz/wp/wp-includes/js/wp-embed.min.js
/* ]]> */
</script>

Centrální park Kbely Tak jako každý rok i letošní poslední dubnovou noc vzplanuly ohně ve Kbelích a v nevázaném veselí u nich mnozí oslavili počínaje 14 hodinou a končící v pozdních nočních hodinách svátek čarodějnic. Fotografie Michala Marela
