{"version":"1.0","provider_name":"Fotogalerie - Praha 19","provider_url":"https:\/\/foto.praha-19.ys-beta.cz","title":"DEN ZEM\u011a - Fotogalerie - Praha 19","type":"rich","width":600,"height":338,"html":"<blockquote class=\"wp-embedded-content\" data-secret=\"SB75EcDJDy\"><a href=\"https:\/\/foto.praha-19.ys-beta.cz\/index.php\/rok-2019\/den-zeme\/\">DEN ZEM\u011a<\/a><\/blockquote><iframe sandbox=\"allow-scripts\" security=\"restricted\" src=\"https:\/\/foto.praha-19.ys-beta.cz\/index.php\/rok-2019\/den-zeme\/embed\/#?secret=SB75EcDJDy\" width=\"600\" height=\"338\" title=\"&#8222;DEN ZEM\u011a&#8220; &#8212; Fotogalerie - Praha 19\" data-secret=\"SB75EcDJDy\" frameborder=\"0\" marginwidth=\"0\" marginheight=\"0\" scrolling=\"no\" class=\"wp-embedded-content\"><\/iframe><script type=\"text\/javascript\">\n\/* <![CDATA[ *\/\n\/*! This file is auto-generated *\/\n!function(d,l){\"use strict\";l.querySelector&&d.addEventListener&&\"undefined\"!=typeof URL&&(d.wp=d.wp||{},d.wp.receiveEmbedMessage||(d.wp.receiveEmbedMessage=function(e){var t=e.data;if((t||t.secret||t.message||t.value)&&!\/[^a-zA-Z0-9]\/.test(t.secret)){for(var s,r,n,a=l.querySelectorAll('iframe[data-secret=\"'+t.secret+'\"]'),o=l.querySelectorAll('blockquote[data-secret=\"'+t.secret+'\"]'),c=new RegExp(\"^https?:$\",\"i\"),i=0;i<o.length;i++)o[i].style.display=\"none\";for(i=0;i<a.length;i++)s=a[i],e.source===s.contentWindow&&(s.removeAttribute(\"style\"),\"height\"===t.message?(1e3<(r=parseInt(t.value,10))?r=1e3:~~r<200&&(r=200),s.height=r):\"link\"===t.message&&(r=new URL(s.getAttribute(\"src\")),n=new URL(t.value),c.test(n.protocol))&&n.host===r.host&&l.activeElement===s&&(d.top.location.href=t.value))}},d.addEventListener(\"message\",d.wp.receiveEmbedMessage,!1),l.addEventListener(\"DOMContentLoaded\",function(){for(var e,t,s=l.querySelectorAll(\"iframe.wp-embedded-content\"),r=0;r<s.length;r++)(t=(e=s[r]).getAttribute(\"data-secret\"))||(t=Math.random().toString(36).substring(2,12),e.src+=\"#?secret=\"+t,e.setAttribute(\"data-secret\",t)),e.contentWindow.postMessage({message:\"ready\",secret:t},\"*\")},!1)))}(window,document);\n\/\/# sourceURL=https:\/\/foto.praha-19.ys-beta.cz\/wp\/wp-includes\/js\/wp-embed.min.js\n\/* ]]> *\/\n<\/script>\n","thumbnail_url":"https:\/\/foto.praha-19.ys-beta.cz\/app\/uploads\/2022\/11\/MG_7706-1024x683.jpg","thumbnail_width":1024,"thumbnail_height":683,"description":"Ekocentrem Prales &#8211; Kbely V \u00fater\u00fd 23. dubna 2019 prob\u011bhl v ekocentru Prales, nach\u00e1zej\u00edc\u00ed se v na\u0161\u00ed m\u011bstsk\u00e9 \u010d\u00e1sti, dal\u0161\u00ed ro\u010dn\u00edk \u00fasp\u011b\u0161n\u00e9 akce Den Zem\u011b. Na po\u0159\u00e1d\u00e1n\u00ed akce se pod\u00edl\u00ed M\u010c Praha 19, Lesy hl. m. Prahy, Magistr\u00e1t hl. m. Prahy, Pra\u017esk\u00e9 vodovody a kanalizace, firma AVE a.s., EKO-KOM a.s. a dal\u0161\u00ed organizace. Leto\u0161n\u00ed akce [&hellip;]"}

DEN ZEMĚ - Fotogalerie - Praha 19

<blockquote class="wp-embedded-content" data-secret="SB75EcDJDy"><a href="https://foto.praha-19.ys-beta.cz/index.php/rok-2019/den-zeme/">DEN ZEMĚ</a></blockquote><iframe sandbox="allow-scripts" security="restricted" src="https://foto.praha-19.ys-beta.cz/index.php/rok-2019/den-zeme/embed/#?secret=SB75EcDJDy" width="600" height="338" title="&#8222;DEN ZEMĚ&#8220; &#8212; Fotogalerie - Praha 19" data-secret="SB75EcDJDy" frameborder="0" marginwidth="0" marginheight="0" scrolling="no" class="wp-embedded-content"></iframe><script type="text/javascript">
/* <![CDATA[ */
/*! This file is auto-generated */
!function(d,l){"use strict";l.querySelector&&d.addEventListener&&"undefined"!=typeof URL&&(d.wp=d.wp||{},d.wp.receiveEmbedMessage||(d.wp.receiveEmbedMessage=function(e){var t=e.data;if((t||t.secret||t.message||t.value)&&!/[^a-zA-Z0-9]/.test(t.secret)){for(var s,r,n,a=l.querySelectorAll('iframe[data-secret="'+t.secret+'"]'),o=l.querySelectorAll('blockquote[data-secret="'+t.secret+'"]'),c=new RegExp("^https?:$","i"),i=0;i<o.length;i++)o[i].style.display="none";for(i=0;i<a.length;i++)s=a[i],e.source===s.contentWindow&&(s.removeAttribute("style"),"height"===t.message?(1e3<(r=parseInt(t.value,10))?r=1e3:~~r<200&&(r=200),s.height=r):"link"===t.message&&(r=new URL(s.getAttribute("src")),n=new URL(t.value),c.test(n.protocol))&&n.host===r.host&&l.activeElement===s&&(d.top.location.href=t.value))}},d.addEventListener("message",d.wp.receiveEmbedMessage,!1),l.addEventListener("DOMContentLoaded",function(){for(var e,t,s=l.querySelectorAll("iframe.wp-embedded-content"),r=0;r<s.length;r++)(t=(e=s[r]).getAttribute("data-secret"))||(t=Math.random().toString(36).substring(2,12),e.src+="#?secret="+t,e.setAttribute("data-secret",t)),e.contentWindow.postMessage({message:"ready",secret:t},"*")},!1)))}(window,document);
//# sourceURL=https://foto.praha-19.ys-beta.cz/wp/wp-includes/js/wp-embed.min.js
/* ]]> */
</script>

Ekocentrem Prales &#8211; Kbely V úterý 23. dubna 2019 proběhl v ekocentru Prales, nacházející se v naší městské části, další ročník úspěšné akce Den Země. Na pořádání akce se podílí MČ Praha 19, Lesy hl. m. Prahy, Magistrát hl. m. Prahy, Pražské vodovody a kanalizace, firma AVE a.s., EKO-KOM a.s. a další organizace. Letošní akce [&hellip;]
