{"version":"1.0","provider_name":"Fotogalerie - Praha 19","provider_url":"https:\/\/foto.praha-19.ys-beta.cz","title":"Mate\u0159sk\u00e1 \u0161kola Letc\u016f - Fotogalerie - Praha 19","type":"rich","width":600,"height":338,"html":"<blockquote class=\"wp-embedded-content\" data-secret=\"AP2EezAy5u\"><a href=\"https:\/\/foto.praha-19.ys-beta.cz\/index.php\/nase-projekty\/materska-skola-letcu\/\">Mate\u0159sk\u00e1 \u0161kola Letc\u016f<\/a><\/blockquote><iframe sandbox=\"allow-scripts\" security=\"restricted\" src=\"https:\/\/foto.praha-19.ys-beta.cz\/index.php\/nase-projekty\/materska-skola-letcu\/embed\/#?secret=AP2EezAy5u\" width=\"600\" height=\"338\" title=\"&#8222;Mate\u0159sk\u00e1 \u0161kola Letc\u016f&#8220; &#8212; Fotogalerie - Praha 19\" data-secret=\"AP2EezAy5u\" frameborder=\"0\" marginwidth=\"0\" marginheight=\"0\" scrolling=\"no\" class=\"wp-embedded-content\"><\/iframe><script type=\"text\/javascript\">\n\/* <![CDATA[ *\/\n\/*! This file is auto-generated *\/\n!function(d,l){\"use strict\";l.querySelector&&d.addEventListener&&\"undefined\"!=typeof URL&&(d.wp=d.wp||{},d.wp.receiveEmbedMessage||(d.wp.receiveEmbedMessage=function(e){var t=e.data;if((t||t.secret||t.message||t.value)&&!\/[^a-zA-Z0-9]\/.test(t.secret)){for(var s,r,n,a=l.querySelectorAll('iframe[data-secret=\"'+t.secret+'\"]'),o=l.querySelectorAll('blockquote[data-secret=\"'+t.secret+'\"]'),c=new RegExp(\"^https?:$\",\"i\"),i=0;i<o.length;i++)o[i].style.display=\"none\";for(i=0;i<a.length;i++)s=a[i],e.source===s.contentWindow&&(s.removeAttribute(\"style\"),\"height\"===t.message?(1e3<(r=parseInt(t.value,10))?r=1e3:~~r<200&&(r=200),s.height=r):\"link\"===t.message&&(r=new URL(s.getAttribute(\"src\")),n=new URL(t.value),c.test(n.protocol))&&n.host===r.host&&l.activeElement===s&&(d.top.location.href=t.value))}},d.addEventListener(\"message\",d.wp.receiveEmbedMessage,!1),l.addEventListener(\"DOMContentLoaded\",function(){for(var e,t,s=l.querySelectorAll(\"iframe.wp-embedded-content\"),r=0;r<s.length;r++)(t=(e=s[r]).getAttribute(\"data-secret\"))||(t=Math.random().toString(36).substring(2,12),e.src+=\"#?secret=\"+t,e.setAttribute(\"data-secret\",t)),e.contentWindow.postMessage({message:\"ready\",secret:t},\"*\")},!1)))}(window,document);\n\/\/# sourceURL=https:\/\/foto.praha-19.ys-beta.cz\/wp\/wp-includes\/js\/wp-embed.min.js\n\/* ]]> *\/\n<\/script>\n","thumbnail_url":"https:\/\/foto.praha-19.ys-beta.cz\/app\/uploads\/2022\/11\/MG_1225.jpg","thumbnail_width":400,"thumbnail_height":267,"description":"Mate\u0159sk\u00e1 \u0161kola v ulici Letc\u016f \u010dp. 731 se stav\u011bla spole\u010dn\u011b s tzv. druh\u00fdm s\u00eddli\u0161t\u011bm kolem Tou\u017eimsk\u00e9 ulice. \u0160kolka byla d\u00e1na do provozu v roce 1960. Ve sv\u00e9 dob\u011b byla \u0161kolka modern\u011b za\u0159\u00edzena. \u010casem musela budova proj\u00edt rekonstrukc\u00ed. Byl vybudov\u00e1n i bezbari\u00e9rov\u00fd p\u0159\u00edstup. Slavnostn\u00ed otev\u0159en\u00ed \u0161kolky pro rekonstrukci prob\u011bhlo za p\u0159\u00edtomnosti prezidenta republiky pana V\u00e1clava Klause [&hellip;]"}

Mateřská škola Letců - Fotogalerie - Praha 19

<blockquote class="wp-embedded-content" data-secret="AP2EezAy5u"><a href="https://foto.praha-19.ys-beta.cz/index.php/nase-projekty/materska-skola-letcu/">Mateřská škola Letců</a></blockquote><iframe sandbox="allow-scripts" security="restricted" src="https://foto.praha-19.ys-beta.cz/index.php/nase-projekty/materska-skola-letcu/embed/#?secret=AP2EezAy5u" width="600" height="338" title="&#8222;Mateřská škola Letců&#8220; &#8212; Fotogalerie - Praha 19" data-secret="AP2EezAy5u" frameborder="0" marginwidth="0" marginheight="0" scrolling="no" class="wp-embedded-content"></iframe><script type="text/javascript">
/* <![CDATA[ */
/*! This file is auto-generated */
!function(d,l){"use strict";l.querySelector&&d.addEventListener&&"undefined"!=typeof URL&&(d.wp=d.wp||{},d.wp.receiveEmbedMessage||(d.wp.receiveEmbedMessage=function(e){var t=e.data;if((t||t.secret||t.message||t.value)&&!/[^a-zA-Z0-9]/.test(t.secret)){for(var s,r,n,a=l.querySelectorAll('iframe[data-secret="'+t.secret+'"]'),o=l.querySelectorAll('blockquote[data-secret="'+t.secret+'"]'),c=new RegExp("^https?:$","i"),i=0;i<o.length;i++)o[i].style.display="none";for(i=0;i<a.length;i++)s=a[i],e.source===s.contentWindow&&(s.removeAttribute("style"),"height"===t.message?(1e3<(r=parseInt(t.value,10))?r=1e3:~~r<200&&(r=200),s.height=r):"link"===t.message&&(r=new URL(s.getAttribute("src")),n=new URL(t.value),c.test(n.protocol))&&n.host===r.host&&l.activeElement===s&&(d.top.location.href=t.value))}},d.addEventListener("message",d.wp.receiveEmbedMessage,!1),l.addEventListener("DOMContentLoaded",function(){for(var e,t,s=l.querySelectorAll("iframe.wp-embedded-content"),r=0;r<s.length;r++)(t=(e=s[r]).getAttribute("data-secret"))||(t=Math.random().toString(36).substring(2,12),e.src+="#?secret="+t,e.setAttribute("data-secret",t)),e.contentWindow.postMessage({message:"ready",secret:t},"*")},!1)))}(window,document);
//# sourceURL=https://foto.praha-19.ys-beta.cz/wp/wp-includes/js/wp-embed.min.js
/* ]]> */
</script>

Mateřská škola v ulici Letců čp. 731 se stavěla společně s tzv. druhým sídlištěm kolem Toužimské ulice. Školka byla dána do provozu v roce 1960. Ve své době byla školka moderně zařízena. Časem musela budova projít rekonstrukcí. Byl vybudován i bezbariérový přístup. Slavnostní otevření školky pro rekonstrukci proběhlo za přítomnosti prezidenta republiky pana Václava Klause [&hellip;]
